{"id":45,"date":"2020-09-17T15:35:36","date_gmt":"2020-09-17T13:35:36","guid":{"rendered":"https:\/\/mei.ms-dev.it\/?page_id=45"},"modified":"2022-02-10T21:42:33","modified_gmt":"2022-02-10T20:42:33","slug":"documente-pentru-a-pleca","status":"publish","type":"page","link":"https:\/\/www.museoemigrazioneitaliana.org\/ro\/dallitalia-nel-mondo\/i-documenti-per-partire\/","title":{"rendered":"Documente pentru plecare"},"content":{"rendered":"<p>Procedura de expatriere presupunea solicitarea \u0219i, ulterior, ob\u021binerea unui pa\u0219aport. Pa\u0219aportul emigrantului, de la \u00eenceputul secolului al XX-lea, a fost mult timp caracterizat de o copert\u0103 ro\u0219ie. Pentru a-l ob\u021bine, era necesar s\u0103 se adreseze primarului comunei de re\u0219edin\u021b\u0103, care, la r\u00e2ndul s\u0103u, \u00eel \u00eenm\u00e2na Ministerului Afacerilor Externe, \u00eenso\u021bindu-l de o declara\u021bie de autorizare pentru expatriere. Pa\u0219aportul unui b\u0103rbat cu o familie \u00eenso\u021bitoare putea include so\u021bia \u0219i copiii s\u0103i, precum \u0219i ascenden\u021bii coabitan\u021bi. Cei \u00eenregistra\u021bi pentru recrutare aveau nevoie, de asemenea, de autoriza\u021bia autorit\u0103\u021bilor militare. Bine\u00een\u021beles, se pl\u0103tea o tax\u0103 de concesiune, de care erau scutite persoanele care c\u0103l\u0103toreau \u00een str\u0103in\u0103tate cu afaceri.<\/p>\n\t\t\t\t<a\n\t\t\thref=\"https:\/\/www.museoemigrazioneitaliana.org\/wp-content\/uploads\/2020\/09\/documenti03.jpg\"\n\t\t\t\t\t\tdata-fancybox=\"images\" \n\t\t\ttitle=\"documente03\" \n\t\t\t\t\t\tdata-description=\"\" \n\t\t\titemprop=\"contentUrl\">\n\t\t\t<img loading=\"lazy\" decoding=\"async\" src=\"https:\/\/www.museoemigrazioneitaliana.org\/wp-content\/uploads\/2020\/09\/documenti03.jpg\" alt=\"\" data-no-lazy=\"1\" itemprop=\"thumbnail\" width=\"380\" height=\"500\" \/>\n\t\t\t<!-- Overlay Wrapper -->\n\t\t\t <!-- Overlay Wrapper Closed -->\n\t\t\t\t<\/a>\n\t\t\t\t\t\t\t<meta itemprop=\"width\" content=\"380\" \/>\n\t\t\t<meta itemprop=\"height\" content=\"500\" \/>\n\t\t Pa\u0219aportul Mariei Colarusso, 1896\n\t\t\t\t<a\n\t\t\thref=\"https:\/\/www.museoemigrazioneitaliana.org\/wp-content\/uploads\/2020\/09\/documentipassaporto.jpg\"\n\t\t\t\t\t\tdata-fancybox=\"images\" \n\t\t\ttitle=\"documentpa\u0219aport\" \n\t\t\t\t\t\tdata-description=\"\" \n\t\t\titemprop=\"contentUrl\">\n\t\t\t<img loading=\"lazy\" decoding=\"async\" src=\"https:\/\/www.museoemigrazioneitaliana.org\/wp-content\/uploads\/2020\/09\/documentipassaporto.jpg\" alt=\"\" data-no-lazy=\"1\" itemprop=\"thumbnail\" width=\"400\" height=\"363\" \/>\n\t\t\t<!-- Overlay Wrapper -->\n\t\t\t <!-- Overlay Wrapper Closed -->\n\t\t\t\t<\/a>\n\t\t\t\t\t\t\t<meta itemprop=\"width\" content=\"400\" \/>\n\t\t\t<meta itemprop=\"height\" content=\"363\" \/>\n\t\tPa\u0219aport ro\u0219u pentru \u021b\u0103ri str\u0103ine\n\t\t\t\t<a\n\t\t\thref=\"https:\/\/www.museoemigrazioneitaliana.org\/wp-content\/uploads\/2020\/09\/documenti02.jpg\"\n\t\t\t\t\t\tdata-fancybox=\"images\" \n\t\t\ttitle=\"documente02\" \n\t\t\t\t\t\tdata-description=\"\" \n\t\t\titemprop=\"contentUrl\">\n\t\t\t<img loading=\"lazy\" decoding=\"async\" src=\"https:\/\/www.museoemigrazioneitaliana.org\/wp-content\/uploads\/2020\/09\/documenti02.jpg\" alt=\"\" data-no-lazy=\"1\" itemprop=\"thumbnail\" width=\"400\" height=\"279\" \/>\n\t\t\t<!-- Overlay Wrapper -->\n\t\t\t <!-- Overlay Wrapper Closed -->\n\t\t\t\t<\/a>\n\t\t\t\t\t\t\t<meta itemprop=\"width\" content=\"400\" \/>\n\t\t\t<meta itemprop=\"height\" content=\"279\" \/>\n\t\t Pa\u0219aport, anii 1920\n\t\t\t\t\t<ul id=\"menu-dallitalia-nel-mondo\"><li id=\"menu-item-221\"><a href=\"https:\/\/www.museoemigrazioneitaliana.org\/ro\/din-italia-in-lume\/\">Din Italia \u00een lume<\/a>\n<ul>\n\t<li id=\"menu-item-224\"><a href=\"https:\/\/www.museoemigrazioneitaliana.org\/ro\/din-italia-in-lume\/cauzele-plecarii\/\">Cauzele plec\u0103rii<\/a><\/li>\n\t<li id=\"menu-item-223\"><a href=\"https:\/\/www.museoemigrazioneitaliana.org\/ro\/din-italia-in-lume\/documente-pentru-a-pleca\/\">Documente pentru plecare<\/a><\/li>\n\t<li id=\"menu-item-222\"><a href=\"https:\/\/www.museoemigrazioneitaliana.org\/ro\/din-italia-in-lume\/agenti-de-demigrare\/\">Agen\u021bi de emigrare<\/a><\/li>\n\t<li id=\"menu-item-225\"><a href=\"https:\/\/www.museoemigrazioneitaliana.org\/ro\/din-italia-in-lume\/ghiduri-pentru-emigranti\/\">Ghiduri pentru emigran\u021bi<\/a><\/li>\n\t<li id=\"menu-item-226\"><a href=\"https:\/\/www.museoemigrazioneitaliana.org\/ro\/din-italia-in-lume\/pentru-lemigrant\/\">Pentru emigrant<\/a><\/li>\n<\/ul>\n<\/li>\n<\/ul>","protected":false},"excerpt":{"rendered":"<p>La procedura per l&#8217;espatrio prevedeva la richiesta e la successiva concessione del passaporto. Quello per l&#8217;emigrante, dall&#8217;inizio del Novecento, fu per un lungo periodo caratterizzato da una copertina di colore rosso. Per ottenerlo era necessario farne richiesta al sindaco del comune di residenza che, a sua volta, la girava al Ministero degli affari esteri, accompagnandola [&hellip;]<\/p>\n","protected":false},"author":1,"featured_media":0,"parent":40,"menu_order":0,"comment_status":"closed","ping_status":"open","template":"","meta":{"_acf_changed":false,"site-sidebar-layout":"default","site-content-layout":"default","ast-site-content-layout":"default","site-content-style":"default","site-sidebar-style":"default","ast-global-header-display":"","ast-banner-title-visibility":"","ast-main-header-display":"","ast-hfb-above-header-display":"","ast-hfb-below-header-display":"","ast-hfb-mobile-header-display":"","site-post-title":"","ast-breadcrumbs-content":"","ast-featured-img":"","footer-sml-layout":"","ast-disable-related-posts":"","theme-transparent-header-meta":"default","adv-header-id-meta":"","stick-header-meta":"","header-above-stick-meta":"","header-main-stick-meta":"","header-below-stick-meta":"","astra-migrate-meta-layouts":"default","ast-page-background-enabled":"default","ast-page-background-meta":{"desktop":{"background-color":"","background-image":"","background-repeat":"repeat","background-position":"center center","background-size":"auto","background-attachment":"scroll","background-type":"","background-media":"","overlay-type":"","overlay-color":"","overlay-opacity":"","overlay-gradient":""},"tablet":{"background-color":"","background-image":"","background-repeat":"repeat","background-position":"center center","background-size":"auto","background-attachment":"scroll","background-type":"","background-media":"","overlay-type":"","overlay-color":"","overlay-opacity":"","overlay-gradient":""},"mobile":{"background-color":"","background-image":"","background-repeat":"repeat","background-position":"center center","background-size":"auto","background-attachment":"scroll","background-type":"","background-media":"","overlay-type":"","overlay-color":"","overlay-opacity":"","overlay-gradient":""}},"ast-content-background-meta":{"desktop":{"background-color":"var(--ast-global-color-5)","background-image":"","background-repeat":"repeat","background-position":"center center","background-size":"auto","background-attachment":"scroll","background-type":"","background-media":"","overlay-type":"","overlay-color":"","overlay-opacity":"","overlay-gradient":""},"tablet":{"background-color":"var(--ast-global-color-5)","background-image":"","background-repeat":"repeat","background-position":"center center","background-size":"auto","background-attachment":"scroll","background-type":"","background-media":"","overlay-type":"","overlay-color":"","overlay-opacity":"","overlay-gradient":""},"mobile":{"background-color":"var(--ast-global-color-5)","background-image":"","background-repeat":"repeat","background-position":"center center","background-size":"auto","background-attachment":"scroll","background-type":"","background-media":"","overlay-type":"","overlay-color":"","overlay-opacity":"","overlay-gradient":""}},"footnotes":""},"class_list":["post-45","page","type-page","status-publish","hentry"],"acf":[],"_links":{"self":[{"href":"https:\/\/www.museoemigrazioneitaliana.org\/ro\/wp-json\/wp\/v2\/pages\/45","targetHints":{"allow":["GET"]}}],"collection":[{"href":"https:\/\/www.museoemigrazioneitaliana.org\/ro\/wp-json\/wp\/v2\/pages"}],"about":[{"href":"https:\/\/www.museoemigrazioneitaliana.org\/ro\/wp-json\/wp\/v2\/types\/page"}],"author":[{"embeddable":true,"href":"https:\/\/www.museoemigrazioneitaliana.org\/ro\/wp-json\/wp\/v2\/users\/1"}],"replies":[{"embeddable":true,"href":"https:\/\/www.museoemigrazioneitaliana.org\/ro\/wp-json\/wp\/v2\/comments?post=45"}],"version-history":[{"count":2,"href":"https:\/\/www.museoemigrazioneitaliana.org\/ro\/wp-json\/wp\/v2\/pages\/45\/revisions"}],"predecessor-version":[{"id":2517,"href":"https:\/\/www.museoemigrazioneitaliana.org\/ro\/wp-json\/wp\/v2\/pages\/45\/revisions\/2517"}],"up":[{"embeddable":true,"href":"https:\/\/www.museoemigrazioneitaliana.org\/ro\/wp-json\/wp\/v2\/pages\/40"}],"wp:attachment":[{"href":"https:\/\/www.museoemigrazioneitaliana.org\/ro\/wp-json\/wp\/v2\/media?parent=45"}],"curies":[{"name":"wp","href":"https:\/\/api.w.org\/{rel}","templated":true}]}}

<p>Procedura de expatriere presupunea solicitarea și, ulterior, obținerea unui pașaport. Pașaportul emigrantului, de la începutul secolului al XX-lea, a fost mult timp caracterizat de o copertă roșie. Pentru a-l obține, era necesar să se adreseze primarului comunei de reședință, care, la rândul său, îl înmâna Ministerului Afacerilor Externe, însoțindu-l de o declarație de autorizare pentru expatriere. Pașaportul unui bărbat cu o familie însoțitoare putea include soția și copiii săi, precum și ascendenții coabitanți. Cei înregistrați pentru recrutare aveau nevoie, de asemenea, de autorizația autorităților militare. Bineînțeles, se plătea o taxă de concesiune, de care erau scutite persoanele care călătoreau în străinătate cu afaceri.</p>
				<a
			href="https://www.museoemigrazioneitaliana.org/wp-content/uploads/2020/09/documenti03.jpg"
						data-fancybox="images" 
			title="documente03" 
						data-description="" 
			itemprop="contentUrl">
			<img loading="lazy" decoding="async" src="https://www.museoemigrazioneitaliana.org/wp-content/uploads/2020/09/documenti03.jpg" alt="" data-no-lazy="1" itemprop="thumbnail" width="380" height="500" />
			<!-- Overlay Wrapper -->
			 <!-- Overlay Wrapper Closed -->
				</a>
							<meta itemprop="width" content="380" />
			<meta itemprop="height" content="500" />
		 Pașaportul Mariei Colarusso, 1896
				<a
			href="https://www.museoemigrazioneitaliana.org/wp-content/uploads/2020/09/documentipassaporto.jpg"
						data-fancybox="images" 
			title="documentpașaport" 
						data-description="" 
			itemprop="contentUrl">
			<img loading="lazy" decoding="async" src="https://www.museoemigrazioneitaliana.org/wp-content/uploads/2020/09/documentipassaporto.jpg" alt="" data-no-lazy="1" itemprop="thumbnail" width="400" height="363" />
			<!-- Overlay Wrapper -->
			 <!-- Overlay Wrapper Closed -->
				</a>
							<meta itemprop="width" content="400" />
			<meta itemprop="height" content="363" />
		Pașaport roșu pentru țări străine
				<a
			href="https://www.museoemigrazioneitaliana.org/wp-content/uploads/2020/09/documenti02.jpg"
						data-fancybox="images" 
			title="documente02" 
						data-description="" 
			itemprop="contentUrl">
			<img loading="lazy" decoding="async" src="https://www.museoemigrazioneitaliana.org/wp-content/uploads/2020/09/documenti02.jpg" alt="" data-no-lazy="1" itemprop="thumbnail" width="400" height="279" />
			<!-- Overlay Wrapper -->
			 <!-- Overlay Wrapper Closed -->
				</a>
							<meta itemprop="width" content="400" />
			<meta itemprop="height" content="279" />
		 Pașaport, anii 1920
					<ul id="menu-dallitalia-nel-mondo"><li id="menu-item-221"><a href="https://www.museoemigrazioneitaliana.org/ro/din-italia-in-lume/">Din Italia în lume</a>
<ul>
	<li id="menu-item-224"><a href="https://www.museoemigrazioneitaliana.org/ro/din-italia-in-lume/cauzele-plecarii/">Cauzele plecării</a></li>
	<li id="menu-item-223"><a href="https://www.museoemigrazioneitaliana.org/ro/din-italia-in-lume/documente-pentru-a-pleca/">Documente pentru plecare</a></li>
	<li id="menu-item-222"><a href="https://www.museoemigrazioneitaliana.org/ro/din-italia-in-lume/agenti-de-demigrare/">Agenți de emigrare</a></li>
	<li id="menu-item-225"><a href="https://www.museoemigrazioneitaliana.org/ro/din-italia-in-lume/ghiduri-pentru-emigranti/">Ghiduri pentru emigranți</a></li>
	<li id="menu-item-226"><a href="https://www.museoemigrazioneitaliana.org/ro/din-italia-in-lume/pentru-lemigrant/">Pentru emigrant</a></li>
</ul>
</li>
</ul>
