{"id":129,"date":"2020-09-17T15:53:49","date_gmt":"2020-09-17T13:53:49","guid":{"rendered":"https:\/\/mei.ms-dev.it\/?page_id=129"},"modified":"2022-01-26T10:15:34","modified_gmt":"2022-01-26T09:15:34","slug":"perspective","status":"publish","type":"page","link":"https:\/\/www.museoemigrazioneitaliana.org\/ro\/approfondimenti\/","title":{"rendered":"Insights"},"content":{"rendered":"<p>Aceast\u0103 sec\u021biune prezint\u0103 articole \u0219i studii care abordeaz\u0103 diferite subiecte<\/p>\n\t\t\t\t\t<ul id=\"menu-approfondimenti\"><li id=\"menu-item-501\"><a href=\"https:\/\/www.museoemigrazioneitaliana.org\/ro\/perspective\/\">Insights<\/a>\n<ul>\n\t<li id=\"menu-item-499\"><a href=\"https:\/\/www.museoemigrazioneitaliana.org\/ro\/perspective\/primele-calatorii-transoceanice\/\">Primele c\u0103l\u0103torii transoceanice<\/a><\/li>\n\t<li id=\"menu-item-498\"><a href=\"https:\/\/www.museoemigrazioneitaliana.org\/ro\/perspective\/merica-si-miss-liberty\/\">Merica\" este Miss Liberty<\/a><\/li>\n\t<li id=\"menu-item-497\"><a href=\"https:\/\/www.museoemigrazioneitaliana.org\/ro\/perspective\/tontitown\/\">Tontitown<\/a><\/li>\n\t<li id=\"menu-item-496\"><a href=\"https:\/\/www.museoemigrazioneitaliana.org\/ro\/perspective\/garantii-si-autonomie\/\">Protec\u021bie \u0219i autonomie<\/a><\/li>\n\t<li id=\"menu-item-495\"><a href=\"https:\/\/www.museoemigrazioneitaliana.org\/ro\/perspective\/calatorind-cu-litere\/\">C\u0103l\u0103torind cu scrisori<\/a><\/li>\n\t<li id=\"menu-item-494\"><a href=\"https:\/\/www.museoemigrazioneitaliana.org\/ro\/perspective\/lemigratia-intre-arta-si-literatura-la-theceano-de-edmondo-de-amicis-ilustrat-de-arnaldo-ferraguti\/\">Emigra\u021bia \u00eentre art\u0103 \u0219i literatur\u0103. Pe ocean de Edmondo De Amicis, ilustrat\u0103 de Arnaldo Ferraguti<\/a><\/li>\n\t<li id=\"menu-item-493\"><a href=\"https:\/\/www.museoemigrazioneitaliana.org\/ro\/perspective\/villa-regina-o-colonie-italiana-in-patagonia\/\">Vila Regina. O colonie italian\u0103 \u00een Patagonia<\/a><\/li>\n\t<li id=\"menu-item-492\"><a href=\"https:\/\/www.museoemigrazioneitaliana.org\/ro\/perspective\/structura-sfasiata\/\">Structura rupt\u0103<\/a><\/li>\n<\/ul>\n<\/li>\n<\/ul>","protected":false},"excerpt":{"rendered":"<p>Aceast\u0103 sec\u021biune prezint\u0103 articole \u0219i studii care abordeaz\u0103 diferite teme Aprofundarea Primele c\u0103l\u0103torii transoceanice \"Merica\" este Miss Liberty Tontitown Tutele e autonomia C\u0103l\u0103torind cu scrisori Emigrarea \u00eentre art\u0103 \u0219i literatur\u0103. Pe ocean de Edmondo De Amicis ilustrat\u0103 de Arnaldo Ferraguti Villa Regina. O colonie italian\u0103 \u00een Patagonia Structura sf\u00e2\u0219iat\u0103<\/p>","protected":false},"author":1,"featured_media":0,"parent":0,"menu_order":0,"comment_status":"closed","ping_status":"open","template":"","meta":{"_acf_changed":false,"site-sidebar-layout":"default","site-content-layout":"default","ast-site-content-layout":"default","site-content-style":"default","site-sidebar-style":"default","ast-global-header-display":"","ast-banner-title-visibility":"","ast-main-header-display":"","ast-hfb-above-header-display":"","ast-hfb-below-header-display":"","ast-hfb-mobile-header-display":"","site-post-title":"","ast-breadcrumbs-content":"","ast-featured-img":"","footer-sml-layout":"","ast-disable-related-posts":"","theme-transparent-header-meta":"default","adv-header-id-meta":"","stick-header-meta":"","header-above-stick-meta":"","header-main-stick-meta":"","header-below-stick-meta":"","astra-migrate-meta-layouts":"default","ast-page-background-enabled":"default","ast-page-background-meta":{"desktop":{"background-color":"","background-image":"","background-repeat":"repeat","background-position":"center center","background-size":"auto","background-attachment":"scroll","background-type":"","background-media":"","overlay-type":"","overlay-color":"","overlay-opacity":"","overlay-gradient":""},"tablet":{"background-color":"","background-image":"","background-repeat":"repeat","background-position":"center center","background-size":"auto","background-attachment":"scroll","background-type":"","background-media":"","overlay-type":"","overlay-color":"","overlay-opacity":"","overlay-gradient":""},"mobile":{"background-color":"","background-image":"","background-repeat":"repeat","background-position":"center center","background-size":"auto","background-attachment":"scroll","background-type":"","background-media":"","overlay-type":"","overlay-color":"","overlay-opacity":"","overlay-gradient":""}},"ast-content-background-meta":{"desktop":{"background-color":"var(--ast-global-color-5)","background-image":"","background-repeat":"repeat","background-position":"center center","background-size":"auto","background-attachment":"scroll","background-type":"","background-media":"","overlay-type":"","overlay-color":"","overlay-opacity":"","overlay-gradient":""},"tablet":{"background-color":"var(--ast-global-color-5)","background-image":"","background-repeat":"repeat","background-position":"center center","background-size":"auto","background-attachment":"scroll","background-type":"","background-media":"","overlay-type":"","overlay-color":"","overlay-opacity":"","overlay-gradient":""},"mobile":{"background-color":"var(--ast-global-color-5)","background-image":"","background-repeat":"repeat","background-position":"center center","background-size":"auto","background-attachment":"scroll","background-type":"","background-media":"","overlay-type":"","overlay-color":"","overlay-opacity":"","overlay-gradient":""}},"footnotes":""},"class_list":["post-129","page","type-page","status-publish","hentry"],"acf":[],"_links":{"self":[{"href":"https:\/\/www.museoemigrazioneitaliana.org\/ro\/wp-json\/wp\/v2\/pages\/129","targetHints":{"allow":["GET"]}}],"collection":[{"href":"https:\/\/www.museoemigrazioneitaliana.org\/ro\/wp-json\/wp\/v2\/pages"}],"about":[{"href":"https:\/\/www.museoemigrazioneitaliana.org\/ro\/wp-json\/wp\/v2\/types\/page"}],"author":[{"embeddable":true,"href":"https:\/\/www.museoemigrazioneitaliana.org\/ro\/wp-json\/wp\/v2\/users\/1"}],"replies":[{"embeddable":true,"href":"https:\/\/www.museoemigrazioneitaliana.org\/ro\/wp-json\/wp\/v2\/comments?post=129"}],"version-history":[{"count":2,"href":"https:\/\/www.museoemigrazioneitaliana.org\/ro\/wp-json\/wp\/v2\/pages\/129\/revisions"}],"predecessor-version":[{"id":1496,"href":"https:\/\/www.museoemigrazioneitaliana.org\/ro\/wp-json\/wp\/v2\/pages\/129\/revisions\/1496"}],"wp:attachment":[{"href":"https:\/\/www.museoemigrazioneitaliana.org\/ro\/wp-json\/wp\/v2\/media?parent=129"}],"curies":[{"name":"wp","href":"https:\/\/api.w.org\/{rel}","templated":true}]}}

<p>Această secțiune prezintă articole și studii care abordează diferite subiecte</p>
					<ul id="menu-approfondimenti"><li id="menu-item-501"><a href="https://www.museoemigrazioneitaliana.org/ro/perspective/">Insights</a>
<ul>
	<li id="menu-item-499"><a href="https://www.museoemigrazioneitaliana.org/ro/perspective/primele-calatorii-transoceanice/">Primele călătorii transoceanice</a></li>
	<li id="menu-item-498"><a href="https://www.museoemigrazioneitaliana.org/ro/perspective/merica-si-miss-liberty/">Merica" este Miss Liberty</a></li>
	<li id="menu-item-497"><a href="https://www.museoemigrazioneitaliana.org/ro/perspective/tontitown/">Tontitown</a></li>
	<li id="menu-item-496"><a href="https://www.museoemigrazioneitaliana.org/ro/perspective/garantii-si-autonomie/">Protecție și autonomie</a></li>
	<li id="menu-item-495"><a href="https://www.museoemigrazioneitaliana.org/ro/perspective/calatorind-cu-litere/">Călătorind cu scrisori</a></li>
	<li id="menu-item-494"><a href="https://www.museoemigrazioneitaliana.org/ro/perspective/lemigratia-intre-arta-si-literatura-la-theceano-de-edmondo-de-amicis-ilustrat-de-arnaldo-ferraguti/">Emigrația între artă și literatură. Pe ocean de Edmondo De Amicis, ilustrată de Arnaldo Ferraguti</a></li>
	<li id="menu-item-493"><a href="https://www.museoemigrazioneitaliana.org/ro/perspective/villa-regina-o-colonie-italiana-in-patagonia/">Vila Regina. O colonie italiană în Patagonia</a></li>
	<li id="menu-item-492"><a href="https://www.museoemigrazioneitaliana.org/ro/perspective/structura-sfasiata/">Structura ruptă</a></li>
</ul>
</li>
</ul>

<p>Această secțiune prezintă articole și studii care abordează diferite teme Aprofundarea Primele călătorii transoceanice "Merica" este Miss Liberty Tontitown Tutele e autonomia Călătorind cu scrisori Emigrarea între artă și literatură. Pe ocean de Edmondo De Amicis ilustrată de Arnaldo Ferraguti Villa Regina. O colonie italiană în Patagonia Structura sfâșiată</p>
