{"id":85,"date":"2020-09-17T15:42:50","date_gmt":"2020-09-17T13:42:50","guid":{"rendered":"https:\/\/mei.ms-dev.it\/?page_id=85"},"modified":"2022-03-10T12:03:42","modified_gmt":"2022-03-10T11:03:42","slug":"mulheres-frageis","status":"publish","type":"page","link":"https:\/\/www.museoemigrazioneitaliana.org\/pt\/il-lavoro\/le-fragili-donne\/","title":{"rendered":"Mulheres \"fr\u00e1geis"},"content":{"rendered":"<p>Desde o final do s\u00e9culo XIX, a emigra\u00e7\u00e3o italiana tem sido amplamente estudada, mas os v\u00e1rios estudos e numerosos ensaios sobre este fen\u00f3meno centram-se na emigra\u00e7\u00e3o masculina e - obviamente - l\u00eaem a emigra\u00e7\u00e3o feminina de acordo com os par\u00e2metros ideol\u00f3gicos da \u00e9poca.<\/p>\n<p>As primeiras a sofrer as consequ\u00eancias da emigra\u00e7\u00e3o masculina foram as mulheres que ficaram em casa: cuidavam das crian\u00e7as e dos idosos, eram donas de casa, trabalhavam no campo, fiavam e teciam e, finalmente, no lugar dos homens ausentes, assumiam a responsabilidade dos interesses econ\u00f3micos. Assim, assistiu-se a uma verdadeira feminiza\u00e7\u00e3o de muitas cidades das regi\u00f5es italianas mais afectadas pelo fen\u00f3meno migrat\u00f3rio, uma vez que, muitas vezes, eram grupos familiares inteiros de homens que emigravam, todos juntos ou de forma escalonada num curto per\u00edodo de tempo.<\/p>\n<p>A assun\u00e7\u00e3o das tarefas masculinas pelas mulheres est\u00e1 bem patente nos actos notariais que, num aumento constante desde o final do s\u00e9culo XIX, mencionam os nomes das mulheres como partes contratantes em contratos de todos os tipos e, em particular, nos contratos de compra e venda.<\/p>\n<p>Depois, pouco a pouco, as mulheres conquistaram espa\u00e7o no mundo do trabalho. O primeiro sector industrial em que as mulheres emigrantes encontraram um lugar foi a ind\u00fastria t\u00eaxtil, a come\u00e7ar pelas f\u00e1bricas francesas de Lyon. Em vez disso, a partir do seu trabalho como donas de casa, o pensionato, ou seja, a manuten\u00e7\u00e3o de compatriotas em pens\u00f5es, surgiu e multiplicou-se, especialmente na Am\u00e9rica do Norte. Trata-se de um trabalho considerado tipicamente feminino, juntamente com o da confe\u00e7\u00e3o de embalagens diversas em casa, porque permite que as mulheres continuem a ser \"anjos do lar\", ao mesmo tempo que ganham e contribuem para o bom funcionamento do m\u00e9nage familiar.<\/p>\n<p>No Brasil, para as fazendas, maioritariamente produtoras de caf\u00e9, as mulheres mantiveram o papel tradicional de esposa, m\u00e3e e trabalhadora \"dependente\". De facto, os propriet\u00e1rios tendiam a importar unidades familiares inteiras e numerosas, cujos membros, embora todos empregados no trabalho dos campos, eram exclusivamente geridos nesta rela\u00e7\u00e3o atrav\u00e9s da media\u00e7\u00e3o tradicional do chefe de fam\u00edlia.<\/p>\n<p><strong>Amas<\/strong><\/p>\n<p>Tamb\u00e9m as mulheres iam sozinhas na emigra\u00e7\u00e3o, tornando-se amas-de-leite e empregadas dom\u00e9sticas. O baliatico era t\u00edpico da Toscana, do L\u00e1cio, do Piemonte, do Veneto e do Friuli, regi\u00f5es caracterizadas por uma emigra\u00e7\u00e3o masculina sazonal, e juntamente com a dos homens, tradicionalmente os primeiros a partir, estabeleceu-se uma corrente migrat\u00f3ria de mulheres sozinhas que se dedicavam ao baliatico. No mundo rural italiano, as mulheres tinham o leite como \"riqueza\" para vender: amamentavam os filhos dos senhores e dos not\u00e1veis locais, ou trabalhavam em institui\u00e7\u00f5es de caridade, especialmente em jardins de inf\u00e2ncia para crian\u00e7as abandonadas, os \"expostos\", e finalmente iam para o estrangeiro com a perspetiva de um bom sal\u00e1rio.<\/p>\n<p>Uma ama de leite, em geral, ganhava muito mais do que um oper\u00e1rio e beneficiava de vantagens consider\u00e1veis: um guarda-roupa bem recheado, com pretens\u00f5es de eleg\u00e2ncia; numerosas roupas de casa e de uso pessoal; adornos, definidos precisamente como \"j\u00f3ias de ama de leite\", que inclu\u00edam colares, broches e brincos, muitas vezes de coral vermelho; e a certeza de que, durante muitos meses, n\u00e3o passaria fome, viveria em casas bonitas e confort\u00e1veis, cuidadas e respeitadas pela fam\u00edlia de acolhimento. Era, sem d\u00favida, muito, mesmo que o pre\u00e7o a pagar fosse confiar o filho a \"m\u00e3os mercen\u00e1rias\", como diziam hipocritamente os benfeitores, m\u00e3os que, em muitos casos, eram as de outras mulheres da fam\u00edlia.<\/p>\n\t\t\t\t\t<ul id=\"menu-il-lavoro\"><li id=\"menu-item-410\"><a href=\"https:\/\/www.museoemigrazioneitaliana.org\/pt\/trabalho\/\">O trabalho<\/a>\n<ul>\n\t<li id=\"menu-item-416\"><a href=\"https:\/\/www.museoemigrazioneitaliana.org\/pt\/trabalho\/nos-vendedores-ambulantes-e-nas-criancas\/\">Na rua, vendedores ambulantes e crian\u00e7as<\/a><\/li>\n\t<li id=\"menu-item-411\"><a href=\"https:\/\/www.museoemigrazioneitaliana.org\/pt\/trabalho\/bracos-fortes-e-trabalho-pesado\/\">Bra\u00e7os fortes e trabalho pesado<\/a><\/li>\n\t<li id=\"menu-item-415\"><a href=\"https:\/\/www.museoemigrazioneitaliana.org\/pt\/trabalho\/grandes-obras-e-fortunas-conspicuas\/\">Grandes obras e fortunas not\u00e1veis<\/a><\/li>\n\t<li id=\"menu-item-413\"><a href=\"https:\/\/www.museoemigrazioneitaliana.org\/pt\/trabalho\/mulheres-frageis\/\">Mulheres \"fr\u00e1geis<\/a><\/li>\n\t<li id=\"menu-item-414\"><a href=\"https:\/\/www.museoemigrazioneitaliana.org\/pt\/trabalho\/lojas-e-lojas\/\">Lojas e estabelecimentos comerciais<\/a><\/li>\n\t<li id=\"menu-item-412\"><a href=\"https:\/\/www.museoemigrazioneitaliana.org\/pt\/trabalho\/de-escultores-a-mestres\/\">De escultores a mestres<\/a><\/li>\n<\/ul>\n<\/li>\n<\/ul>","protected":false},"excerpt":{"rendered":"<p>Sin dalla fine dell&#8217;Ottocento l&#8217;emigrazione italiana \u00e8 stata ampiamente studiata ma le varie inchieste e i numerosi saggi su tale fenomeno riservano la massima attenzione all&#8217;emigrazione maschile e &#8211; ovviamente &#8211; leggono quella femminile in base ai parametri ideologici del tempo. A subire le conseguenze dell&#8217;emigrazione maschile furono per prime le donne che rimasero a [&hellip;]<\/p>\n","protected":false},"author":1,"featured_media":0,"parent":77,"menu_order":0,"comment_status":"closed","ping_status":"open","template":"","meta":{"_acf_changed":false,"site-sidebar-layout":"default","site-content-layout":"default","ast-site-content-layout":"default","site-content-style":"default","site-sidebar-style":"default","ast-global-header-display":"","ast-banner-title-visibility":"","ast-main-header-display":"","ast-hfb-above-header-display":"","ast-hfb-below-header-display":"","ast-hfb-mobile-header-display":"","site-post-title":"","ast-breadcrumbs-content":"","ast-featured-img":"","footer-sml-layout":"","ast-disable-related-posts":"","theme-transparent-header-meta":"default","adv-header-id-meta":"","stick-header-meta":"","header-above-stick-meta":"","header-main-stick-meta":"","header-below-stick-meta":"","astra-migrate-meta-layouts":"default","ast-page-background-enabled":"default","ast-page-background-meta":{"desktop":{"background-color":"","background-image":"","background-repeat":"repeat","background-position":"center center","background-size":"auto","background-attachment":"scroll","background-type":"","background-media":"","overlay-type":"","overlay-color":"","overlay-opacity":"","overlay-gradient":""},"tablet":{"background-color":"","background-image":"","background-repeat":"repeat","background-position":"center center","background-size":"auto","background-attachment":"scroll","background-type":"","background-media":"","overlay-type":"","overlay-color":"","overlay-opacity":"","overlay-gradient":""},"mobile":{"background-color":"","background-image":"","background-repeat":"repeat","background-position":"center center","background-size":"auto","background-attachment":"scroll","background-type":"","background-media":"","overlay-type":"","overlay-color":"","overlay-opacity":"","overlay-gradient":""}},"ast-content-background-meta":{"desktop":{"background-color":"var(--ast-global-color-5)","background-image":"","background-repeat":"repeat","background-position":"center center","background-size":"auto","background-attachment":"scroll","background-type":"","background-media":"","overlay-type":"","overlay-color":"","overlay-opacity":"","overlay-gradient":""},"tablet":{"background-color":"var(--ast-global-color-5)","background-image":"","background-repeat":"repeat","background-position":"center center","background-size":"auto","background-attachment":"scroll","background-type":"","background-media":"","overlay-type":"","overlay-color":"","overlay-opacity":"","overlay-gradient":""},"mobile":{"background-color":"var(--ast-global-color-5)","background-image":"","background-repeat":"repeat","background-position":"center center","background-size":"auto","background-attachment":"scroll","background-type":"","background-media":"","overlay-type":"","overlay-color":"","overlay-opacity":"","overlay-gradient":""}},"footnotes":""},"class_list":["post-85","page","type-page","status-publish","hentry"],"acf":[],"_links":{"self":[{"href":"https:\/\/www.museoemigrazioneitaliana.org\/pt\/wp-json\/wp\/v2\/pages\/85","targetHints":{"allow":["GET"]}}],"collection":[{"href":"https:\/\/www.museoemigrazioneitaliana.org\/pt\/wp-json\/wp\/v2\/pages"}],"about":[{"href":"https:\/\/www.museoemigrazioneitaliana.org\/pt\/wp-json\/wp\/v2\/types\/page"}],"author":[{"embeddable":true,"href":"https:\/\/www.museoemigrazioneitaliana.org\/pt\/wp-json\/wp\/v2\/users\/1"}],"replies":[{"embeddable":true,"href":"https:\/\/www.museoemigrazioneitaliana.org\/pt\/wp-json\/wp\/v2\/comments?post=85"}],"version-history":[{"count":2,"href":"https:\/\/www.museoemigrazioneitaliana.org\/pt\/wp-json\/wp\/v2\/pages\/85\/revisions"}],"predecessor-version":[{"id":3195,"href":"https:\/\/www.museoemigrazioneitaliana.org\/pt\/wp-json\/wp\/v2\/pages\/85\/revisions\/3195"}],"up":[{"embeddable":true,"href":"https:\/\/www.museoemigrazioneitaliana.org\/pt\/wp-json\/wp\/v2\/pages\/77"}],"wp:attachment":[{"href":"https:\/\/www.museoemigrazioneitaliana.org\/pt\/wp-json\/wp\/v2\/media?parent=85"}],"curies":[{"name":"wp","href":"https:\/\/api.w.org\/{rel}","templated":true}]}}

Mulheres "frágeis

<p>Desde o final do século XIX, a emigração italiana tem sido amplamente estudada, mas os vários estudos e numerosos ensaios sobre este fenómeno centram-se na emigração masculina e - obviamente - lêem a emigração feminina de acordo com os parâmetros ideológicos da época.</p>
<p>As primeiras a sofrer as consequências da emigração masculina foram as mulheres que ficaram em casa: cuidavam das crianças e dos idosos, eram donas de casa, trabalhavam no campo, fiavam e teciam e, finalmente, no lugar dos homens ausentes, assumiam a responsabilidade dos interesses económicos. Assim, assistiu-se a uma verdadeira feminização de muitas cidades das regiões italianas mais afectadas pelo fenómeno migratório, uma vez que, muitas vezes, eram grupos familiares inteiros de homens que emigravam, todos juntos ou de forma escalonada num curto período de tempo.</p>
<p>A assunção das tarefas masculinas pelas mulheres está bem patente nos actos notariais que, num aumento constante desde o final do século XIX, mencionam os nomes das mulheres como partes contratantes em contratos de todos os tipos e, em particular, nos contratos de compra e venda.</p>
<p>Depois, pouco a pouco, as mulheres conquistaram espaço no mundo do trabalho. O primeiro sector industrial em que as mulheres emigrantes encontraram um lugar foi a indústria têxtil, a começar pelas fábricas francesas de Lyon. Em vez disso, a partir do seu trabalho como donas de casa, o pensionato, ou seja, a manutenção de compatriotas em pensões, surgiu e multiplicou-se, especialmente na América do Norte. Trata-se de um trabalho considerado tipicamente feminino, juntamente com o da confeção de embalagens diversas em casa, porque permite que as mulheres continuem a ser "anjos do lar", ao mesmo tempo que ganham e contribuem para o bom funcionamento do ménage familiar.</p>
<p>No Brasil, para as fazendas, maioritariamente produtoras de café, as mulheres mantiveram o papel tradicional de esposa, mãe e trabalhadora "dependente". De facto, os proprietários tendiam a importar unidades familiares inteiras e numerosas, cujos membros, embora todos empregados no trabalho dos campos, eram exclusivamente geridos nesta relação através da mediação tradicional do chefe de família.</p>
<p><strong>Amas</strong></p>
<p>Também as mulheres iam sozinhas na emigração, tornando-se amas-de-leite e empregadas domésticas. O baliatico era típico da Toscana, do Lácio, do Piemonte, do Veneto e do Friuli, regiões caracterizadas por uma emigração masculina sazonal, e juntamente com a dos homens, tradicionalmente os primeiros a partir, estabeleceu-se uma corrente migratória de mulheres sozinhas que se dedicavam ao baliatico. No mundo rural italiano, as mulheres tinham o leite como "riqueza" para vender: amamentavam os filhos dos senhores e dos notáveis locais, ou trabalhavam em instituições de caridade, especialmente em jardins de infância para crianças abandonadas, os "expostos", e finalmente iam para o estrangeiro com a perspetiva de um bom salário.</p>
<p>Uma ama de leite, em geral, ganhava muito mais do que um operário e beneficiava de vantagens consideráveis: um guarda-roupa bem recheado, com pretensões de elegância; numerosas roupas de casa e de uso pessoal; adornos, definidos precisamente como "jóias de ama de leite", que incluíam colares, broches e brincos, muitas vezes de coral vermelho; e a certeza de que, durante muitos meses, não passaria fome, viveria em casas bonitas e confortáveis, cuidadas e respeitadas pela família de acolhimento. Era, sem dúvida, muito, mesmo que o preço a pagar fosse confiar o filho a "mãos mercenárias", como diziam hipocritamente os benfeitores, mãos que, em muitos casos, eram as de outras mulheres da família.</p>
					<ul id="menu-il-lavoro"><li id="menu-item-410"><a href="https://www.museoemigrazioneitaliana.org/pt/trabalho/">O trabalho</a>
<ul>
	<li id="menu-item-416"><a href="https://www.museoemigrazioneitaliana.org/pt/trabalho/nos-vendedores-ambulantes-e-nas-criancas/">Na rua, vendedores ambulantes e crianças</a></li>
	<li id="menu-item-411"><a href="https://www.museoemigrazioneitaliana.org/pt/trabalho/bracos-fortes-e-trabalho-pesado/">Braços fortes e trabalho pesado</a></li>
	<li id="menu-item-415"><a href="https://www.museoemigrazioneitaliana.org/pt/trabalho/grandes-obras-e-fortunas-conspicuas/">Grandes obras e fortunas notáveis</a></li>
	<li id="menu-item-413"><a href="https://www.museoemigrazioneitaliana.org/pt/trabalho/mulheres-frageis/">Mulheres "frágeis</a></li>
	<li id="menu-item-414"><a href="https://www.museoemigrazioneitaliana.org/pt/trabalho/lojas-e-lojas/">Lojas e estabelecimentos comerciais</a></li>
	<li id="menu-item-412"><a href="https://www.museoemigrazioneitaliana.org/pt/trabalho/de-escultores-a-mestres/">De escultores a mestres</a></li>
</ul>
</li>
</ul>

<p>Sin dalla fine dell&#8217;Ottocento l&#8217;emigrazione italiana è stata ampiamente studiata ma le varie inchieste e i numerosi saggi su tale fenomeno riservano la massima attenzione all&#8217;emigrazione maschile e &#8211; ovviamente &#8211; leggono quella femminile in base ai parametri ideologici del tempo. A subire le conseguenze dell&#8217;emigrazione maschile furono per prime le donne che rimasero a [&hellip;]</p>
