{"id":53,"date":"2020-09-17T15:36:53","date_gmt":"2020-09-17T13:36:53","guid":{"rendered":"https:\/\/mei.ms-dev.it\/?page_id=53"},"modified":"2023-06-09T21:43:36","modified_gmt":"2023-06-09T19:43:36","slug":"a-viagem","status":"publish","type":"page","link":"https:\/\/www.museoemigrazioneitaliana.org\/pt\/il-viaggio\/","title":{"rendered":"A viagem"},"content":{"rendered":"A viagem - ou seja, o tempo necess\u00e1rio para chegar ao pa\u00eds de destino - \u00e9 o elemento simb\u00f3lico de todo o processo migrat\u00f3rio, do desprendimento de um \"antes\" - conhecido e amado, embora insatisfat\u00f3rio - para chegar a um \"depois\" - certamente atrativo, mas quase completamente desconhecido. \u00c9 um momento t\u00e3o dif\u00edcil de viver como os momentos de viragem na vida de cada um.<br>\nPartimos a p\u00e9, de comboio, em vapores lentos ou em r\u00e1pidos transatl\u00e2nticos e, finalmente, de avi\u00e3o.<br>\n\u00c9 principalmente a partir de alguns portos italianos. \u00c9 G\u00e9nova que, desde a \u00e9poca pr\u00e9-unifica\u00e7\u00e3o, gere a maior parte do tr\u00e1fego migrat\u00f3rio. Mais tarde, com a suliza\u00e7\u00e3o do fluxo e a escolha preferencial da Am\u00e9rica do Norte, foi N\u00e1poles que teve a primazia das partidas. A grande dist\u00e2ncia seguia-se Palermo e, ap\u00f3s o fim da Primeira Guerra Mundial, Trieste. As partidas de pa\u00edses estrangeiros viram o porto franc\u00eas do Havre ocupar o primeiro lugar.\n\t<iframe loading=\"lazy\" title=\"A VIAGEM - Emigra\u00e7\u00e3o italiana\" width=\"500\" height=\"281\" src=\"https:\/\/www.youtube.com\/embed\/xbSt_cZw4d4?feature=oembed\" frameborder=\"0\" allow=\"accelerometer; autoplay; clipboard-write; encrypted-media; gyroscope; picture-in-picture\" allowfullscreen=\"\"><\/iframe>\n\t\t\t\t\t<ul id=\"menu-il-viaggio\"><li id=\"menu-item-398\"><a href=\"https:\/\/www.museoemigrazioneitaliana.org\/pt\/a-viagem\/\">A viagem<\/a>\n<ul>\n\t<li id=\"menu-item-399\"><a href=\"https:\/\/www.museoemigrazioneitaliana.org\/pt\/a-viagem\/a-espera-da-partida\/\">\u00c0 espera da partida<\/a><\/li>\n\t<li id=\"menu-item-401\"><a href=\"https:\/\/www.museoemigrazioneitaliana.org\/pt\/a-viagem\/de-comboio\/\">De comboio<\/a><\/li>\n\t<li id=\"menu-item-400\"><a href=\"https:\/\/www.museoemigrazioneitaliana.org\/pt\/a-viagem\/por-navio\/\">Por navio<\/a><\/li>\n\t<li id=\"menu-item-402\"><a href=\"https:\/\/www.museoemigrazioneitaliana.org\/pt\/a-viagem\/instalacoes-de-cuidados\/\">Instala\u00e7\u00f5es de cuidados<\/a><\/li>\n<\/ul>\n<\/li>\n<\/ul>","protected":false},"excerpt":{"rendered":"<p>Il viaggio &#8211; il tempo cio\u00e8 che si impiega per raggiungere il paese di destinazione &#8211; \u00e8 l&#8217;elemento simbolo di tutto il processo migratorio, del distacco da un &#8220;prima&#8221; &#8211; conosciuto e amato, bench\u00e9 insoddisfacente &#8211; per raggiungere un &#8220;dopo&#8221; &#8211; sicuramente attraente ma quasi del tutto ignoto. E&#8217; un tempo difficile da vivere come [&hellip;]<\/p>\n","protected":false},"author":1,"featured_media":0,"parent":0,"menu_order":0,"comment_status":"closed","ping_status":"open","template":"","meta":{"_acf_changed":false,"site-sidebar-layout":"default","site-content-layout":"default","ast-site-content-layout":"default","site-content-style":"default","site-sidebar-style":"default","ast-global-header-display":"","ast-banner-title-visibility":"","ast-main-header-display":"","ast-hfb-above-header-display":"","ast-hfb-below-header-display":"","ast-hfb-mobile-header-display":"","site-post-title":"","ast-breadcrumbs-content":"","ast-featured-img":"","footer-sml-layout":"","ast-disable-related-posts":"","theme-transparent-header-meta":"default","adv-header-id-meta":"","stick-header-meta":"","header-above-stick-meta":"","header-main-stick-meta":"","header-below-stick-meta":"","astra-migrate-meta-layouts":"default","ast-page-background-enabled":"default","ast-page-background-meta":{"desktop":{"background-color":"","background-image":"","background-repeat":"repeat","background-position":"center center","background-size":"auto","background-attachment":"scroll","background-type":"","background-media":"","overlay-type":"","overlay-color":"","overlay-opacity":"","overlay-gradient":""},"tablet":{"background-color":"","background-image":"","background-repeat":"repeat","background-position":"center center","background-size":"auto","background-attachment":"scroll","background-type":"","background-media":"","overlay-type":"","overlay-color":"","overlay-opacity":"","overlay-gradient":""},"mobile":{"background-color":"","background-image":"","background-repeat":"repeat","background-position":"center center","background-size":"auto","background-attachment":"scroll","background-type":"","background-media":"","overlay-type":"","overlay-color":"","overlay-opacity":"","overlay-gradient":""}},"ast-content-background-meta":{"desktop":{"background-color":"var(--ast-global-color-5)","background-image":"","background-repeat":"repeat","background-position":"center center","background-size":"auto","background-attachment":"scroll","background-type":"","background-media":"","overlay-type":"","overlay-color":"","overlay-opacity":"","overlay-gradient":""},"tablet":{"background-color":"var(--ast-global-color-5)","background-image":"","background-repeat":"repeat","background-position":"center center","background-size":"auto","background-attachment":"scroll","background-type":"","background-media":"","overlay-type":"","overlay-color":"","overlay-opacity":"","overlay-gradient":""},"mobile":{"background-color":"var(--ast-global-color-5)","background-image":"","background-repeat":"repeat","background-position":"center center","background-size":"auto","background-attachment":"scroll","background-type":"","background-media":"","overlay-type":"","overlay-color":"","overlay-opacity":"","overlay-gradient":""}},"footnotes":""},"class_list":["post-53","page","type-page","status-publish","hentry"],"acf":[],"_links":{"self":[{"href":"https:\/\/www.museoemigrazioneitaliana.org\/pt\/wp-json\/wp\/v2\/pages\/53","targetHints":{"allow":["GET"]}}],"collection":[{"href":"https:\/\/www.museoemigrazioneitaliana.org\/pt\/wp-json\/wp\/v2\/pages"}],"about":[{"href":"https:\/\/www.museoemigrazioneitaliana.org\/pt\/wp-json\/wp\/v2\/types\/page"}],"author":[{"embeddable":true,"href":"https:\/\/www.museoemigrazioneitaliana.org\/pt\/wp-json\/wp\/v2\/users\/1"}],"replies":[{"embeddable":true,"href":"https:\/\/www.museoemigrazioneitaliana.org\/pt\/wp-json\/wp\/v2\/comments?post=53"}],"version-history":[{"count":2,"href":"https:\/\/www.museoemigrazioneitaliana.org\/pt\/wp-json\/wp\/v2\/pages\/53\/revisions"}],"predecessor-version":[{"id":3463,"href":"https:\/\/www.museoemigrazioneitaliana.org\/pt\/wp-json\/wp\/v2\/pages\/53\/revisions\/3463"}],"wp:attachment":[{"href":"https:\/\/www.museoemigrazioneitaliana.org\/pt\/wp-json\/wp\/v2\/media?parent=53"}],"curies":[{"name":"wp","href":"https:\/\/api.w.org\/{rel}","templated":true}]}}

A viagem - ou seja, o tempo necessário para chegar ao país de destino - é o elemento simbólico de todo o processo migratório, do desprendimento de um "antes" - conhecido e amado, embora insatisfatório - para chegar a um "depois" - certamente atrativo, mas quase completamente desconhecido. É um momento tão difícil de viver como os momentos de viragem na vida de cada um.<br>
Partimos a pé, de comboio, em vapores lentos ou em rápidos transatlânticos e, finalmente, de avião.<br>
É principalmente a partir de alguns portos italianos. É Génova que, desde a época pré-unificação, gere a maior parte do tráfego migratório. Mais tarde, com a sulização do fluxo e a escolha preferencial da América do Norte, foi Nápoles que teve a primazia das partidas. A grande distância seguia-se Palermo e, após o fim da Primeira Guerra Mundial, Trieste. As partidas de países estrangeiros viram o porto francês do Havre ocupar o primeiro lugar.
	<iframe loading="lazy" title="A VIAGEM - Emigração italiana" width="500" height="281" src="https://www.youtube.com/embed/xbSt_cZw4d4?feature=oembed" frameborder="0" allow="accelerometer; autoplay; clipboard-write; encrypted-media; gyroscope; picture-in-picture" allowfullscreen=""></iframe>
					<ul id="menu-il-viaggio"><li id="menu-item-398"><a href="https://www.museoemigrazioneitaliana.org/pt/a-viagem/">A viagem</a>
<ul>
	<li id="menu-item-399"><a href="https://www.museoemigrazioneitaliana.org/pt/a-viagem/a-espera-da-partida/">À espera da partida</a></li>
	<li id="menu-item-401"><a href="https://www.museoemigrazioneitaliana.org/pt/a-viagem/de-comboio/">De comboio</a></li>
	<li id="menu-item-400"><a href="https://www.museoemigrazioneitaliana.org/pt/a-viagem/por-navio/">Por navio</a></li>
	<li id="menu-item-402"><a href="https://www.museoemigrazioneitaliana.org/pt/a-viagem/instalacoes-de-cuidados/">Instalações de cuidados</a></li>
</ul>
</li>
</ul>

<p>Il viaggio &#8211; il tempo cioè che si impiega per raggiungere il paese di destinazione &#8211; è l&#8217;elemento simbolo di tutto il processo migratorio, del distacco da un &#8220;prima&#8221; &#8211; conosciuto e amato, benché insoddisfacente &#8211; per raggiungere un &#8220;dopo&#8221; &#8211; sicuramente attraente ma quasi del tutto ignoto. E&#8217; un tempo difficile da vivere come [&hellip;]</p>
