{"id":51,"date":"2020-09-17T15:36:30","date_gmt":"2020-09-17T13:36:30","guid":{"rendered":"https:\/\/mei.ms-dev.it\/?page_id=51"},"modified":"2022-02-10T21:44:39","modified_gmt":"2022-02-10T20:44:39","slug":"para-lemigrante","status":"publish","type":"page","link":"https:\/\/www.museoemigrazioneitaliana.org\/pt\/dallitalia-nel-mondo\/per-lemigrante\/","title":{"rendered":"Para o emigrante"},"content":{"rendered":"<p>S\u00f3 no final de janeiro de 1901, depois de anos de debate parlamentar, foi criado o Comissariado Geral da Emigra\u00e7\u00e3o para coordenar e promover a assist\u00eancia do Estado aos emigrantes. A lei atribu\u00eda ao Comissariado uma s\u00e9rie de tarefas que iam desde a aprova\u00e7\u00e3o da nomea\u00e7\u00e3o dos representantes dos transportadores at\u00e9 \u00e0 supervis\u00e3o das suas actividades, desde a assist\u00eancia aos emigrantes nos portos, em viagem e no estrangeiro at\u00e9 \u00e0 prote\u00e7\u00e3o das mulheres e crian\u00e7as emigrantes, desde a repress\u00e3o da emigra\u00e7\u00e3o clandestina at\u00e9 \u00e0 recolha e difus\u00e3o de informa\u00e7\u00f5es \u00fateis para os emigrantes.<\/p>\n<p>Paralelamente, foi criado o Fundo de Emigra\u00e7\u00e3o, que se destinava a financiar os custos dos v\u00e1rios servi\u00e7os com as receitas dos transportadores e dos pr\u00f3prios emigrantes.<\/p>\n<p>O Comissariado tinha tamb\u00e9m a miss\u00e3o de alertar os emigrantes contra as numerosas fraudes que os agentes de emigra\u00e7\u00e3o, que operavam tanto nos pa\u00edses de partida como nos de chegada, lhes pregavam.<\/p>\n<p>Antes da sua cria\u00e7\u00e3o, a assist\u00eancia era prerrogativa de algumas institui\u00e7\u00f5es privadas. Em 1887, Monsenhor Giovambattista Scalabrini fundou a Opera della pia societ\u00e0 dei missionari di San Carlo, que se ocupava dos emigrantes na Europa, nas Am\u00e9ricas e na Austr\u00e1lia, ainda hoje em atividade e conhecida como Congrega\u00e7\u00e3o Scalabrini, em homenagem ao seu fundador.<\/p>\n<p>Mais tarde, nos \u00faltimos anos do s\u00e9culo, nasceu a Societ\u00e0 Umanitaria, de inspira\u00e7\u00e3o laica e reformista; pouco depois, a cat\u00f3lica Opera Bonomelli operava apenas nos pa\u00edses europeus e mediterr\u00e2nicos. Nos Estados Unidos, a explora\u00e7\u00e3o inicial dos emigrantes encontrou um aterro cada vez mais s\u00f3lido numa estrutura assistencial, a Catholic St. Raphael's Italian Benevolent Society.<\/p>\n\t\t\t\t<a\n\t\t\thref=\"https:\/\/www.museoemigrazioneitaliana.org\/wp-content\/uploads\/2020\/09\/agentiimmigrazione3.jpg\"\n\t\t\t\t\t\tdata-fancybox=\"images\" \n\t\t\ttitle=\"agentes de imigra\u00e7\u00e3o3\" \n\t\t\t\t\t\tdata-description=\"\" \n\t\t\titemprop=\"contentUrl\">\n\t\t\t<img loading=\"lazy\" decoding=\"async\" src=\"https:\/\/www.museoemigrazioneitaliana.org\/wp-content\/uploads\/2020\/09\/agentiimmigrazione3.jpg\" alt=\"\" data-no-lazy=\"1\" itemprop=\"thumbnail\" width=\"460\" height=\"313\" \/>\n\t\t\t<!-- Overlay Wrapper -->\n\t\t\t <!-- Overlay Wrapper Closed -->\n\t\t\t\t<\/a>\n\t\t\t\t\t\t\t<meta itemprop=\"width\" content=\"460\" \/>\n\t\t\t<meta itemprop=\"height\" content=\"313\" \/>\n\t\tEmigrantes na Su\u00ed\u00e7a dirigem-se para a Opera assistenza emigranti na esta\u00e7\u00e3o de Chiasso, cerca de 1900\n\t\t\t\t<a\n\t\t\thref=\"https:\/\/www.museoemigrazioneitaliana.org\/wp-content\/uploads\/2020\/09\/05.jpg\"\n\t\t\t\t\t\tdata-fancybox=\"images\" \n\t\t\ttitle=\"05\" \n\t\t\t\t\t\tdata-description=\"\" \n\t\t\titemprop=\"contentUrl\">\n\t\t\t<img loading=\"lazy\" decoding=\"async\" src=\"https:\/\/www.museoemigrazioneitaliana.org\/wp-content\/uploads\/2020\/09\/05.jpg\" alt=\"\" data-no-lazy=\"1\" itemprop=\"thumbnail\" width=\"400\" height=\"256\" \/>\n\t\t\t<!-- Overlay Wrapper -->\n\t\t\t <!-- Overlay Wrapper Closed -->\n\t\t\t\t<\/a>\n\t\t\t\t\t\t\t<meta itemprop=\"width\" content=\"400\" \/>\n\t\t\t<meta itemprop=\"height\" content=\"256\" \/>\n\t\tMil\u00e3o, 1910. A Casa dos Emigrantes da Sociedade Umanit\u00e1ria\n\t\t\t\t<a\n\t\t\thref=\"https:\/\/www.museoemigrazioneitaliana.org\/wp-content\/uploads\/2020\/09\/04.jpg\"\n\t\t\t\t\t\tdata-fancybox=\"images\" \n\t\t\ttitle=\"04\" \n\t\t\t\t\t\tdata-description=\"\" \n\t\t\titemprop=\"contentUrl\">\n\t\t\t<img loading=\"lazy\" decoding=\"async\" src=\"https:\/\/www.museoemigrazioneitaliana.org\/wp-content\/uploads\/2020\/09\/04.jpg\" alt=\"\" data-no-lazy=\"1\" itemprop=\"thumbnail\" width=\"400\" height=\"254\" \/>\n\t\t\t<!-- Overlay Wrapper -->\n\t\t\t <!-- Overlay Wrapper Closed -->\n\t\t\t\t<\/a>\n\t\t\t\t\t\t\t<meta itemprop=\"width\" content=\"400\" \/>\n\t\t\t<meta itemprop=\"height\" content=\"254\" \/>\n\t\tBolzano, cerca de 1900. Hosp\u00edcio para emigrantes da \u00d3pera Bonomelli\n\t\t\t\t<a\n\t\t\thref=\"https:\/\/www.museoemigrazioneitaliana.org\/wp-content\/uploads\/2020\/09\/06.jpg\"\n\t\t\t\t\t\tdata-fancybox=\"images\" \n\t\t\ttitle=\"06\" \n\t\t\t\t\t\tdata-description=\"\" \n\t\t\titemprop=\"contentUrl\">\n\t\t\t<img loading=\"lazy\" decoding=\"async\" src=\"https:\/\/www.museoemigrazioneitaliana.org\/wp-content\/uploads\/2020\/09\/06.jpg\" alt=\"\" data-no-lazy=\"1\" itemprop=\"thumbnail\" width=\"400\" height=\"438\" \/>\n\t\t\t<!-- Overlay Wrapper -->\n\t\t\t <!-- Overlay Wrapper Closed -->\n\t\t\t\t<\/a>\n\t\t\t\t\t\t\t<meta itemprop=\"width\" content=\"400\" \/>\n\t\t\t<meta itemprop=\"height\" content=\"438\" \/>\n\t\t Crach\u00e1 da \u00d3pera Bonomelli\n\t\t\t\t<a\n\t\t\thref=\"https:\/\/www.museoemigrazioneitaliana.org\/wp-content\/uploads\/2020\/09\/01.jpg\"\n\t\t\t\t\t\tdata-fancybox=\"images\" \n\t\t\ttitle=\"01\" \n\t\t\t\t\t\tdata-description=\"\" \n\t\t\titemprop=\"contentUrl\">\n\t\t\t<img loading=\"lazy\" decoding=\"async\" src=\"https:\/\/www.museoemigrazioneitaliana.org\/wp-content\/uploads\/2020\/09\/01.jpg\" alt=\"\" data-no-lazy=\"1\" itemprop=\"thumbnail\" width=\"400\" height=\"307\" \/>\n\t\t\t<!-- Overlay Wrapper -->\n\t\t\t <!-- Overlay Wrapper Closed -->\n\t\t\t\t<\/a>\n\t\t\t\t\t\t\t<meta itemprop=\"width\" content=\"400\" \/>\n\t\t\t<meta itemprop=\"height\" content=\"307\" \/>\n\t\tRoma, 1889. Circular do Minist\u00e9rio do Interior sobre a emigra\u00e7\u00e3o para a Argentina para trabalhos nos caminhos-de-ferro\n\t\t\t\t<a\n\t\t\thref=\"https:\/\/www.museoemigrazioneitaliana.org\/wp-content\/uploads\/2020\/09\/02.jpg\"\n\t\t\t\t\t\tdata-fancybox=\"images\" \n\t\t\ttitle=\"02\" \n\t\t\t\t\t\tdata-description=\"\" \n\t\t\titemprop=\"contentUrl\">\n\t\t\t<img loading=\"lazy\" decoding=\"async\" src=\"https:\/\/www.museoemigrazioneitaliana.org\/wp-content\/uploads\/2020\/09\/02.jpg\" alt=\"\" data-no-lazy=\"1\" itemprop=\"thumbnail\" width=\"400\" height=\"338\" \/>\n\t\t\t<!-- Overlay Wrapper -->\n\t\t\t <!-- Overlay Wrapper Closed -->\n\t\t\t\t<\/a>\n\t\t\t\t\t\t\t<meta itemprop=\"width\" content=\"400\" \/>\n\t\t\t<meta itemprop=\"height\" content=\"338\" \/>\n\t\t Cart\u00e3o de reconhecimento da sociedade de mecenato de Nova Iorque\n\t\t\t\t<a\n\t\t\thref=\"https:\/\/www.museoemigrazioneitaliana.org\/wp-content\/uploads\/2020\/09\/migrante03.jpg\"\n\t\t\t\t\t\tdata-fancybox=\"images\" \n\t\t\ttitle=\"migrante03\" \n\t\t\t\t\t\tdata-description=\"\" \n\t\t\titemprop=\"contentUrl\">\n\t\t\t<img loading=\"lazy\" decoding=\"async\" src=\"https:\/\/www.museoemigrazioneitaliana.org\/wp-content\/uploads\/2020\/09\/migrante03-768x483.jpg\" alt=\"\" data-no-lazy=\"1\" itemprop=\"thumbnail\" width=\"768\" height=\"483\" \/>\n\t\t\t<!-- Overlay Wrapper -->\n\t\t\t <!-- Overlay Wrapper Closed -->\n\t\t\t\t<\/a>\n\t\t\t\t\t\t\t<meta itemprop=\"width\" content=\"768\" \/>\n\t\t\t<meta itemprop=\"height\" content=\"483\" \/>\n\t\tPostal \"Emigrantes\" publicado pela Avanti para o Primeiro de maio\n\t\t\t\t\t<ul id=\"menu-dallitalia-nel-mondo\"><li id=\"menu-item-221\"><a href=\"https:\/\/www.museoemigrazioneitaliana.org\/pt\/de-italia-no-mundo\/\">De It\u00e1lia para o mundo<\/a>\n<ul>\n\t<li id=\"menu-item-224\"><a href=\"https:\/\/www.museoemigrazioneitaliana.org\/pt\/de-italia-no-mundo\/as-causas-da-partida\/\">As causas da partida<\/a><\/li>\n\t<li id=\"menu-item-223\"><a href=\"https:\/\/www.museoemigrazioneitaliana.org\/pt\/de-italia-no-mundo\/documentos-para-sair\/\">Documentos de sa\u00edda<\/a><\/li>\n\t<li id=\"menu-item-222\"><a href=\"https:\/\/www.museoemigrazioneitaliana.org\/pt\/de-italia-no-mundo\/agentes-de-demigracao\/\">Agentes de emigra\u00e7\u00e3o<\/a><\/li>\n\t<li id=\"menu-item-225\"><a href=\"https:\/\/www.museoemigrazioneitaliana.org\/pt\/de-italia-no-mundo\/guias-para-emigrantes\/\">Guias para emigrantes<\/a><\/li>\n\t<li id=\"menu-item-226\"><a href=\"https:\/\/www.museoemigrazioneitaliana.org\/pt\/de-italia-no-mundo\/para-lemigrante\/\">Para o emigrante<\/a><\/li>\n<\/ul>\n<\/li>\n<\/ul>","protected":false},"excerpt":{"rendered":"<p>Per coordinare e promuovere l&#8217;assistenza agli emigranti da parte dello Stato soltanto a fine gennaio 1901, dopo anni di dibattiti parlamentari, fu istituito il Commissariato generale dell&#8217;emigrazione che doveva essere il centro unico delle competenze in tale materia sino ad allora disperse fra molti ministeri. La legge attribu\u00ec al Commissariato tutta una serie di compiti [&hellip;]<\/p>\n","protected":false},"author":1,"featured_media":0,"parent":40,"menu_order":0,"comment_status":"closed","ping_status":"open","template":"","meta":{"_acf_changed":false,"site-sidebar-layout":"default","site-content-layout":"default","ast-site-content-layout":"default","site-content-style":"default","site-sidebar-style":"default","ast-global-header-display":"","ast-banner-title-visibility":"","ast-main-header-display":"","ast-hfb-above-header-display":"","ast-hfb-below-header-display":"","ast-hfb-mobile-header-display":"","site-post-title":"","ast-breadcrumbs-content":"","ast-featured-img":"","footer-sml-layout":"","ast-disable-related-posts":"","theme-transparent-header-meta":"default","adv-header-id-meta":"","stick-header-meta":"","header-above-stick-meta":"","header-main-stick-meta":"","header-below-stick-meta":"","astra-migrate-meta-layouts":"default","ast-page-background-enabled":"default","ast-page-background-meta":{"desktop":{"background-color":"","background-image":"","background-repeat":"repeat","background-position":"center center","background-size":"auto","background-attachment":"scroll","background-type":"","background-media":"","overlay-type":"","overlay-color":"","overlay-opacity":"","overlay-gradient":""},"tablet":{"background-color":"","background-image":"","background-repeat":"repeat","background-position":"center center","background-size":"auto","background-attachment":"scroll","background-type":"","background-media":"","overlay-type":"","overlay-color":"","overlay-opacity":"","overlay-gradient":""},"mobile":{"background-color":"","background-image":"","background-repeat":"repeat","background-position":"center center","background-size":"auto","background-attachment":"scroll","background-type":"","background-media":"","overlay-type":"","overlay-color":"","overlay-opacity":"","overlay-gradient":""}},"ast-content-background-meta":{"desktop":{"background-color":"var(--ast-global-color-5)","background-image":"","background-repeat":"repeat","background-position":"center center","background-size":"auto","background-attachment":"scroll","background-type":"","background-media":"","overlay-type":"","overlay-color":"","overlay-opacity":"","overlay-gradient":""},"tablet":{"background-color":"var(--ast-global-color-5)","background-image":"","background-repeat":"repeat","background-position":"center center","background-size":"auto","background-attachment":"scroll","background-type":"","background-media":"","overlay-type":"","overlay-color":"","overlay-opacity":"","overlay-gradient":""},"mobile":{"background-color":"var(--ast-global-color-5)","background-image":"","background-repeat":"repeat","background-position":"center center","background-size":"auto","background-attachment":"scroll","background-type":"","background-media":"","overlay-type":"","overlay-color":"","overlay-opacity":"","overlay-gradient":""}},"footnotes":""},"class_list":["post-51","page","type-page","status-publish","hentry"],"acf":[],"_links":{"self":[{"href":"https:\/\/www.museoemigrazioneitaliana.org\/pt\/wp-json\/wp\/v2\/pages\/51","targetHints":{"allow":["GET"]}}],"collection":[{"href":"https:\/\/www.museoemigrazioneitaliana.org\/pt\/wp-json\/wp\/v2\/pages"}],"about":[{"href":"https:\/\/www.museoemigrazioneitaliana.org\/pt\/wp-json\/wp\/v2\/types\/page"}],"author":[{"embeddable":true,"href":"https:\/\/www.museoemigrazioneitaliana.org\/pt\/wp-json\/wp\/v2\/users\/1"}],"replies":[{"embeddable":true,"href":"https:\/\/www.museoemigrazioneitaliana.org\/pt\/wp-json\/wp\/v2\/comments?post=51"}],"version-history":[{"count":2,"href":"https:\/\/www.museoemigrazioneitaliana.org\/pt\/wp-json\/wp\/v2\/pages\/51\/revisions"}],"predecessor-version":[{"id":2521,"href":"https:\/\/www.museoemigrazioneitaliana.org\/pt\/wp-json\/wp\/v2\/pages\/51\/revisions\/2521"}],"up":[{"embeddable":true,"href":"https:\/\/www.museoemigrazioneitaliana.org\/pt\/wp-json\/wp\/v2\/pages\/40"}],"wp:attachment":[{"href":"https:\/\/www.museoemigrazioneitaliana.org\/pt\/wp-json\/wp\/v2\/media?parent=51"}],"curies":[{"name":"wp","href":"https:\/\/api.w.org\/{rel}","templated":true}]}}

<p>Só no final de janeiro de 1901, depois de anos de debate parlamentar, foi criado o Comissariado Geral da Emigração para coordenar e promover a assistência do Estado aos emigrantes. A lei atribuía ao Comissariado uma série de tarefas que iam desde a aprovação da nomeação dos representantes dos transportadores até à supervisão das suas actividades, desde a assistência aos emigrantes nos portos, em viagem e no estrangeiro até à proteção das mulheres e crianças emigrantes, desde a repressão da emigração clandestina até à recolha e difusão de informações úteis para os emigrantes.</p>
<p>Paralelamente, foi criado o Fundo de Emigração, que se destinava a financiar os custos dos vários serviços com as receitas dos transportadores e dos próprios emigrantes.</p>
<p>O Comissariado tinha também a missão de alertar os emigrantes contra as numerosas fraudes que os agentes de emigração, que operavam tanto nos países de partida como nos de chegada, lhes pregavam.</p>
<p>Antes da sua criação, a assistência era prerrogativa de algumas instituições privadas. Em 1887, Monsenhor Giovambattista Scalabrini fundou a Opera della pia società dei missionari di San Carlo, que se ocupava dos emigrantes na Europa, nas Américas e na Austrália, ainda hoje em atividade e conhecida como Congregação Scalabrini, em homenagem ao seu fundador.</p>
<p>Mais tarde, nos últimos anos do século, nasceu a Società Umanitaria, de inspiração laica e reformista; pouco depois, a católica Opera Bonomelli operava apenas nos países europeus e mediterrânicos. Nos Estados Unidos, a exploração inicial dos emigrantes encontrou um aterro cada vez mais sólido numa estrutura assistencial, a Catholic St. Raphael's Italian Benevolent Society.</p>
				<a
			href="https://www.museoemigrazioneitaliana.org/wp-content/uploads/2020/09/agentiimmigrazione3.jpg"
						data-fancybox="images" 
			title="agentes de imigração3" 
						data-description="" 
			itemprop="contentUrl">
			<img loading="lazy" decoding="async" src="https://www.museoemigrazioneitaliana.org/wp-content/uploads/2020/09/agentiimmigrazione3.jpg" alt="" data-no-lazy="1" itemprop="thumbnail" width="460" height="313" />
			<!-- Overlay Wrapper -->
			 <!-- Overlay Wrapper Closed -->
				</a>
							<meta itemprop="width" content="460" />
			<meta itemprop="height" content="313" />
		Emigrantes na Suíça dirigem-se para a Opera assistenza emigranti na estação de Chiasso, cerca de 1900
				<a
			href="https://www.museoemigrazioneitaliana.org/wp-content/uploads/2020/09/05.jpg"
						data-fancybox="images" 
			title="05" 
						data-description="" 
			itemprop="contentUrl">
			<img loading="lazy" decoding="async" src="https://www.museoemigrazioneitaliana.org/wp-content/uploads/2020/09/05.jpg" alt="" data-no-lazy="1" itemprop="thumbnail" width="400" height="256" />
			<!-- Overlay Wrapper -->
			 <!-- Overlay Wrapper Closed -->
				</a>
							<meta itemprop="width" content="400" />
			<meta itemprop="height" content="256" />
		Milão, 1910. A Casa dos Emigrantes da Sociedade Umanitária
				<a
			href="https://www.museoemigrazioneitaliana.org/wp-content/uploads/2020/09/04.jpg"
						data-fancybox="images" 
			title="04" 
						data-description="" 
			itemprop="contentUrl">
			<img loading="lazy" decoding="async" src="https://www.museoemigrazioneitaliana.org/wp-content/uploads/2020/09/04.jpg" alt="" data-no-lazy="1" itemprop="thumbnail" width="400" height="254" />
			<!-- Overlay Wrapper -->
			 <!-- Overlay Wrapper Closed -->
				</a>
							<meta itemprop="width" content="400" />
			<meta itemprop="height" content="254" />
		Bolzano, cerca de 1900. Hospício para emigrantes da Ópera Bonomelli
				<a
			href="https://www.museoemigrazioneitaliana.org/wp-content/uploads/2020/09/06.jpg"
						data-fancybox="images" 
			title="06" 
						data-description="" 
			itemprop="contentUrl">
			<img loading="lazy" decoding="async" src="https://www.museoemigrazioneitaliana.org/wp-content/uploads/2020/09/06.jpg" alt="" data-no-lazy="1" itemprop="thumbnail" width="400" height="438" />
			<!-- Overlay Wrapper -->
			 <!-- Overlay Wrapper Closed -->
				</a>
							<meta itemprop="width" content="400" />
			<meta itemprop="height" content="438" />
		 Crachá da Ópera Bonomelli
				<a
			href="https://www.museoemigrazioneitaliana.org/wp-content/uploads/2020/09/01.jpg"
						data-fancybox="images" 
			title="01" 
						data-description="" 
			itemprop="contentUrl">
			<img loading="lazy" decoding="async" src="https://www.museoemigrazioneitaliana.org/wp-content/uploads/2020/09/01.jpg" alt="" data-no-lazy="1" itemprop="thumbnail" width="400" height="307" />
			<!-- Overlay Wrapper -->
			 <!-- Overlay Wrapper Closed -->
				</a>
							<meta itemprop="width" content="400" />
			<meta itemprop="height" content="307" />
		Roma, 1889. Circular do Ministério do Interior sobre a emigração para a Argentina para trabalhos nos caminhos-de-ferro
				<a
			href="https://www.museoemigrazioneitaliana.org/wp-content/uploads/2020/09/02.jpg"
						data-fancybox="images" 
			title="02" 
						data-description="" 
			itemprop="contentUrl">
			<img loading="lazy" decoding="async" src="https://www.museoemigrazioneitaliana.org/wp-content/uploads/2020/09/02.jpg" alt="" data-no-lazy="1" itemprop="thumbnail" width="400" height="338" />
			<!-- Overlay Wrapper -->
			 <!-- Overlay Wrapper Closed -->
				</a>
							<meta itemprop="width" content="400" />
			<meta itemprop="height" content="338" />
		 Cartão de reconhecimento da sociedade de mecenato de Nova Iorque
				<a
			href="https://www.museoemigrazioneitaliana.org/wp-content/uploads/2020/09/migrante03.jpg"
						data-fancybox="images" 
			title="migrante03" 
						data-description="" 
			itemprop="contentUrl">
			<img loading="lazy" decoding="async" src="https://www.museoemigrazioneitaliana.org/wp-content/uploads/2020/09/migrante03-768x483.jpg" alt="" data-no-lazy="1" itemprop="thumbnail" width="768" height="483" />
			<!-- Overlay Wrapper -->
			 <!-- Overlay Wrapper Closed -->
				</a>
							<meta itemprop="width" content="768" />
			<meta itemprop="height" content="483" />
		Postal "Emigrantes" publicado pela Avanti para o Primeiro de maio
					<ul id="menu-dallitalia-nel-mondo"><li id="menu-item-221"><a href="https://www.museoemigrazioneitaliana.org/pt/de-italia-no-mundo/">De Itália para o mundo</a>
<ul>
	<li id="menu-item-224"><a href="https://www.museoemigrazioneitaliana.org/pt/de-italia-no-mundo/as-causas-da-partida/">As causas da partida</a></li>
	<li id="menu-item-223"><a href="https://www.museoemigrazioneitaliana.org/pt/de-italia-no-mundo/documentos-para-sair/">Documentos de saída</a></li>
	<li id="menu-item-222"><a href="https://www.museoemigrazioneitaliana.org/pt/de-italia-no-mundo/agentes-de-demigracao/">Agentes de emigração</a></li>
	<li id="menu-item-225"><a href="https://www.museoemigrazioneitaliana.org/pt/de-italia-no-mundo/guias-para-emigrantes/">Guias para emigrantes</a></li>
	<li id="menu-item-226"><a href="https://www.museoemigrazioneitaliana.org/pt/de-italia-no-mundo/para-lemigrante/">Para o emigrante</a></li>
</ul>
</li>
</ul>

<p>Per coordinare e promuovere l&#8217;assistenza agli emigranti da parte dello Stato soltanto a fine gennaio 1901, dopo anni di dibattiti parlamentari, fu istituito il Commissariato generale dell&#8217;emigrazione che doveva essere il centro unico delle competenze in tale materia sino ad allora disperse fra molti ministeri. La legge attribuì al Commissariato tutta una serie di compiti [&hellip;]</p>
