{"id":460,"date":"2020-12-17T15:26:12","date_gmt":"2020-12-17T14:26:12","guid":{"rendered":"https:\/\/mei.ms-dev.it\/?page_id=460"},"modified":"2022-01-26T17:19:50","modified_gmt":"2022-01-26T16:19:50","slug":"historias-de-emigracao","status":"publish","type":"page","link":"https:\/\/www.museoemigrazioneitaliana.org\/pt\/didattica\/storie-di-emigrazione\/","title":{"rendered":"Hist\u00f3rias de emigra\u00e7\u00e3o"},"content":{"rendered":"<p><em>Hist\u00f3rias de emigra\u00e7\u00e3o <\/em>\u00e9 o primeiro caderno did\u00e1tico que o atelier de hist\u00f3ria do instituto \"B. Stringher\" de Udine pretendeu publicar para preservar e poder transmitir os pequenos percursos de investiga\u00e7\u00e3o hist\u00f3rica que nascem na sala de aula a partir de experi\u00eancias, testemunhos e recolha de contributos e documentos da vida quotidiana, para depois poder ampliar, considerar e compreender o passado.<\/p>\n<em>Anna Maria Zilli<br \/>\n<\/em>Diretor do ISIS \"B. Stringher\n\t\t\t<h3>Capa<\/h3>\t\t\t\n\t\t\t<a href=\"https:\/\/www.museoemigrazioneitaliana.org\/wp-content\/uploads\/2022\/01\/marzo-2018Coveremigrazioniloghi.pdf\" target=\"_blank\" rel=\"noopener\" role=\"button\" aria-label=\"Descarregar\">\n\t\t\t\t\t\t\t\t\t\t\tDescarregar\n\t\t<\/a>\n\t\t\t<h3>Caderno de notas<\/h3>\t\t\t\n\t\t\t<a href=\"https:\/\/www.museoemigrazioneitaliana.org\/wp-content\/uploads\/2022\/01\/defpresMarzo2018AFFquaderno64pnew.pdf\" target=\"_blank\" rel=\"noopener\" role=\"button\" aria-label=\"Descarregar\">\n\t\t\t\t\t\t\t\t\t\t\tDescarregar\n\t\t<\/a>\n\t\t\t\t\t<ul id=\"menu-didattica\"><li id=\"menu-item-462\"><a href=\"https:\/\/www.museoemigrazioneitaliana.org\/pt\/didatica\/\">Did\u00e1tica<\/a>\n<ul>\n\t<li id=\"menu-item-471\"><a href=\"https:\/\/www.museoemigrazioneitaliana.org\/pt\/didatica\/kits-educativos-para-migrantes\/\">Migrantes. Kit de divulga\u00e7\u00e3o pedag\u00f3gica<\/a><\/li>\n\t<li id=\"menu-item-470\"><a href=\"https:\/\/www.museoemigrazioneitaliana.org\/pt\/didatica\/reportagem-sobre-migrantes\/\">Migrantes. Reportagem<\/a><\/li>\n\t<li id=\"menu-item-469\"><a href=\"https:\/\/www.museoemigrazioneitaliana.org\/pt\/didatica\/historia-dos-migrantes\/\">Migrantes. A hist\u00f3ria<\/a><\/li>\n\t<li id=\"menu-item-467\"><a href=\"https:\/\/www.museoemigrazioneitaliana.org\/pt\/didatica\/unidades-de-ensino-do-primeiro-ciclo-do-ensino-basico-e-do-ensino-secundario\/\">Unidades de ensino. Ensino Secund\u00e1rio e Ensino B\u00e1sico<\/a><\/li>\n\t<li id=\"menu-item-466\"><a href=\"https:\/\/www.museoemigrazioneitaliana.org\/pt\/didatica\/unidades-didacticas-do-primeiro-ciclo-do-ensino-basico\/\">Unidades de Ensino. Escolas Secund\u00e1rias<\/a><\/li>\n\t<li id=\"menu-item-463\"><a href=\"https:\/\/www.museoemigrazioneitaliana.org\/pt\/didatica\/historias-de-emigracao\/\">Hist\u00f3rias de emigra\u00e7\u00e3o<\/a><\/li>\n<\/ul>\n<\/li>\n<\/ul>","protected":false},"excerpt":{"rendered":"<p>Storie di emigrazione \u00e8 il primo quaderno didattico che il laboratorio di storia dell&#8217;istituto\u00a0&#8220;B. Stringher&#8221; di Udine ha inteso pubblicare per conservare e poter trasmettere quei piccoli\u00a0percorsi di ricerca storica che nascono nelle classi dalle esperienze, dalle testimonianze, dalla\u00a0raccolta di contributi e documenti del quotidiano per poi poter ampliarsi, considerare e capire\u00a0il passato. Anna Maria [&hellip;]<\/p>\n","protected":false},"author":1,"featured_media":0,"parent":438,"menu_order":0,"comment_status":"closed","ping_status":"open","template":"","meta":{"_acf_changed":false,"site-sidebar-layout":"default","site-content-layout":"default","ast-site-content-layout":"default","site-content-style":"default","site-sidebar-style":"default","ast-global-header-display":"","ast-banner-title-visibility":"","ast-main-header-display":"","ast-hfb-above-header-display":"","ast-hfb-below-header-display":"","ast-hfb-mobile-header-display":"","site-post-title":"","ast-breadcrumbs-content":"","ast-featured-img":"","footer-sml-layout":"","ast-disable-related-posts":"","theme-transparent-header-meta":"default","adv-header-id-meta":"","stick-header-meta":"","header-above-stick-meta":"","header-main-stick-meta":"","header-below-stick-meta":"","astra-migrate-meta-layouts":"default","ast-page-background-enabled":"default","ast-page-background-meta":{"desktop":{"background-color":"","background-image":"","background-repeat":"repeat","background-position":"center center","background-size":"auto","background-attachment":"scroll","background-type":"","background-media":"","overlay-type":"","overlay-color":"","overlay-opacity":"","overlay-gradient":""},"tablet":{"background-color":"","background-image":"","background-repeat":"repeat","background-position":"center center","background-size":"auto","background-attachment":"scroll","background-type":"","background-media":"","overlay-type":"","overlay-color":"","overlay-opacity":"","overlay-gradient":""},"mobile":{"background-color":"","background-image":"","background-repeat":"repeat","background-position":"center center","background-size":"auto","background-attachment":"scroll","background-type":"","background-media":"","overlay-type":"","overlay-color":"","overlay-opacity":"","overlay-gradient":""}},"ast-content-background-meta":{"desktop":{"background-color":"var(--ast-global-color-5)","background-image":"","background-repeat":"repeat","background-position":"center center","background-size":"auto","background-attachment":"scroll","background-type":"","background-media":"","overlay-type":"","overlay-color":"","overlay-opacity":"","overlay-gradient":""},"tablet":{"background-color":"var(--ast-global-color-5)","background-image":"","background-repeat":"repeat","background-position":"center center","background-size":"auto","background-attachment":"scroll","background-type":"","background-media":"","overlay-type":"","overlay-color":"","overlay-opacity":"","overlay-gradient":""},"mobile":{"background-color":"var(--ast-global-color-5)","background-image":"","background-repeat":"repeat","background-position":"center center","background-size":"auto","background-attachment":"scroll","background-type":"","background-media":"","overlay-type":"","overlay-color":"","overlay-opacity":"","overlay-gradient":""}},"footnotes":""},"class_list":["post-460","page","type-page","status-publish","hentry"],"acf":[],"_links":{"self":[{"href":"https:\/\/www.museoemigrazioneitaliana.org\/pt\/wp-json\/wp\/v2\/pages\/460","targetHints":{"allow":["GET"]}}],"collection":[{"href":"https:\/\/www.museoemigrazioneitaliana.org\/pt\/wp-json\/wp\/v2\/pages"}],"about":[{"href":"https:\/\/www.museoemigrazioneitaliana.org\/pt\/wp-json\/wp\/v2\/types\/page"}],"author":[{"embeddable":true,"href":"https:\/\/www.museoemigrazioneitaliana.org\/pt\/wp-json\/wp\/v2\/users\/1"}],"replies":[{"embeddable":true,"href":"https:\/\/www.museoemigrazioneitaliana.org\/pt\/wp-json\/wp\/v2\/comments?post=460"}],"version-history":[{"count":2,"href":"https:\/\/www.museoemigrazioneitaliana.org\/pt\/wp-json\/wp\/v2\/pages\/460\/revisions"}],"predecessor-version":[{"id":1660,"href":"https:\/\/www.museoemigrazioneitaliana.org\/pt\/wp-json\/wp\/v2\/pages\/460\/revisions\/1660"}],"up":[{"embeddable":true,"href":"https:\/\/www.museoemigrazioneitaliana.org\/pt\/wp-json\/wp\/v2\/pages\/438"}],"wp:attachment":[{"href":"https:\/\/www.museoemigrazioneitaliana.org\/pt\/wp-json\/wp\/v2\/media?parent=460"}],"curies":[{"name":"wp","href":"https:\/\/api.w.org\/{rel}","templated":true}]}}

Histórias de emigração

<p><em>Histórias de emigração </em>é o primeiro caderno didático que o atelier de história do instituto "B. Stringher" de Udine pretendeu publicar para preservar e poder transmitir os pequenos percursos de investigação histórica que nascem na sala de aula a partir de experiências, testemunhos e recolha de contributos e documentos da vida quotidiana, para depois poder ampliar, considerar e compreender o passado.</p>
<em>Anna Maria Zilli<br />
</em>Diretor do ISIS "B. Stringher
			<h3>Capa</h3>			
			<a href="https://www.museoemigrazioneitaliana.org/wp-content/uploads/2022/01/marzo-2018Coveremigrazioniloghi.pdf" target="_blank" rel="noopener" role="button" aria-label="Descarregar">
											Descarregar
		</a>
			<h3>Caderno de notas</h3>			
			<a href="https://www.museoemigrazioneitaliana.org/wp-content/uploads/2022/01/defpresMarzo2018AFFquaderno64pnew.pdf" target="_blank" rel="noopener" role="button" aria-label="Descarregar">
											Descarregar
		</a>
					<ul id="menu-didattica"><li id="menu-item-462"><a href="https://www.museoemigrazioneitaliana.org/pt/didatica/">Didática</a>
<ul>
	<li id="menu-item-471"><a href="https://www.museoemigrazioneitaliana.org/pt/didatica/kits-educativos-para-migrantes/">Migrantes. Kit de divulgação pedagógica</a></li>
	<li id="menu-item-470"><a href="https://www.museoemigrazioneitaliana.org/pt/didatica/reportagem-sobre-migrantes/">Migrantes. Reportagem</a></li>
	<li id="menu-item-469"><a href="https://www.museoemigrazioneitaliana.org/pt/didatica/historia-dos-migrantes/">Migrantes. A história</a></li>
	<li id="menu-item-467"><a href="https://www.museoemigrazioneitaliana.org/pt/didatica/unidades-de-ensino-do-primeiro-ciclo-do-ensino-basico-e-do-ensino-secundario/">Unidades de ensino. Ensino Secundário e Ensino Básico</a></li>
	<li id="menu-item-466"><a href="https://www.museoemigrazioneitaliana.org/pt/didatica/unidades-didacticas-do-primeiro-ciclo-do-ensino-basico/">Unidades de Ensino. Escolas Secundárias</a></li>
	<li id="menu-item-463"><a href="https://www.museoemigrazioneitaliana.org/pt/didatica/historias-de-emigracao/">Histórias de emigração</a></li>
</ul>
</li>
</ul>

<p>Storie di emigrazione è il primo quaderno didattico che il laboratorio di storia dell&#8217;istituto &#8220;B. Stringher&#8221; di Udine ha inteso pubblicare per conservare e poter trasmettere quei piccoli percorsi di ricerca storica che nascono nelle classi dalle esperienze, dalle testimonianze, dalla raccolta di contributi e documenti del quotidiano per poi poter ampliarsi, considerare e capire il passato. Anna Maria [&hellip;]</p>
