{"id":454,"date":"2020-12-17T15:25:20","date_gmt":"2020-12-17T14:25:20","guid":{"rendered":"https:\/\/mei.ms-dev.it\/?page_id=454"},"modified":"2022-01-26T17:16:04","modified_gmt":"2022-01-26T16:16:04","slug":"unidades-didacticas-do-primeiro-ciclo-do-ensino-basico","status":"publish","type":"page","link":"https:\/\/www.museoemigrazioneitaliana.org\/pt\/didattica\/unita-didattiche-scuole-medie-superiori\/","title":{"rendered":"Unidades de Ensino. Escolas Secund\u00e1rias"},"content":{"rendered":"<p>Propostas educativas sobre o tema da migra\u00e7\u00e3o para alunos do ensino secund\u00e1rio<\/p>\n\t\t\t<h3>It\u00e1lia e Rom\u00e9nia<\/h3>\t\t\t\n\t\t\t<a href=\"https:\/\/www.museoemigrazioneitaliana.org\/wp-content\/uploads\/2022\/01\/Unit-didattica.-Italia-e-Romania2.pdf\" target=\"_blank\" rel=\"noopener\" role=\"button\" aria-label=\"Descarregar\">\n\t\t\t\t\t\t\t\t\t\t\tDescarregar\n\t\t<\/a>\n\t\t\t<h3>Exerc\u00edcios sobre uma carta de um emigrante<\/h3>\t\t\t\n\t\t\t<a href=\"https:\/\/www.museoemigrazioneitaliana.org\/wp-content\/uploads\/2022\/01\/UD.-Esercizi-su-una-lettera-di-un-emigrante2.pdf\" target=\"_blank\" rel=\"noopener\" role=\"button\" aria-label=\"Descarregar\">\n\t\t\t\t\t\t\t\t\t\t\tDescarregar\n\t\t<\/a>\n\t\t\t<h3>Como estudar as cartas de emigra\u00e7\u00e3o<\/h3>\t\t\t\n\t\t\t<a href=\"https:\/\/www.museoemigrazioneitaliana.org\/wp-content\/uploads\/2022\/01\/UD.-Come-studiare-le-lettere-di-emigrazione2.pdf\" target=\"_blank\" rel=\"noopener\" role=\"button\" aria-label=\"Descarregar\">\n\t\t\t\t\t\t\t\t\t\t\tDescarregar\n\t\t<\/a>\n\t\t\t<h3>Emigra\u00e7\u00e3o feminina<\/h3>\t\t\t\n\t\t\t<a href=\"https:\/\/www.museoemigrazioneitaliana.org\/wp-content\/uploads\/2022\/01\/UD.-Emigrazione-al-femminile2.pdf\" target=\"_blank\" rel=\"noopener\" role=\"button\" aria-label=\"Descarregar\">\n\t\t\t\t\t\t\t\t\t\t\tDescarregar\n\t\t<\/a>\n\t\t\t<h3>A representa\u00e7\u00e3o do emigrante entre as cartas e a autobiografia<\/h3>\t\t\t\n\t\t\t<a href=\"https:\/\/www.museoemigrazioneitaliana.org\/wp-content\/uploads\/2022\/01\/UD.-La-rappresentazione-dellemigrante-tra-lettere-e-autobiografia2.pdf\" target=\"_blank\" rel=\"noopener\" role=\"button\" aria-label=\"Descarregar\">\n\t\t\t\t\t\t\t\t\t\t\tDescarregar\n\t\t<\/a>\n\t\t\t<h3>Hist\u00f3ria das migra\u00e7\u00f5es num projeto de hist\u00f3ria oral<\/h3>\t\t\t\n\t\t\t<a href=\"https:\/\/www.museoemigrazioneitaliana.org\/wp-content\/uploads\/2022\/01\/UD.-Storia-di-migrazioni-in-un-progetto-di-storia-orale2.pdf\" target=\"_blank\" rel=\"noopener\" role=\"button\" aria-label=\"Descarregar\">\n\t\t\t\t\t\t\t\t\t\t\tDescarregar\n\t\t<\/a>\n\t\t\t\t\t<ul id=\"menu-didattica\"><li id=\"menu-item-462\"><a href=\"https:\/\/www.museoemigrazioneitaliana.org\/pt\/didatica\/\">Did\u00e1tica<\/a>\n<ul>\n\t<li id=\"menu-item-471\"><a href=\"https:\/\/www.museoemigrazioneitaliana.org\/pt\/didatica\/kits-educativos-para-migrantes\/\">Migrantes. Kit de divulga\u00e7\u00e3o pedag\u00f3gica<\/a><\/li>\n\t<li id=\"menu-item-470\"><a href=\"https:\/\/www.museoemigrazioneitaliana.org\/pt\/didatica\/reportagem-sobre-migrantes\/\">Migrantes. Reportagem<\/a><\/li>\n\t<li id=\"menu-item-469\"><a href=\"https:\/\/www.museoemigrazioneitaliana.org\/pt\/didatica\/historia-dos-migrantes\/\">Migrantes. A hist\u00f3ria<\/a><\/li>\n\t<li id=\"menu-item-467\"><a href=\"https:\/\/www.museoemigrazioneitaliana.org\/pt\/didatica\/unidades-de-ensino-do-primeiro-ciclo-do-ensino-basico-e-do-ensino-secundario\/\">Unidades de ensino. Ensino Secund\u00e1rio e Ensino B\u00e1sico<\/a><\/li>\n\t<li id=\"menu-item-466\"><a href=\"https:\/\/www.museoemigrazioneitaliana.org\/pt\/didatica\/unidades-didacticas-do-primeiro-ciclo-do-ensino-basico\/\">Unidades de Ensino. Escolas Secund\u00e1rias<\/a><\/li>\n\t<li id=\"menu-item-463\"><a href=\"https:\/\/www.museoemigrazioneitaliana.org\/pt\/didatica\/historias-de-emigracao\/\">Hist\u00f3rias de emigra\u00e7\u00e3o<\/a><\/li>\n<\/ul>\n<\/li>\n<\/ul>","protected":false},"excerpt":{"rendered":"<p>Proposte didattiche sul tema delle migrazioni, destinate agli studenti delle Scuole Medie Superiori Italia e Romania Scarica Esercizi su una lettera di un emigrante Scarica Come studiare le lettere di emigrazione Scarica Emigrazione al femminile Scarica La rappresentazione dell&#8217;emigrante tra lettere e autobiografia Scarica Storia di migrazioni in un progetto di storia orale Scarica Didattica [&hellip;]<\/p>\n","protected":false},"author":1,"featured_media":0,"parent":438,"menu_order":0,"comment_status":"closed","ping_status":"open","template":"","meta":{"_acf_changed":false,"site-sidebar-layout":"default","site-content-layout":"default","ast-site-content-layout":"default","site-content-style":"default","site-sidebar-style":"default","ast-global-header-display":"","ast-banner-title-visibility":"","ast-main-header-display":"","ast-hfb-above-header-display":"","ast-hfb-below-header-display":"","ast-hfb-mobile-header-display":"","site-post-title":"","ast-breadcrumbs-content":"","ast-featured-img":"","footer-sml-layout":"","ast-disable-related-posts":"","theme-transparent-header-meta":"default","adv-header-id-meta":"","stick-header-meta":"","header-above-stick-meta":"","header-main-stick-meta":"","header-below-stick-meta":"","astra-migrate-meta-layouts":"default","ast-page-background-enabled":"default","ast-page-background-meta":{"desktop":{"background-color":"","background-image":"","background-repeat":"repeat","background-position":"center center","background-size":"auto","background-attachment":"scroll","background-type":"","background-media":"","overlay-type":"","overlay-color":"","overlay-opacity":"","overlay-gradient":""},"tablet":{"background-color":"","background-image":"","background-repeat":"repeat","background-position":"center center","background-size":"auto","background-attachment":"scroll","background-type":"","background-media":"","overlay-type":"","overlay-color":"","overlay-opacity":"","overlay-gradient":""},"mobile":{"background-color":"","background-image":"","background-repeat":"repeat","background-position":"center center","background-size":"auto","background-attachment":"scroll","background-type":"","background-media":"","overlay-type":"","overlay-color":"","overlay-opacity":"","overlay-gradient":""}},"ast-content-background-meta":{"desktop":{"background-color":"var(--ast-global-color-5)","background-image":"","background-repeat":"repeat","background-position":"center center","background-size":"auto","background-attachment":"scroll","background-type":"","background-media":"","overlay-type":"","overlay-color":"","overlay-opacity":"","overlay-gradient":""},"tablet":{"background-color":"var(--ast-global-color-5)","background-image":"","background-repeat":"repeat","background-position":"center center","background-size":"auto","background-attachment":"scroll","background-type":"","background-media":"","overlay-type":"","overlay-color":"","overlay-opacity":"","overlay-gradient":""},"mobile":{"background-color":"var(--ast-global-color-5)","background-image":"","background-repeat":"repeat","background-position":"center center","background-size":"auto","background-attachment":"scroll","background-type":"","background-media":"","overlay-type":"","overlay-color":"","overlay-opacity":"","overlay-gradient":""}},"footnotes":""},"class_list":["post-454","page","type-page","status-publish","hentry"],"acf":[],"_links":{"self":[{"href":"https:\/\/www.museoemigrazioneitaliana.org\/pt\/wp-json\/wp\/v2\/pages\/454","targetHints":{"allow":["GET"]}}],"collection":[{"href":"https:\/\/www.museoemigrazioneitaliana.org\/pt\/wp-json\/wp\/v2\/pages"}],"about":[{"href":"https:\/\/www.museoemigrazioneitaliana.org\/pt\/wp-json\/wp\/v2\/types\/page"}],"author":[{"embeddable":true,"href":"https:\/\/www.museoemigrazioneitaliana.org\/pt\/wp-json\/wp\/v2\/users\/1"}],"replies":[{"embeddable":true,"href":"https:\/\/www.museoemigrazioneitaliana.org\/pt\/wp-json\/wp\/v2\/comments?post=454"}],"version-history":[{"count":2,"href":"https:\/\/www.museoemigrazioneitaliana.org\/pt\/wp-json\/wp\/v2\/pages\/454\/revisions"}],"predecessor-version":[{"id":1652,"href":"https:\/\/www.museoemigrazioneitaliana.org\/pt\/wp-json\/wp\/v2\/pages\/454\/revisions\/1652"}],"up":[{"embeddable":true,"href":"https:\/\/www.museoemigrazioneitaliana.org\/pt\/wp-json\/wp\/v2\/pages\/438"}],"wp:attachment":[{"href":"https:\/\/www.museoemigrazioneitaliana.org\/pt\/wp-json\/wp\/v2\/media?parent=454"}],"curies":[{"name":"wp","href":"https:\/\/api.w.org\/{rel}","templated":true}]}}

Unidades de Ensino. Escolas Secundárias

<p>Propostas educativas sobre o tema da migração para alunos do ensino secundário</p>
			<h3>Itália e Roménia</h3>			
			<a href="https://www.museoemigrazioneitaliana.org/wp-content/uploads/2022/01/Unit-didattica.-Italia-e-Romania2.pdf" target="_blank" rel="noopener" role="button" aria-label="Descarregar">
											Descarregar
		</a>
			<h3>Exercícios sobre uma carta de um emigrante</h3>			
			<a href="https://www.museoemigrazioneitaliana.org/wp-content/uploads/2022/01/UD.-Esercizi-su-una-lettera-di-un-emigrante2.pdf" target="_blank" rel="noopener" role="button" aria-label="Descarregar">
											Descarregar
		</a>
			<h3>Como estudar as cartas de emigração</h3>			
			<a href="https://www.museoemigrazioneitaliana.org/wp-content/uploads/2022/01/UD.-Come-studiare-le-lettere-di-emigrazione2.pdf" target="_blank" rel="noopener" role="button" aria-label="Descarregar">
											Descarregar
		</a>
			<h3>Emigração feminina</h3>			
			<a href="https://www.museoemigrazioneitaliana.org/wp-content/uploads/2022/01/UD.-Emigrazione-al-femminile2.pdf" target="_blank" rel="noopener" role="button" aria-label="Descarregar">
											Descarregar
		</a>
			<h3>A representação do emigrante entre as cartas e a autobiografia</h3>			
			<a href="https://www.museoemigrazioneitaliana.org/wp-content/uploads/2022/01/UD.-La-rappresentazione-dellemigrante-tra-lettere-e-autobiografia2.pdf" target="_blank" rel="noopener" role="button" aria-label="Descarregar">
											Descarregar
		</a>
			<h3>História das migrações num projeto de história oral</h3>			
			<a href="https://www.museoemigrazioneitaliana.org/wp-content/uploads/2022/01/UD.-Storia-di-migrazioni-in-un-progetto-di-storia-orale2.pdf" target="_blank" rel="noopener" role="button" aria-label="Descarregar">
											Descarregar
		</a>
					<ul id="menu-didattica"><li id="menu-item-462"><a href="https://www.museoemigrazioneitaliana.org/pt/didatica/">Didática</a>
<ul>
	<li id="menu-item-471"><a href="https://www.museoemigrazioneitaliana.org/pt/didatica/kits-educativos-para-migrantes/">Migrantes. Kit de divulgação pedagógica</a></li>
	<li id="menu-item-470"><a href="https://www.museoemigrazioneitaliana.org/pt/didatica/reportagem-sobre-migrantes/">Migrantes. Reportagem</a></li>
	<li id="menu-item-469"><a href="https://www.museoemigrazioneitaliana.org/pt/didatica/historia-dos-migrantes/">Migrantes. A história</a></li>
	<li id="menu-item-467"><a href="https://www.museoemigrazioneitaliana.org/pt/didatica/unidades-de-ensino-do-primeiro-ciclo-do-ensino-basico-e-do-ensino-secundario/">Unidades de ensino. Ensino Secundário e Ensino Básico</a></li>
	<li id="menu-item-466"><a href="https://www.museoemigrazioneitaliana.org/pt/didatica/unidades-didacticas-do-primeiro-ciclo-do-ensino-basico/">Unidades de Ensino. Escolas Secundárias</a></li>
	<li id="menu-item-463"><a href="https://www.museoemigrazioneitaliana.org/pt/didatica/historias-de-emigracao/">Histórias de emigração</a></li>
</ul>
</li>
</ul>
