{"id":448,"date":"2020-12-17T15:24:09","date_gmt":"2020-12-17T14:24:09","guid":{"rendered":"https:\/\/mei.ms-dev.it\/?page_id=448"},"modified":"2022-01-26T16:50:33","modified_gmt":"2022-01-26T15:50:33","slug":"historia-dos-migrantes","status":"publish","type":"page","link":"https:\/\/www.museoemigrazioneitaliana.org\/pt\/didattica\/migranti-storia\/","title":{"rendered":"Migrantes. A hist\u00f3ria"},"content":{"rendered":"<p>Estudos hist\u00f3ricos e investiga\u00e7\u00e3o sobre migra\u00e7\u00e3o<\/p>\n\t\t\t<h3>Uma grande epopeia esquecida<\/h3>\t\t\t\n\t\t\t<a href=\"https:\/\/www.museoemigrazioneitaliana.org\/wp-content\/uploads\/2022\/01\/Una-grande-epopea-dimenticata.pdf\" target=\"_blank\" rel=\"noopener\" role=\"button\" aria-label=\"Descarregar\">\n\t\t\t\t\t\t\t\t\t\t\tDescarregar\n\t\t<\/a>\n\t\t\t<h3>De italianos a italobelgas. O drama de Marcinelle<\/h3>\t\t\t\n\t\t\t<a href=\"https:\/\/www.museoemigrazioneitaliana.org\/wp-content\/uploads\/2022\/01\/Da-italiani-a-italobelgi-a-tragedia-di-Marcinelle.pdf\" target=\"_blank\" rel=\"noopener\" role=\"button\" aria-label=\"Descarregar\">\n\t\t\t\t\t\t\t\t\t\t\tDescarregar\n\t\t<\/a>\n\t\t\t<h3>Emigrantes italianos e movimentos oper\u00e1rios nos Estados Unidos<\/h3>\t\t\t\n\t\t\t<a href=\"https:\/\/www.museoemigrazioneitaliana.org\/wp-content\/uploads\/2022\/01\/Emigranti-italiani-e-movimenti-operai-negli-Stati-Uniti.pdf\" target=\"_blank\" rel=\"noopener\" role=\"button\" aria-label=\"Descarregar\">\n\t\t\t\t\t\t\t\t\t\t\tDescarregar\n\t\t<\/a>\n\t\t\t<h3>A emigra\u00e7\u00e3o italiana como expans\u00e3o da na\u00e7\u00e3o italiana<\/h3>\t\t\t\n\t\t\t<a href=\"https:\/\/www.museoemigrazioneitaliana.org\/wp-content\/uploads\/2022\/01\/L-emigrazione-italiana-come-espansione-della-nazione-italiana.pdf\" target=\"_blank\" rel=\"noopener\" role=\"button\" aria-label=\"Descarregar\">\n\t\t\t\t\t\t\t\t\t\t\tDescarregar\n\t\t<\/a>\n\t\t\t<h3>A p\u00e1tria italiana nascida no oceano<\/h3>\t\t\t\n\t\t\t<a href=\"https:\/\/www.museoemigrazioneitaliana.org\/wp-content\/uploads\/2022\/01\/La-patria-italiana-che-nasce-sullOceano.pdf\" target=\"_blank\" rel=\"noopener\" role=\"button\" aria-label=\"Descarregar\">\n\t\t\t\t\t\t\t\t\t\t\tDescarregar\n\t\t<\/a>\n\t\t\t<h3>Mobilidade migrat\u00f3ria, conflitos, constru\u00e7\u00e3o dos nacionalismos<\/h3>\t\t\t\n\t\t\t<a href=\"https:\/\/www.museoemigrazioneitaliana.org\/wp-content\/uploads\/2022\/01\/Mobilit-migratoria-conflitti-fabbricazione-dei-nazionalismi.pdf\" target=\"_blank\" rel=\"noopener\" role=\"button\" aria-label=\"Descarregar\">\n\t\t\t\t\t\t\t\t\t\t\tDescarregar\n\t\t<\/a>\n\t\t\t\t\t<ul id=\"menu-didattica\"><li id=\"menu-item-462\"><a href=\"https:\/\/www.museoemigrazioneitaliana.org\/pt\/didatica\/\">Did\u00e1tica<\/a>\n<ul>\n\t<li id=\"menu-item-471\"><a href=\"https:\/\/www.museoemigrazioneitaliana.org\/pt\/didatica\/kits-educativos-para-migrantes\/\">Migrantes. Kit de divulga\u00e7\u00e3o pedag\u00f3gica<\/a><\/li>\n\t<li id=\"menu-item-470\"><a href=\"https:\/\/www.museoemigrazioneitaliana.org\/pt\/didatica\/reportagem-sobre-migrantes\/\">Migrantes. Reportagem<\/a><\/li>\n\t<li id=\"menu-item-469\"><a href=\"https:\/\/www.museoemigrazioneitaliana.org\/pt\/didatica\/historia-dos-migrantes\/\">Migrantes. A hist\u00f3ria<\/a><\/li>\n\t<li id=\"menu-item-467\"><a href=\"https:\/\/www.museoemigrazioneitaliana.org\/pt\/didatica\/unidades-de-ensino-do-primeiro-ciclo-do-ensino-basico-e-do-ensino-secundario\/\">Unidades de ensino. Ensino Secund\u00e1rio e Ensino B\u00e1sico<\/a><\/li>\n\t<li id=\"menu-item-466\"><a href=\"https:\/\/www.museoemigrazioneitaliana.org\/pt\/didatica\/unidades-didacticas-do-primeiro-ciclo-do-ensino-basico\/\">Unidades de Ensino. Escolas Secund\u00e1rias<\/a><\/li>\n\t<li id=\"menu-item-463\"><a href=\"https:\/\/www.museoemigrazioneitaliana.org\/pt\/didatica\/historias-de-emigracao\/\">Hist\u00f3rias de emigra\u00e7\u00e3o<\/a><\/li>\n<\/ul>\n<\/li>\n<\/ul>","protected":false},"excerpt":{"rendered":"<p>Studi e ricerche storiche sul tema delle migrazioni Una grande epopea dimenticata Scarica Da italiani a italobelgi. La tragedia di Marcinelle Scarica Emigranti italiani e movimenti operai negli Stati Uniti Scarica L&#8217;emigrazione italiana come espansione della nazione italiana Scarica La patria italiana che nasce sull&#8217;Oceano Scarica Mobilita migratoria, conflitti, fabbricazione dei nazionalismi Scarica Didattica Migranti. [&hellip;]<\/p>\n","protected":false},"author":1,"featured_media":0,"parent":438,"menu_order":0,"comment_status":"closed","ping_status":"open","template":"","meta":{"_acf_changed":false,"site-sidebar-layout":"default","site-content-layout":"default","ast-site-content-layout":"default","site-content-style":"default","site-sidebar-style":"default","ast-global-header-display":"","ast-banner-title-visibility":"","ast-main-header-display":"","ast-hfb-above-header-display":"","ast-hfb-below-header-display":"","ast-hfb-mobile-header-display":"","site-post-title":"","ast-breadcrumbs-content":"","ast-featured-img":"","footer-sml-layout":"","ast-disable-related-posts":"","theme-transparent-header-meta":"default","adv-header-id-meta":"","stick-header-meta":"","header-above-stick-meta":"","header-main-stick-meta":"","header-below-stick-meta":"","astra-migrate-meta-layouts":"default","ast-page-background-enabled":"default","ast-page-background-meta":{"desktop":{"background-color":"","background-image":"","background-repeat":"repeat","background-position":"center center","background-size":"auto","background-attachment":"scroll","background-type":"","background-media":"","overlay-type":"","overlay-color":"","overlay-opacity":"","overlay-gradient":""},"tablet":{"background-color":"","background-image":"","background-repeat":"repeat","background-position":"center center","background-size":"auto","background-attachment":"scroll","background-type":"","background-media":"","overlay-type":"","overlay-color":"","overlay-opacity":"","overlay-gradient":""},"mobile":{"background-color":"","background-image":"","background-repeat":"repeat","background-position":"center center","background-size":"auto","background-attachment":"scroll","background-type":"","background-media":"","overlay-type":"","overlay-color":"","overlay-opacity":"","overlay-gradient":""}},"ast-content-background-meta":{"desktop":{"background-color":"var(--ast-global-color-5)","background-image":"","background-repeat":"repeat","background-position":"center center","background-size":"auto","background-attachment":"scroll","background-type":"","background-media":"","overlay-type":"","overlay-color":"","overlay-opacity":"","overlay-gradient":""},"tablet":{"background-color":"var(--ast-global-color-5)","background-image":"","background-repeat":"repeat","background-position":"center center","background-size":"auto","background-attachment":"scroll","background-type":"","background-media":"","overlay-type":"","overlay-color":"","overlay-opacity":"","overlay-gradient":""},"mobile":{"background-color":"var(--ast-global-color-5)","background-image":"","background-repeat":"repeat","background-position":"center center","background-size":"auto","background-attachment":"scroll","background-type":"","background-media":"","overlay-type":"","overlay-color":"","overlay-opacity":"","overlay-gradient":""}},"footnotes":""},"class_list":["post-448","page","type-page","status-publish","hentry"],"acf":[],"_links":{"self":[{"href":"https:\/\/www.museoemigrazioneitaliana.org\/pt\/wp-json\/wp\/v2\/pages\/448","targetHints":{"allow":["GET"]}}],"collection":[{"href":"https:\/\/www.museoemigrazioneitaliana.org\/pt\/wp-json\/wp\/v2\/pages"}],"about":[{"href":"https:\/\/www.museoemigrazioneitaliana.org\/pt\/wp-json\/wp\/v2\/types\/page"}],"author":[{"embeddable":true,"href":"https:\/\/www.museoemigrazioneitaliana.org\/pt\/wp-json\/wp\/v2\/users\/1"}],"replies":[{"embeddable":true,"href":"https:\/\/www.museoemigrazioneitaliana.org\/pt\/wp-json\/wp\/v2\/comments?post=448"}],"version-history":[{"count":2,"href":"https:\/\/www.museoemigrazioneitaliana.org\/pt\/wp-json\/wp\/v2\/pages\/448\/revisions"}],"predecessor-version":[{"id":1623,"href":"https:\/\/www.museoemigrazioneitaliana.org\/pt\/wp-json\/wp\/v2\/pages\/448\/revisions\/1623"}],"up":[{"embeddable":true,"href":"https:\/\/www.museoemigrazioneitaliana.org\/pt\/wp-json\/wp\/v2\/pages\/438"}],"wp:attachment":[{"href":"https:\/\/www.museoemigrazioneitaliana.org\/pt\/wp-json\/wp\/v2\/media?parent=448"}],"curies":[{"name":"wp","href":"https:\/\/api.w.org\/{rel}","templated":true}]}}

Migrantes. A história

<p>Estudos históricos e investigação sobre migração</p>
			<h3>Uma grande epopeia esquecida</h3>			
			<a href="https://www.museoemigrazioneitaliana.org/wp-content/uploads/2022/01/Una-grande-epopea-dimenticata.pdf" target="_blank" rel="noopener" role="button" aria-label="Descarregar">
											Descarregar
		</a>
			<h3>De italianos a italobelgas. O drama de Marcinelle</h3>			
			<a href="https://www.museoemigrazioneitaliana.org/wp-content/uploads/2022/01/Da-italiani-a-italobelgi-a-tragedia-di-Marcinelle.pdf" target="_blank" rel="noopener" role="button" aria-label="Descarregar">
											Descarregar
		</a>
			<h3>Emigrantes italianos e movimentos operários nos Estados Unidos</h3>			
			<a href="https://www.museoemigrazioneitaliana.org/wp-content/uploads/2022/01/Emigranti-italiani-e-movimenti-operai-negli-Stati-Uniti.pdf" target="_blank" rel="noopener" role="button" aria-label="Descarregar">
											Descarregar
		</a>
			<h3>A emigração italiana como expansão da nação italiana</h3>			
			<a href="https://www.museoemigrazioneitaliana.org/wp-content/uploads/2022/01/L-emigrazione-italiana-come-espansione-della-nazione-italiana.pdf" target="_blank" rel="noopener" role="button" aria-label="Descarregar">
											Descarregar
		</a>
			<h3>A pátria italiana nascida no oceano</h3>			
			<a href="https://www.museoemigrazioneitaliana.org/wp-content/uploads/2022/01/La-patria-italiana-che-nasce-sullOceano.pdf" target="_blank" rel="noopener" role="button" aria-label="Descarregar">
											Descarregar
		</a>
			<h3>Mobilidade migratória, conflitos, construção dos nacionalismos</h3>			
			<a href="https://www.museoemigrazioneitaliana.org/wp-content/uploads/2022/01/Mobilit-migratoria-conflitti-fabbricazione-dei-nazionalismi.pdf" target="_blank" rel="noopener" role="button" aria-label="Descarregar">
											Descarregar
		</a>
					<ul id="menu-didattica"><li id="menu-item-462"><a href="https://www.museoemigrazioneitaliana.org/pt/didatica/">Didática</a>
<ul>
	<li id="menu-item-471"><a href="https://www.museoemigrazioneitaliana.org/pt/didatica/kits-educativos-para-migrantes/">Migrantes. Kit de divulgação pedagógica</a></li>
	<li id="menu-item-470"><a href="https://www.museoemigrazioneitaliana.org/pt/didatica/reportagem-sobre-migrantes/">Migrantes. Reportagem</a></li>
	<li id="menu-item-469"><a href="https://www.museoemigrazioneitaliana.org/pt/didatica/historia-dos-migrantes/">Migrantes. A história</a></li>
	<li id="menu-item-467"><a href="https://www.museoemigrazioneitaliana.org/pt/didatica/unidades-de-ensino-do-primeiro-ciclo-do-ensino-basico-e-do-ensino-secundario/">Unidades de ensino. Ensino Secundário e Ensino Básico</a></li>
	<li id="menu-item-466"><a href="https://www.museoemigrazioneitaliana.org/pt/didatica/unidades-didacticas-do-primeiro-ciclo-do-ensino-basico/">Unidades de Ensino. Escolas Secundárias</a></li>
	<li id="menu-item-463"><a href="https://www.museoemigrazioneitaliana.org/pt/didatica/historias-de-emigracao/">Histórias de emigração</a></li>
</ul>
</li>
</ul>
