{"id":444,"date":"2020-12-17T15:23:28","date_gmt":"2020-12-17T14:23:28","guid":{"rendered":"https:\/\/mei.ms-dev.it\/?page_id=444"},"modified":"2022-01-26T16:51:59","modified_gmt":"2022-01-26T15:51:59","slug":"kits-educativos-para-migrantes","status":"publish","type":"page","link":"https:\/\/www.museoemigrazioneitaliana.org\/pt\/didattica\/migranti-kit-didattico-divulgativo\/","title":{"rendered":"Migrantes. Kit de divulga\u00e7\u00e3o pedag\u00f3gica"},"content":{"rendered":"<h3>Hist\u00f3rias de ontem, Hist\u00f3rias de hoje, Mulheres, Homens, Migrantes<\/h3>\t\t\t\n\t\t\t<a href=\"https:\/\/www.museoemigrazioneitaliana.org\/wp-content\/uploads\/2022\/01\/Migranti5.pdf\" target=\"_blank\" rel=\"noopener\" role=\"button\" aria-label=\"Descarregar\">\n\t\t\t\t\t\t\t\t\t\t\tDescarregar\n\t\t<\/a>\n\t\t\t\t\t<ul id=\"menu-didattica\"><li id=\"menu-item-462\"><a href=\"https:\/\/www.museoemigrazioneitaliana.org\/pt\/didatica\/\">Did\u00e1tica<\/a>\n<ul>\n\t<li id=\"menu-item-471\"><a href=\"https:\/\/www.museoemigrazioneitaliana.org\/pt\/didatica\/kits-educativos-para-migrantes\/\">Migrantes. Kit de divulga\u00e7\u00e3o pedag\u00f3gica<\/a><\/li>\n\t<li id=\"menu-item-470\"><a href=\"https:\/\/www.museoemigrazioneitaliana.org\/pt\/didatica\/reportagem-sobre-migrantes\/\">Migrantes. Reportagem<\/a><\/li>\n\t<li id=\"menu-item-469\"><a href=\"https:\/\/www.museoemigrazioneitaliana.org\/pt\/didatica\/historia-dos-migrantes\/\">Migrantes. A hist\u00f3ria<\/a><\/li>\n\t<li id=\"menu-item-467\"><a href=\"https:\/\/www.museoemigrazioneitaliana.org\/pt\/didatica\/unidades-de-ensino-do-primeiro-ciclo-do-ensino-basico-e-do-ensino-secundario\/\">Unidades de ensino. Ensino Secund\u00e1rio e Ensino B\u00e1sico<\/a><\/li>\n\t<li id=\"menu-item-466\"><a href=\"https:\/\/www.museoemigrazioneitaliana.org\/pt\/didatica\/unidades-didacticas-do-primeiro-ciclo-do-ensino-basico\/\">Unidades de Ensino. Escolas Secund\u00e1rias<\/a><\/li>\n\t<li id=\"menu-item-463\"><a href=\"https:\/\/www.museoemigrazioneitaliana.org\/pt\/didatica\/historias-de-emigracao\/\">Hist\u00f3rias de emigra\u00e7\u00e3o<\/a><\/li>\n<\/ul>\n<\/li>\n<\/ul>","protected":false},"excerpt":{"rendered":"<p>Hist\u00f3rias de Ontem, Hist\u00f3rias de Hoje, Mulheres, Homens, Migrantes Descarregar o Kit Did\u00e1tico Migrantes. Kit did\u00e1tico-divulga\u00e7\u00e3o Migrantes. Reportagem Migrantes. Unidades did\u00e1cticas de Hist\u00f3ria. Unidades did\u00e1cticas para o ensino secund\u00e1rio e prim\u00e1rio. Hist\u00f3rias de Migrantes do Ensino Secund\u00e1rio<\/p>","protected":false},"author":1,"featured_media":0,"parent":438,"menu_order":0,"comment_status":"closed","ping_status":"open","template":"","meta":{"_acf_changed":false,"site-sidebar-layout":"default","site-content-layout":"default","ast-site-content-layout":"default","site-content-style":"default","site-sidebar-style":"default","ast-global-header-display":"","ast-banner-title-visibility":"","ast-main-header-display":"","ast-hfb-above-header-display":"","ast-hfb-below-header-display":"","ast-hfb-mobile-header-display":"","site-post-title":"","ast-breadcrumbs-content":"","ast-featured-img":"","footer-sml-layout":"","ast-disable-related-posts":"","theme-transparent-header-meta":"default","adv-header-id-meta":"","stick-header-meta":"","header-above-stick-meta":"","header-main-stick-meta":"","header-below-stick-meta":"","astra-migrate-meta-layouts":"default","ast-page-background-enabled":"default","ast-page-background-meta":{"desktop":{"background-color":"","background-image":"","background-repeat":"repeat","background-position":"center center","background-size":"auto","background-attachment":"scroll","background-type":"","background-media":"","overlay-type":"","overlay-color":"","overlay-opacity":"","overlay-gradient":""},"tablet":{"background-color":"","background-image":"","background-repeat":"repeat","background-position":"center center","background-size":"auto","background-attachment":"scroll","background-type":"","background-media":"","overlay-type":"","overlay-color":"","overlay-opacity":"","overlay-gradient":""},"mobile":{"background-color":"","background-image":"","background-repeat":"repeat","background-position":"center center","background-size":"auto","background-attachment":"scroll","background-type":"","background-media":"","overlay-type":"","overlay-color":"","overlay-opacity":"","overlay-gradient":""}},"ast-content-background-meta":{"desktop":{"background-color":"var(--ast-global-color-5)","background-image":"","background-repeat":"repeat","background-position":"center center","background-size":"auto","background-attachment":"scroll","background-type":"","background-media":"","overlay-type":"","overlay-color":"","overlay-opacity":"","overlay-gradient":""},"tablet":{"background-color":"var(--ast-global-color-5)","background-image":"","background-repeat":"repeat","background-position":"center center","background-size":"auto","background-attachment":"scroll","background-type":"","background-media":"","overlay-type":"","overlay-color":"","overlay-opacity":"","overlay-gradient":""},"mobile":{"background-color":"var(--ast-global-color-5)","background-image":"","background-repeat":"repeat","background-position":"center center","background-size":"auto","background-attachment":"scroll","background-type":"","background-media":"","overlay-type":"","overlay-color":"","overlay-opacity":"","overlay-gradient":""}},"footnotes":""},"class_list":["post-444","page","type-page","status-publish","hentry"],"acf":[],"_links":{"self":[{"href":"https:\/\/www.museoemigrazioneitaliana.org\/pt\/wp-json\/wp\/v2\/pages\/444","targetHints":{"allow":["GET"]}}],"collection":[{"href":"https:\/\/www.museoemigrazioneitaliana.org\/pt\/wp-json\/wp\/v2\/pages"}],"about":[{"href":"https:\/\/www.museoemigrazioneitaliana.org\/pt\/wp-json\/wp\/v2\/types\/page"}],"author":[{"embeddable":true,"href":"https:\/\/www.museoemigrazioneitaliana.org\/pt\/wp-json\/wp\/v2\/users\/1"}],"replies":[{"embeddable":true,"href":"https:\/\/www.museoemigrazioneitaliana.org\/pt\/wp-json\/wp\/v2\/comments?post=444"}],"version-history":[{"count":2,"href":"https:\/\/www.museoemigrazioneitaliana.org\/pt\/wp-json\/wp\/v2\/pages\/444\/revisions"}],"predecessor-version":[{"id":1625,"href":"https:\/\/www.museoemigrazioneitaliana.org\/pt\/wp-json\/wp\/v2\/pages\/444\/revisions\/1625"}],"up":[{"embeddable":true,"href":"https:\/\/www.museoemigrazioneitaliana.org\/pt\/wp-json\/wp\/v2\/pages\/438"}],"wp:attachment":[{"href":"https:\/\/www.museoemigrazioneitaliana.org\/pt\/wp-json\/wp\/v2\/media?parent=444"}],"curies":[{"name":"wp","href":"https:\/\/api.w.org\/{rel}","templated":true}]}}

Migrantes. Kit de divulgação pedagógica

<h3>Histórias de ontem, Histórias de hoje, Mulheres, Homens, Migrantes</h3>			
			<a href="https://www.museoemigrazioneitaliana.org/wp-content/uploads/2022/01/Migranti5.pdf" target="_blank" rel="noopener" role="button" aria-label="Descarregar">
											Descarregar
		</a>
					<ul id="menu-didattica"><li id="menu-item-462"><a href="https://www.museoemigrazioneitaliana.org/pt/didatica/">Didática</a>
<ul>
	<li id="menu-item-471"><a href="https://www.museoemigrazioneitaliana.org/pt/didatica/kits-educativos-para-migrantes/">Migrantes. Kit de divulgação pedagógica</a></li>
	<li id="menu-item-470"><a href="https://www.museoemigrazioneitaliana.org/pt/didatica/reportagem-sobre-migrantes/">Migrantes. Reportagem</a></li>
	<li id="menu-item-469"><a href="https://www.museoemigrazioneitaliana.org/pt/didatica/historia-dos-migrantes/">Migrantes. A história</a></li>
	<li id="menu-item-467"><a href="https://www.museoemigrazioneitaliana.org/pt/didatica/unidades-de-ensino-do-primeiro-ciclo-do-ensino-basico-e-do-ensino-secundario/">Unidades de ensino. Ensino Secundário e Ensino Básico</a></li>
	<li id="menu-item-466"><a href="https://www.museoemigrazioneitaliana.org/pt/didatica/unidades-didacticas-do-primeiro-ciclo-do-ensino-basico/">Unidades de Ensino. Escolas Secundárias</a></li>
	<li id="menu-item-463"><a href="https://www.museoemigrazioneitaliana.org/pt/didatica/historias-de-emigracao/">Histórias de emigração</a></li>
</ul>
</li>
</ul>

<p>Histórias de Ontem, Histórias de Hoje, Mulheres, Homens, Migrantes Descarregar o Kit Didático Migrantes. Kit didático-divulgação Migrantes. Reportagem Migrantes. Unidades didácticas de História. Unidades didácticas para o ensino secundário e primário. Histórias de Migrantes do Ensino Secundário</p>
