{"id":113,"date":"2020-09-17T15:47:38","date_gmt":"2020-09-17T13:47:38","guid":{"rendered":"https:\/\/mei.ms-dev.it\/?page_id=113"},"modified":"2023-11-03T12:36:14","modified_gmt":"2023-11-03T11:36:14","slug":"rumo-a-uma-identidade-complexa","status":"publish","type":"page","link":"https:\/\/www.museoemigrazioneitaliana.org\/pt\/la-vita-sociale\/verso-unidentita-complessa\/","title":{"rendered":"Para uma identidade complexa"},"content":{"rendered":"\n\n\t<p>Ai primi emigranti bene si adatta la definizione coniata da Oscar Handlin di &#8220;sradicati&#8221;: nella maggior parte dei casi essi, pur facendo fronte alla diversit\u00e0 che li circondava, se ne difendevano rifiutando di imparare la lingua del paese di accoglienza, al di l\u00e0 del minimo indispensabile, e mantenendo il pi\u00f9 a lungo possibile usi ed abitudini di quello di origine.<\/p>\n<p>La seconda generazione, spesso nata nel nuovo paese, si dibatteva indecisa nella scelta tra il &#8220;prima&#8221; e il &#8220;dopo&#8221;, tra un passato che almeno poteva offrire qualche punto di riferimento certo e un futuro forse attraente ma ancora dai connotati imprecisi su cui incidevano profondamente avvenimenti epocali (si pensi alla seconda guerra mondiale e a coloro che, sicuri di far parte ormai di una nuova e stabile realt\u00e0, si ritrovarono nei vari paesi d&#8217;adozione a essere considerati &#8220;nemici&#8221;).<\/p>\n<p>La terza e la quarta generazione risultano ben inserite nella societ\u00e0 in cui operano ed emergono nei pi\u00f9 diversi campi: dalla ricerca all&#8217;imprenditoria, dalla politica alle arti, dalla finanza al cinema.<\/p>\n<p>Via via che le generazioni si integrano, cominciano a sentire il bisogno di riscoprire le radici e cercano di recuperarle perch\u00e9 senza memoria non c&#8217;\u00e8 identit\u00e0 e l&#8217;identit\u00e0 deve essere come un &#8220;motore di spinta&#8221; che mette insieme aspetti prettamente etnici (religione, feste, abitudini alimentari) e nuovi stili di vita (lavoro, famiglia, amicizie).<\/p>\n<p>Non \u00e8 un cammino semplice, lineare; \u00e8 piuttosto caratterizzato da tortuosit\u00e0, da regressioni, da interruzioni vistose nel processo di elaborazione del &#8220;vecchio&#8221; e di acquisizione del &#8220;nuovo&#8221;.<\/p>\n<p>Come sintesi estrema di questo processo chiunque l&#8217;abbia percorso potrebbe porsi la domanda &#8220;dove my casa?&#8221; che \u00e8 il titolo di una raccolta di poesie di Gregory Corso, importante esponente della Beat Generation, calabrese, come egli stesso si definiva.<\/p>\n\t\t\t\t\t<ul id=\"menu-la-vita-sociale\"><li id=\"menu-item-424\"><a href=\"https:\/\/www.museoemigrazioneitaliana.org\/la-vita-sociale\/\">La vita sociale<\/a>\n<ul>\n\t<li id=\"menu-item-428\"><a href=\"https:\/\/www.museoemigrazioneitaliana.org\/la-vita-sociale\/le-piccole-italie-e-la-dolce-casa\/\">Le &#8220;Piccole Italie&#8221; e la dolce casa<\/a><\/li>\n\t<li id=\"menu-item-426\"><a href=\"https:\/\/www.museoemigrazioneitaliana.org\/la-vita-sociale\/fondatori-di-citta-e-colonizzatori\/\">Fondatori di citt\u00e0 e colonizzatori<\/a><\/li>\n\t<li id=\"menu-item-425\"><a href=\"https:\/\/www.museoemigrazioneitaliana.org\/la-vita-sociale\/fare-gruppo\/\">Fare gruppo<\/a><\/li>\n\t<li id=\"menu-item-427\"><a href=\"https:\/\/www.museoemigrazioneitaliana.org\/la-vita-sociale\/la-scuola-tra-due-mondi\/\">La scuola tra due mondi<\/a><\/li>\n\t<li id=\"menu-item-429\"><a href=\"https:\/\/www.museoemigrazioneitaliana.org\/la-vita-sociale\/storie-di-intolleranza\/\">Storie di intolleranza<\/a><\/li>\n\t<li id=\"menu-item-430\"><a href=\"https:\/\/www.museoemigrazioneitaliana.org\/la-vita-sociale\/verso-unidentita-complessa\/\">Verso un&#8217;identit\u00e0 complessa<\/a><\/li>\n<\/ul>\n<\/li>\n<\/ul>\t\n\t<iframe loading=\"lazy\" title=\"LA LINGUA - Emigrazione Italiana\" width=\"500\" height=\"281\" src=\"https:\/\/www.youtube.com\/embed\/ZOggnRur6gw?feature=oembed\" frameborder=\"0\" allow=\"accelerometer; autoplay; clipboard-write; encrypted-media; gyroscope; picture-in-picture; web-share\" allowfullscreen><\/iframe>\n\t<p>&nbsp;<\/p>\n<p>Il video <em>La lingua: testimonianze di emigranti italiani sulla loro esperienza con le lingue straniere<\/em>\u00a0\u00e8 una sintesi di alcune interviste realizzate in Italia tra il 2006 e il 2008, una preziosa testimonianza di chi, avendo lasciato l&#8217;Italia, si trova in difficolt\u00e0 nel Paese di arrivo e, nello stesso tempo, si rende custode della nostra lingua cos\u00ec come \u00e8 stata acquisita nell&#8217;infanzia.<\/p>\n<p>Per tale caratteristica il video \u00e8 presente anche su <a href=\"https:\/\/multi.unipv.it\/it\/\" target=\"_blank\" rel=\"noopener\"><strong>Multi &#8211; Museo multimediale della lingua italiana,<\/strong><\/a> alla voce <a href=\"https:\/\/multi.unipv.it\/it\/percorso\/lingua-italiana-nel-mondo\/?sectionId=s21\" target=\"_blank\" rel=\"noopener\">Come si \u00e8 diffusa la lingua italiana nel mondo &#8211; Emigrazione<\/a>.<\/p>\n<p><strong>[Multi], <\/strong>\u00e8 il primo museo virtuale dedicato al racconto dell&#8217;italiano e della sua storia. Un coinvolgente percorso multimediale, con reperti visivi ad altissima risoluzione, animazioni, giochi interattivi, nato dalla collaborazione tra le Universit\u00e0 di Pavia, di Napoli L&#8217;Orientale e della Tuscia.<\/p>\n\n","protected":false},"excerpt":{"rendered":"<p>Ai primi emigranti bene si adatta la definizione coniata da Oscar Handlin di &#8220;sradicati&#8221;: nella maggior parte dei casi essi, pur facendo fronte alla diversit\u00e0 che li circondava, se ne difendevano rifiutando di imparare la lingua del paese di accoglienza, al di l\u00e0 del minimo indispensabile, e mantenendo il pi\u00f9 a lungo possibile usi ed [&hellip;]<\/p>\n","protected":false},"author":1,"featured_media":0,"parent":101,"menu_order":0,"comment_status":"closed","ping_status":"open","template":"","meta":{"_acf_changed":false,"site-sidebar-layout":"default","site-content-layout":"default","ast-site-content-layout":"default","site-content-style":"default","site-sidebar-style":"default","ast-global-header-display":"","ast-banner-title-visibility":"","ast-main-header-display":"","ast-hfb-above-header-display":"","ast-hfb-below-header-display":"","ast-hfb-mobile-header-display":"","site-post-title":"","ast-breadcrumbs-content":"","ast-featured-img":"","footer-sml-layout":"","ast-disable-related-posts":"","theme-transparent-header-meta":"default","adv-header-id-meta":"","stick-header-meta":"","header-above-stick-meta":"","header-main-stick-meta":"","header-below-stick-meta":"","astra-migrate-meta-layouts":"set","ast-page-background-enabled":"default","ast-page-background-meta":{"desktop":{"background-color":"","background-image":"","background-repeat":"repeat","background-position":"center center","background-size":"auto","background-attachment":"scroll","background-type":"","background-media":"","overlay-type":"","overlay-color":"","overlay-opacity":"","overlay-gradient":""},"tablet":{"background-color":"","background-image":"","background-repeat":"repeat","background-position":"center center","background-size":"auto","background-attachment":"scroll","background-type":"","background-media":"","overlay-type":"","overlay-color":"","overlay-opacity":"","overlay-gradient":""},"mobile":{"background-color":"","background-image":"","background-repeat":"repeat","background-position":"center center","background-size":"auto","background-attachment":"scroll","background-type":"","background-media":"","overlay-type":"","overlay-color":"","overlay-opacity":"","overlay-gradient":""}},"ast-content-background-meta":{"desktop":{"background-color":"var(--ast-global-color-5)","background-image":"","background-repeat":"repeat","background-position":"center center","background-size":"auto","background-attachment":"scroll","background-type":"","background-media":"","overlay-type":"","overlay-color":"","overlay-opacity":"","overlay-gradient":""},"tablet":{"background-color":"var(--ast-global-color-5)","background-image":"","background-repeat":"repeat","background-position":"center center","background-size":"auto","background-attachment":"scroll","background-type":"","background-media":"","overlay-type":"","overlay-color":"","overlay-opacity":"","overlay-gradient":""},"mobile":{"background-color":"var(--ast-global-color-5)","background-image":"","background-repeat":"repeat","background-position":"center center","background-size":"auto","background-attachment":"scroll","background-type":"","background-media":"","overlay-type":"","overlay-color":"","overlay-opacity":"","overlay-gradient":""}},"footnotes":""},"class_list":["post-113","page","type-page","status-publish","hentry"],"acf":[],"_links":{"self":[{"href":"https:\/\/www.museoemigrazioneitaliana.org\/pt\/wp-json\/wp\/v2\/pages\/113","targetHints":{"allow":["GET"]}}],"collection":[{"href":"https:\/\/www.museoemigrazioneitaliana.org\/pt\/wp-json\/wp\/v2\/pages"}],"about":[{"href":"https:\/\/www.museoemigrazioneitaliana.org\/pt\/wp-json\/wp\/v2\/types\/page"}],"author":[{"embeddable":true,"href":"https:\/\/www.museoemigrazioneitaliana.org\/pt\/wp-json\/wp\/v2\/users\/1"}],"replies":[{"embeddable":true,"href":"https:\/\/www.museoemigrazioneitaliana.org\/pt\/wp-json\/wp\/v2\/comments?post=113"}],"version-history":[{"count":6,"href":"https:\/\/www.museoemigrazioneitaliana.org\/pt\/wp-json\/wp\/v2\/pages\/113\/revisions"}],"predecessor-version":[{"id":3500,"href":"https:\/\/www.museoemigrazioneitaliana.org\/pt\/wp-json\/wp\/v2\/pages\/113\/revisions\/3500"}],"up":[{"embeddable":true,"href":"https:\/\/www.museoemigrazioneitaliana.org\/pt\/wp-json\/wp\/v2\/pages\/101"}],"wp:attachment":[{"href":"https:\/\/www.museoemigrazioneitaliana.org\/pt\/wp-json\/wp\/v2\/media?parent=113"}],"curies":[{"name":"wp","href":"https:\/\/api.w.org\/{rel}","templated":true}]}}

<p>Ai primi emigranti bene si adatta la definizione coniata da Oscar Handlin di &#8220;sradicati&#8221;: nella maggior parte dei casi essi, pur facendo fronte alla diversità che li circondava, se ne difendevano rifiutando di imparare la lingua del paese di accoglienza, al di là del minimo indispensabile, e mantenendo il più a lungo possibile usi ed abitudini di quello di origine.</p>
<p>La seconda generazione, spesso nata nel nuovo paese, si dibatteva indecisa nella scelta tra il &#8220;prima&#8221; e il &#8220;dopo&#8221;, tra un passato che almeno poteva offrire qualche punto di riferimento certo e un futuro forse attraente ma ancora dai connotati imprecisi su cui incidevano profondamente avvenimenti epocali (si pensi alla seconda guerra mondiale e a coloro che, sicuri di far parte ormai di una nuova e stabile realtà, si ritrovarono nei vari paesi d&#8217;adozione a essere considerati &#8220;nemici&#8221;).</p>
<p>La terza e la quarta generazione risultano ben inserite nella società in cui operano ed emergono nei più diversi campi: dalla ricerca all&#8217;imprenditoria, dalla politica alle arti, dalla finanza al cinema.</p>
<p>Via via che le generazioni si integrano, cominciano a sentire il bisogno di riscoprire le radici e cercano di recuperarle perché senza memoria non c&#8217;è identità e l&#8217;identità deve essere come un &#8220;motore di spinta&#8221; che mette insieme aspetti prettamente etnici (religione, feste, abitudini alimentari) e nuovi stili di vita (lavoro, famiglia, amicizie).</p>
<p>Non è un cammino semplice, lineare; è piuttosto caratterizzato da tortuosità, da regressioni, da interruzioni vistose nel processo di elaborazione del &#8220;vecchio&#8221; e di acquisizione del &#8220;nuovo&#8221;.</p>
<p>Come sintesi estrema di questo processo chiunque l&#8217;abbia percorso potrebbe porsi la domanda &#8220;dove my casa?&#8221; che è il titolo di una raccolta di poesie di Gregory Corso, importante esponente della Beat Generation, calabrese, come egli stesso si definiva.</p>
					<ul id="menu-la-vita-sociale"><li id="menu-item-424"><a href="https://www.museoemigrazioneitaliana.org/la-vita-sociale/">La vita sociale</a>
<ul>
	<li id="menu-item-428"><a href="https://www.museoemigrazioneitaliana.org/la-vita-sociale/le-piccole-italie-e-la-dolce-casa/">Le &#8220;Piccole Italie&#8221; e la dolce casa</a></li>
	<li id="menu-item-426"><a href="https://www.museoemigrazioneitaliana.org/la-vita-sociale/fondatori-di-citta-e-colonizzatori/">Fondatori di città e colonizzatori</a></li>
	<li id="menu-item-425"><a href="https://www.museoemigrazioneitaliana.org/la-vita-sociale/fare-gruppo/">Fare gruppo</a></li>
	<li id="menu-item-427"><a href="https://www.museoemigrazioneitaliana.org/la-vita-sociale/la-scuola-tra-due-mondi/">La scuola tra due mondi</a></li>
	<li id="menu-item-429"><a href="https://www.museoemigrazioneitaliana.org/la-vita-sociale/storie-di-intolleranza/">Storie di intolleranza</a></li>
	<li id="menu-item-430"><a href="https://www.museoemigrazioneitaliana.org/la-vita-sociale/verso-unidentita-complessa/">Verso un&#8217;identità complessa</a></li>
</ul>
</li>
</ul>	
	<iframe loading="lazy" title="LA LINGUA - Emigrazione Italiana" width="500" height="281" src="https://www.youtube.com/embed/ZOggnRur6gw?feature=oembed" frameborder="0" allow="accelerometer; autoplay; clipboard-write; encrypted-media; gyroscope; picture-in-picture; web-share" allowfullscreen></iframe>
	<p>&nbsp;</p>
<p>Il video <em>La lingua: testimonianze di emigranti italiani sulla loro esperienza con le lingue straniere</em> è una sintesi di alcune interviste realizzate in Italia tra il 2006 e il 2008, una preziosa testimonianza di chi, avendo lasciato l&#8217;Italia, si trova in difficoltà nel Paese di arrivo e, nello stesso tempo, si rende custode della nostra lingua così come è stata acquisita nell&#8217;infanzia.</p>
<p>Per tale caratteristica il video è presente anche su <a href="https://multi.unipv.it/it/" target="_blank" rel="noopener"><strong>Multi &#8211; Museo multimediale della lingua italiana,</strong></a> alla voce <a href="https://multi.unipv.it/it/percorso/lingua-italiana-nel-mondo/?sectionId=s21" target="_blank" rel="noopener">Come si è diffusa la lingua italiana nel mondo &#8211; Emigrazione</a>.</p>
<p><strong>[Multi], </strong>è il primo museo virtuale dedicato al racconto dell&#8217;italiano e della sua storia. Un coinvolgente percorso multimediale, con reperti visivi ad altissima risoluzione, animazioni, giochi interattivi, nato dalla collaborazione tra le Università di Pavia, di Napoli L&#8217;Orientale e della Tuscia.</p>

<p>Ai primi emigranti bene si adatta la definizione coniata da Oscar Handlin di &#8220;sradicati&#8221;: nella maggior parte dei casi essi, pur facendo fronte alla diversità che li circondava, se ne difendevano rifiutando di imparare la lingua del paese di accoglienza, al di là del minimo indispensabile, e mantenendo il più a lungo possibile usi ed [&hellip;]</p>
