{"id":103,"date":"2020-09-17T15:45:59","date_gmt":"2020-09-17T13:45:59","guid":{"rendered":"https:\/\/mei.ms-dev.it\/?page_id=103"},"modified":"2022-03-10T10:51:20","modified_gmt":"2022-03-10T09:51:20","slug":"pequena-italia-e-la-dolce-casa","status":"publish","type":"page","link":"https:\/\/www.museoemigrazioneitaliana.org\/pt\/la-vita-sociale\/le-piccole-italie-e-la-dolce-casa\/","title":{"rendered":"As \"Pequenas It\u00e1lias\" e la dolce casa"},"content":{"rendered":"<p>As ruas de Little Italy, como era chamado o bairro italiano nos Estados Unidos, eram estreitas, apinhadas, sujas e dominadas por corti\u00e7os degradados. O corti\u00e7o era um corti\u00e7o grande: muitas vezes, tinha casas de banho comuns (nos patamares ou no p\u00e1tio) e a entrada para becos quase inabit\u00e1veis e escuros.<\/p>\n<p>O imigrante rec\u00e9m-chegado \u00e0 nova realidade encontrava ref\u00fagio na \"Little Italy\" e, oprimido pela nostalgia e por uma profunda solid\u00e3o interior, encontrava al\u00edvio e fuga na integra\u00e7\u00e3o num grupo que reproduzia substancialmente os valores e os c\u00f3digos de comportamento do grupo de origem. Em Buenos Aires, pelo contr\u00e1rio, os emigrantes, e n\u00e3o s\u00f3 os italianos, encontraram alojamento, na zona pr\u00f3xima do porto, em edif\u00edcios outrora imponentes que foram transformados em casas para imigrantes, os conventillos.<\/p>\n<p>O esquema cl\u00e1ssico de um conventillo era uma forma de paralelep\u00edpedo, r\u00e9s do ch\u00e3o e primeiro andar, com um p\u00e1tio interior onde se partilhavam os servi\u00e7os essenciais. As fotografias animadas de conventillos em Buenos Aires e da Mulberry street em Nova Iorque ajudam-nos a compreender como estes locais se tornaram centros comunit\u00e1rios de re-produ\u00e7\u00e3o e distribui\u00e7\u00e3o de cultura.<\/p>\n<p>Esta foi a origem dos bairros italianos nas grandes cidades americanas, com nomes variados, mas em que as ruas tinham a fun\u00e7\u00e3o de pra\u00e7as de aldeia, de lugares onde um patrim\u00f3nio cultural comum era reestruturado e condensado, suspenso entre ra\u00edzes antigas e novas \"fronteiras\".<\/p>\n<p>Mais tarde, a aquisi\u00e7\u00e3o de uma casa pr\u00f3pria tornou-se um dos \"sinais\" mais tranquilizadores do caminho percorrido e do \"progresso\" alcan\u00e7ado: a casa \u00e9 o lugar onde cada um pode ser simplesmente ele pr\u00f3prio.<\/p>\n<p>A casa \u00e9 ao mesmo tempo ninho e fortaleza; ref\u00fagio para quem tem \"dentro de It\u00e1lia, fora da Am\u00e9rica\", ainda muito por conquistar. E as fotografias s\u00e3o quase biografias escritas pelos pr\u00f3prios emigrantes.<\/p>\n<p>Do Arquivo Cresci, dois testemunhos diferentes: Augustin Storace \u00e9 comerciante e bombeiro em Lima. Com uma boa forma\u00e7\u00e3o, utiliza a objetiva para captar cenas da vida familiar. Benny Moscardini, transplantado para Boston, faz um uso menos privado da fotografia: retrata os jovens e as raparigas do bairro, as ruas com bandeiras em honra do General Diaz e, numa viagem a It\u00e1lia, at\u00e9 uma doca no porto de Nova Iorque. O mundo de Storace \u00e9 a casa e a oficina; o de Moscardini \u00e9 projetado para o exterior.<\/p>\n\t\t\t\t\t<ul id=\"menu-la-vita-sociale\"><li id=\"menu-item-424\"><a href=\"https:\/\/www.museoemigrazioneitaliana.org\/pt\/vida-social\/\">Vida social<\/a>\n<ul>\n\t<li id=\"menu-item-428\"><a href=\"https:\/\/www.museoemigrazioneitaliana.org\/pt\/vida-social\/pequena-italia-e-la-dolce-casa\/\">As \"Pequenas It\u00e1lias\" e la dolce casa<\/a><\/li>\n\t<li id=\"menu-item-426\"><a href=\"https:\/\/www.museoemigrazioneitaliana.org\/pt\/vida-social\/fundadores-e-colonizadores-de-cidades\/\">Fundadores e colonizadores de cidades<\/a><\/li>\n\t<li id=\"menu-item-425\"><a href=\"https:\/\/www.museoemigrazioneitaliana.org\/pt\/vida-social\/formacao-de-equipas\/\">Agrupamento<\/a><\/li>\n\t<li id=\"menu-item-427\"><a href=\"https:\/\/www.museoemigrazioneitaliana.org\/pt\/vida-social\/a-escola-entre-dois-mundos\/\">A escola entre dois mundos<\/a><\/li>\n\t<li id=\"menu-item-429\"><a href=\"https:\/\/www.museoemigrazioneitaliana.org\/pt\/vida-social\/historias-de-intolerancia\/\">Hist\u00f3rias de intoler\u00e2ncia<\/a><\/li>\n\t<li id=\"menu-item-430\"><a href=\"https:\/\/www.museoemigrazioneitaliana.org\/pt\/vida-social\/rumo-a-uma-identidade-complexa\/\">Para uma identidade complexa<\/a><\/li>\n<\/ul>\n<\/li>\n<\/ul>","protected":false},"excerpt":{"rendered":"<p>Le strade della Little Italy, come veniva chiamato il quartiere italiano negli Stati Uniti, erano strette, affollate, sporche, sovrastate da tenements fatiscenti. Il tenement era un grande caseggiato: spesso, aveva i servizi in comune (sui pianerottoli o nel cortile) e l&#8217;ingresso in vicoli quasi inagibili e bui. L&#8217;immigrato appena arrivato nella nuova realt\u00e0 trovava rifugio [&hellip;]<\/p>\n","protected":false},"author":1,"featured_media":0,"parent":101,"menu_order":0,"comment_status":"closed","ping_status":"open","template":"","meta":{"_acf_changed":false,"site-sidebar-layout":"default","site-content-layout":"default","ast-site-content-layout":"default","site-content-style":"default","site-sidebar-style":"default","ast-global-header-display":"","ast-banner-title-visibility":"","ast-main-header-display":"","ast-hfb-above-header-display":"","ast-hfb-below-header-display":"","ast-hfb-mobile-header-display":"","site-post-title":"","ast-breadcrumbs-content":"","ast-featured-img":"","footer-sml-layout":"","ast-disable-related-posts":"","theme-transparent-header-meta":"default","adv-header-id-meta":"","stick-header-meta":"","header-above-stick-meta":"","header-main-stick-meta":"","header-below-stick-meta":"","astra-migrate-meta-layouts":"default","ast-page-background-enabled":"default","ast-page-background-meta":{"desktop":{"background-color":"","background-image":"","background-repeat":"repeat","background-position":"center center","background-size":"auto","background-attachment":"scroll","background-type":"","background-media":"","overlay-type":"","overlay-color":"","overlay-opacity":"","overlay-gradient":""},"tablet":{"background-color":"","background-image":"","background-repeat":"repeat","background-position":"center center","background-size":"auto","background-attachment":"scroll","background-type":"","background-media":"","overlay-type":"","overlay-color":"","overlay-opacity":"","overlay-gradient":""},"mobile":{"background-color":"","background-image":"","background-repeat":"repeat","background-position":"center center","background-size":"auto","background-attachment":"scroll","background-type":"","background-media":"","overlay-type":"","overlay-color":"","overlay-opacity":"","overlay-gradient":""}},"ast-content-background-meta":{"desktop":{"background-color":"var(--ast-global-color-5)","background-image":"","background-repeat":"repeat","background-position":"center center","background-size":"auto","background-attachment":"scroll","background-type":"","background-media":"","overlay-type":"","overlay-color":"","overlay-opacity":"","overlay-gradient":""},"tablet":{"background-color":"var(--ast-global-color-5)","background-image":"","background-repeat":"repeat","background-position":"center center","background-size":"auto","background-attachment":"scroll","background-type":"","background-media":"","overlay-type":"","overlay-color":"","overlay-opacity":"","overlay-gradient":""},"mobile":{"background-color":"var(--ast-global-color-5)","background-image":"","background-repeat":"repeat","background-position":"center center","background-size":"auto","background-attachment":"scroll","background-type":"","background-media":"","overlay-type":"","overlay-color":"","overlay-opacity":"","overlay-gradient":""}},"footnotes":""},"class_list":["post-103","page","type-page","status-publish","hentry"],"acf":[],"_links":{"self":[{"href":"https:\/\/www.museoemigrazioneitaliana.org\/pt\/wp-json\/wp\/v2\/pages\/103","targetHints":{"allow":["GET"]}}],"collection":[{"href":"https:\/\/www.museoemigrazioneitaliana.org\/pt\/wp-json\/wp\/v2\/pages"}],"about":[{"href":"https:\/\/www.museoemigrazioneitaliana.org\/pt\/wp-json\/wp\/v2\/types\/page"}],"author":[{"embeddable":true,"href":"https:\/\/www.museoemigrazioneitaliana.org\/pt\/wp-json\/wp\/v2\/users\/1"}],"replies":[{"embeddable":true,"href":"https:\/\/www.museoemigrazioneitaliana.org\/pt\/wp-json\/wp\/v2\/comments?post=103"}],"version-history":[{"count":2,"href":"https:\/\/www.museoemigrazioneitaliana.org\/pt\/wp-json\/wp\/v2\/pages\/103\/revisions"}],"predecessor-version":[{"id":3173,"href":"https:\/\/www.museoemigrazioneitaliana.org\/pt\/wp-json\/wp\/v2\/pages\/103\/revisions\/3173"}],"up":[{"embeddable":true,"href":"https:\/\/www.museoemigrazioneitaliana.org\/pt\/wp-json\/wp\/v2\/pages\/101"}],"wp:attachment":[{"href":"https:\/\/www.museoemigrazioneitaliana.org\/pt\/wp-json\/wp\/v2\/media?parent=103"}],"curies":[{"name":"wp","href":"https:\/\/api.w.org\/{rel}","templated":true}]}}

As "Pequenas Itálias" e la dolce casa

<p>As ruas de Little Italy, como era chamado o bairro italiano nos Estados Unidos, eram estreitas, apinhadas, sujas e dominadas por cortiços degradados. O cortiço era um cortiço grande: muitas vezes, tinha casas de banho comuns (nos patamares ou no pátio) e a entrada para becos quase inabitáveis e escuros.</p>
<p>O imigrante recém-chegado à nova realidade encontrava refúgio na "Little Italy" e, oprimido pela nostalgia e por uma profunda solidão interior, encontrava alívio e fuga na integração num grupo que reproduzia substancialmente os valores e os códigos de comportamento do grupo de origem. Em Buenos Aires, pelo contrário, os emigrantes, e não só os italianos, encontraram alojamento, na zona próxima do porto, em edifícios outrora imponentes que foram transformados em casas para imigrantes, os conventillos.</p>
<p>O esquema clássico de um conventillo era uma forma de paralelepípedo, rés do chão e primeiro andar, com um pátio interior onde se partilhavam os serviços essenciais. As fotografias animadas de conventillos em Buenos Aires e da Mulberry street em Nova Iorque ajudam-nos a compreender como estes locais se tornaram centros comunitários de re-produção e distribuição de cultura.</p>
<p>Esta foi a origem dos bairros italianos nas grandes cidades americanas, com nomes variados, mas em que as ruas tinham a função de praças de aldeia, de lugares onde um património cultural comum era reestruturado e condensado, suspenso entre raízes antigas e novas "fronteiras".</p>
<p>Mais tarde, a aquisição de uma casa própria tornou-se um dos "sinais" mais tranquilizadores do caminho percorrido e do "progresso" alcançado: a casa é o lugar onde cada um pode ser simplesmente ele próprio.</p>
<p>A casa é ao mesmo tempo ninho e fortaleza; refúgio para quem tem "dentro de Itália, fora da América", ainda muito por conquistar. E as fotografias são quase biografias escritas pelos próprios emigrantes.</p>
<p>Do Arquivo Cresci, dois testemunhos diferentes: Augustin Storace é comerciante e bombeiro em Lima. Com uma boa formação, utiliza a objetiva para captar cenas da vida familiar. Benny Moscardini, transplantado para Boston, faz um uso menos privado da fotografia: retrata os jovens e as raparigas do bairro, as ruas com bandeiras em honra do General Diaz e, numa viagem a Itália, até uma doca no porto de Nova Iorque. O mundo de Storace é a casa e a oficina; o de Moscardini é projetado para o exterior.</p>
					<ul id="menu-la-vita-sociale"><li id="menu-item-424"><a href="https://www.museoemigrazioneitaliana.org/pt/vida-social/">Vida social</a>
<ul>
	<li id="menu-item-428"><a href="https://www.museoemigrazioneitaliana.org/pt/vida-social/pequena-italia-e-la-dolce-casa/">As "Pequenas Itálias" e la dolce casa</a></li>
	<li id="menu-item-426"><a href="https://www.museoemigrazioneitaliana.org/pt/vida-social/fundadores-e-colonizadores-de-cidades/">Fundadores e colonizadores de cidades</a></li>
	<li id="menu-item-425"><a href="https://www.museoemigrazioneitaliana.org/pt/vida-social/formacao-de-equipas/">Agrupamento</a></li>
	<li id="menu-item-427"><a href="https://www.museoemigrazioneitaliana.org/pt/vida-social/a-escola-entre-dois-mundos/">A escola entre dois mundos</a></li>
	<li id="menu-item-429"><a href="https://www.museoemigrazioneitaliana.org/pt/vida-social/historias-de-intolerancia/">Histórias de intolerância</a></li>
	<li id="menu-item-430"><a href="https://www.museoemigrazioneitaliana.org/pt/vida-social/rumo-a-uma-identidade-complexa/">Para uma identidade complexa</a></li>
</ul>
</li>
</ul>

<p>Le strade della Little Italy, come veniva chiamato il quartiere italiano negli Stati Uniti, erano strette, affollate, sporche, sovrastate da tenements fatiscenti. Il tenement era un grande caseggiato: spesso, aveva i servizi in comune (sui pianerottoli o nel cortile) e l&#8217;ingresso in vicoli quasi inagibili e bui. L&#8217;immigrato appena arrivato nella nuova realtà trovava rifugio [&hellip;]</p>
