{"id":97,"date":"2020-09-17T15:45:03","date_gmt":"2020-09-17T13:45:03","guid":{"rendered":"https:\/\/mei.ms-dev.it\/?page_id=97"},"modified":"2022-03-10T10:43:16","modified_gmt":"2022-03-10T09:43:16","slug":"saints-et-processions","status":"publish","type":"page","link":"https:\/\/www.museoemigrazioneitaliana.org\/fr\/il-legame-con-litalia\/santi-e-processioni\/","title":{"rendered":"Saints et processions"},"content":{"rendered":"<p>Parmi les rituels communautaires, c'est-\u00e0-dire ceux qui pouvaient impliquer d'abord toute la famille et ensuite toute la communaut\u00e9, figuraient les f\u00eates religieuses, en particulier, outre No\u00ebl et P\u00e2ques, celles li\u00e9es \u00e0 la c\u00e9l\u00e9bration des saints patrons.<\/p>\n<p>Les \u00e9migrants, en y participant, connect\u00e9s aux rythmes et \u00e0 la vie de leur communaut\u00e9 d'origine, ressentaient les saints comme des compagnons qui les avaient suivis dans l'exil et dont la \"pr\u00e9sence\" les r\u00e9confortait et les aidait.<\/p>\n<p>Cette religiosit\u00e9 \"populaire\", encore vivante aujourd'hui, a souvent suscit\u00e9 des critiques, y compris de la part des hi\u00e9rarchies eccl\u00e9siastiques qui, appartenant souvent \u00e0 d'autres groupes ethniques, se sont montr\u00e9es incapables de comprendre une culture, \u00e0 leurs yeux, \u00e0 la limite du folklore.<\/p>\n<p>En effet, les rites religieux ont toujours fait partie du bagage des \u00e9migrants et ont contribu\u00e9 \u00e0 pr\u00e9server leur identit\u00e9. L'importance de la religion dans les diff\u00e9rentes communaut\u00e9s d'origine italienne est illustr\u00e9e par l'\u00e9volution des lieux de culte : de la simple chapelle en bois \u00e0 l'\u00e9glise en pierre avec peu d'ornements et enfin aux grandes \u00e9glises au clocher \u00e9lanc\u00e9, construites selon des styles architecturaux d'inspiration italienne.<\/p>\n\t\t\t\t\t<ul id=\"menu-il-legame-con-litalia\"><li id=\"menu-item-417\"><a href=\"https:\/\/www.museoemigrazioneitaliana.org\/fr\/le-lien-avec-litalie\/\">Le lien avec l'Italie<\/a>\n<ul>\n\t<li id=\"menu-item-423\"><a href=\"https:\/\/www.museoemigrazioneitaliana.org\/fr\/le-lien-avec-litalie\/je-vous-ecris-cette-lettre\/\">Je vous \u00e9cris cette lettre<\/a><\/li>\n\t<li id=\"menu-item-420\"><a href=\"https:\/\/www.museoemigrazioneitaliana.org\/fr\/le-lien-avec-litalie\/toute-ma-vie\/\">Toute ma vie<\/a><\/li>\n\t<li id=\"menu-item-419\"><a href=\"https:\/\/www.museoemigrazioneitaliana.org\/fr\/le-lien-avec-litalie\/saints-et-processions\/\">Saints et processions<\/a><\/li>\n\t<li id=\"menu-item-418\"><a href=\"https:\/\/www.museoemigrazioneitaliana.org\/fr\/le-lien-avec-litalie\/pour-la-patrie\/\">Pour la patrie<\/a><\/li>\n<\/ul>\n<\/li>\n<\/ul>","protected":false},"excerpt":{"rendered":"<p>Tra i riti comunitari, cio\u00e8 quelli che potevano coinvolgere prima tutta la famiglia e poi l&#8217;intera comunit\u00e0, ci sono le feste religiose; specialmente, oltre a Natale e Pasqua, quelle legate alla celebrazione dei santi patroni. Gli emigrati, attraverso la partecipazione ad esse, si raccordavano ai ritmi e alla vita della comunit\u00e0 d&#8217;origine, sentivano i santi [&hellip;]<\/p>\n","protected":false},"author":1,"featured_media":0,"parent":91,"menu_order":0,"comment_status":"closed","ping_status":"open","template":"","meta":{"_acf_changed":false,"site-sidebar-layout":"default","site-content-layout":"default","ast-site-content-layout":"default","site-content-style":"default","site-sidebar-style":"default","ast-global-header-display":"","ast-banner-title-visibility":"","ast-main-header-display":"","ast-hfb-above-header-display":"","ast-hfb-below-header-display":"","ast-hfb-mobile-header-display":"","site-post-title":"","ast-breadcrumbs-content":"","ast-featured-img":"","footer-sml-layout":"","ast-disable-related-posts":"","theme-transparent-header-meta":"default","adv-header-id-meta":"","stick-header-meta":"","header-above-stick-meta":"","header-main-stick-meta":"","header-below-stick-meta":"","astra-migrate-meta-layouts":"default","ast-page-background-enabled":"default","ast-page-background-meta":{"desktop":{"background-color":"","background-image":"","background-repeat":"repeat","background-position":"center center","background-size":"auto","background-attachment":"scroll","background-type":"","background-media":"","overlay-type":"","overlay-color":"","overlay-opacity":"","overlay-gradient":""},"tablet":{"background-color":"","background-image":"","background-repeat":"repeat","background-position":"center center","background-size":"auto","background-attachment":"scroll","background-type":"","background-media":"","overlay-type":"","overlay-color":"","overlay-opacity":"","overlay-gradient":""},"mobile":{"background-color":"","background-image":"","background-repeat":"repeat","background-position":"center center","background-size":"auto","background-attachment":"scroll","background-type":"","background-media":"","overlay-type":"","overlay-color":"","overlay-opacity":"","overlay-gradient":""}},"ast-content-background-meta":{"desktop":{"background-color":"var(--ast-global-color-5)","background-image":"","background-repeat":"repeat","background-position":"center center","background-size":"auto","background-attachment":"scroll","background-type":"","background-media":"","overlay-type":"","overlay-color":"","overlay-opacity":"","overlay-gradient":""},"tablet":{"background-color":"var(--ast-global-color-5)","background-image":"","background-repeat":"repeat","background-position":"center center","background-size":"auto","background-attachment":"scroll","background-type":"","background-media":"","overlay-type":"","overlay-color":"","overlay-opacity":"","overlay-gradient":""},"mobile":{"background-color":"var(--ast-global-color-5)","background-image":"","background-repeat":"repeat","background-position":"center center","background-size":"auto","background-attachment":"scroll","background-type":"","background-media":"","overlay-type":"","overlay-color":"","overlay-opacity":"","overlay-gradient":""}},"footnotes":""},"class_list":["post-97","page","type-page","status-publish","hentry"],"acf":[],"_links":{"self":[{"href":"https:\/\/www.museoemigrazioneitaliana.org\/fr\/wp-json\/wp\/v2\/pages\/97","targetHints":{"allow":["GET"]}}],"collection":[{"href":"https:\/\/www.museoemigrazioneitaliana.org\/fr\/wp-json\/wp\/v2\/pages"}],"about":[{"href":"https:\/\/www.museoemigrazioneitaliana.org\/fr\/wp-json\/wp\/v2\/types\/page"}],"author":[{"embeddable":true,"href":"https:\/\/www.museoemigrazioneitaliana.org\/fr\/wp-json\/wp\/v2\/users\/1"}],"replies":[{"embeddable":true,"href":"https:\/\/www.museoemigrazioneitaliana.org\/fr\/wp-json\/wp\/v2\/comments?post=97"}],"version-history":[{"count":2,"href":"https:\/\/www.museoemigrazioneitaliana.org\/fr\/wp-json\/wp\/v2\/pages\/97\/revisions"}],"predecessor-version":[{"id":3161,"href":"https:\/\/www.museoemigrazioneitaliana.org\/fr\/wp-json\/wp\/v2\/pages\/97\/revisions\/3161"}],"up":[{"embeddable":true,"href":"https:\/\/www.museoemigrazioneitaliana.org\/fr\/wp-json\/wp\/v2\/pages\/91"}],"wp:attachment":[{"href":"https:\/\/www.museoemigrazioneitaliana.org\/fr\/wp-json\/wp\/v2\/media?parent=97"}],"curies":[{"name":"wp","href":"https:\/\/api.w.org\/{rel}","templated":true}]}}

<p>Parmi les rituels communautaires, c'est-à-dire ceux qui pouvaient impliquer d'abord toute la famille et ensuite toute la communauté, figuraient les fêtes religieuses, en particulier, outre Noël et Pâques, celles liées à la célébration des saints patrons.</p>
<p>Les émigrants, en y participant, connectés aux rythmes et à la vie de leur communauté d'origine, ressentaient les saints comme des compagnons qui les avaient suivis dans l'exil et dont la "présence" les réconfortait et les aidait.</p>
<p>Cette religiosité "populaire", encore vivante aujourd'hui, a souvent suscité des critiques, y compris de la part des hiérarchies ecclésiastiques qui, appartenant souvent à d'autres groupes ethniques, se sont montrées incapables de comprendre une culture, à leurs yeux, à la limite du folklore.</p>
<p>En effet, les rites religieux ont toujours fait partie du bagage des émigrants et ont contribué à préserver leur identité. L'importance de la religion dans les différentes communautés d'origine italienne est illustrée par l'évolution des lieux de culte : de la simple chapelle en bois à l'église en pierre avec peu d'ornements et enfin aux grandes églises au clocher élancé, construites selon des styles architecturaux d'inspiration italienne.</p>
					<ul id="menu-il-legame-con-litalia"><li id="menu-item-417"><a href="https://www.museoemigrazioneitaliana.org/fr/le-lien-avec-litalie/">Le lien avec l'Italie</a>
<ul>
	<li id="menu-item-423"><a href="https://www.museoemigrazioneitaliana.org/fr/le-lien-avec-litalie/je-vous-ecris-cette-lettre/">Je vous écris cette lettre</a></li>
	<li id="menu-item-420"><a href="https://www.museoemigrazioneitaliana.org/fr/le-lien-avec-litalie/toute-ma-vie/">Toute ma vie</a></li>
	<li id="menu-item-419"><a href="https://www.museoemigrazioneitaliana.org/fr/le-lien-avec-litalie/saints-et-processions/">Saints et processions</a></li>
	<li id="menu-item-418"><a href="https://www.museoemigrazioneitaliana.org/fr/le-lien-avec-litalie/pour-la-patrie/">Pour la patrie</a></li>
</ul>
</li>
</ul>

<p>Tra i riti comunitari, cioè quelli che potevano coinvolgere prima tutta la famiglia e poi l&#8217;intera comunità, ci sono le feste religiose; specialmente, oltre a Natale e Pasqua, quelle legate alla celebrazione dei santi patroni. Gli emigrati, attraverso la partecipazione ad esse, si raccordavano ai ritmi e alla vita della comunità d&#8217;origine, sentivano i santi [&hellip;]</p>
