{"id":93,"date":"2020-09-17T15:44:34","date_gmt":"2020-09-17T13:44:34","guid":{"rendered":"https:\/\/mei.ms-dev.it\/?page_id=93"},"modified":"2022-01-30T17:33:03","modified_gmt":"2022-01-30T16:33:03","slug":"je-vous-ecris-cette-lettre","status":"publish","type":"page","link":"https:\/\/www.museoemigrazioneitaliana.org\/fr\/il-legame-con-litalia\/vi-scrivo-questa-lettera\/","title":{"rendered":"Je vous \u00e9cris cette lettre"},"content":{"rendered":"<p>Le titre de ce chapitre est en quelque sorte provocateur car, parmi les photos publi\u00e9es, les grandes absentes sont justement les lettres. Les lettres, ces mots qui parcourent le monde, sont le fil t\u00e9nu mais solide qui relie les deux parties d'une famille divis\u00e9e par l'\u00e9migration. Elles expriment, pas toujours explicitement, la souffrance du d\u00e9racinement, l'isolement dans lequel on est plong\u00e9 et les discriminations dont on fait l'objet. En m\u00eame temps, ils font entrevoir aux yeux de ceux qui sont rest\u00e9s au pays les grandes possibilit\u00e9s offertes par la terre d'arriv\u00e9e et incitent ainsi d'autres \u00e0 partir.<\/p>\n<p>Une caract\u00e9ristique g\u00e9n\u00e9rale des lettres d'\u00e9migrants est la transposition de l'expression orale \u00e0 l'\u00e9crit : on \u00e9crit comme on parle, avec en plus une orthographe douteuse (surtout pour les mots \u00e9trangers et les mots italiens \u00e9trangers \u00e0 son propre patrimoine linguistique) et une ponctuation improbable.<\/p>\n<p>Mais les \"vraies\" lettres sont les photographies que l'\u00e9migrant envoie et \u00e9change avec sa famille, ses proches, ses amis. La question est donc la suivante : l'\u00e9migration peut-elle \u00eatre photographi\u00e9e ? Th\u00e9oriquement, pour rendre compte de ce ph\u00e9nom\u00e8ne de mani\u00e8re exhaustive, il faudrait disposer d'un grand nombre d'images ; mais en r\u00e9alit\u00e9, chaque photographie raconte beaucoup de choses et contient de nombreux points de r\u00e9flexion et de raisonnement.<\/p>\n<p>\u00c0 Ellis Island, ce groupe bien ordonn\u00e9 de personnes dans la grande salle de r\u00e9union et serr\u00e9es, par illusion photographique, par des \"barreaux\" qui les font ressembler \u00e0 des prisonniers impressionne autant, voire plus, que les donn\u00e9es statistiques.<\/p>\n<p>Et dans les nombreuses photos d'\u00e9migr\u00e9s sur fond de structures d'accueil - qu'elles soient catholiques ou la\u00efques, de l'\u00e9poque de la grande \u00e9migration ou de l'exode d'apr\u00e8s la Seconde Guerre mondiale - le sch\u00e9ma est toujours le m\u00eame : les hommes sont montr\u00e9s de dos, accabl\u00e9s par le poids de leurs bagages, sugg\u00e9rant l'aide, presque l'\u00e9treinte qui leur est offerte.<\/p>\n<p>Lorsque le m\u00e9dium photographique \u00e9tait \u00e0 la port\u00e9e de tous, chaque \u00e9migrant a pu \"cr\u00e9er\" son propre album d'images, en construisant et en \u00e9ditant ses \"belles images\" dans les moindres d\u00e9tails. Si vous regardez, par exemple, les personnes repr\u00e9sent\u00e9es pr\u00e8s des voitures, vous remarquerez que leurs mains sont bien plac\u00e9es : ne signalent-elles pas inconsciemment l'effort fourni pour obtenir ces symboles du progr\u00e8s social et \u00e9conomique ?<\/p>\n<p>Ce patrimoine de souvenirs comprend \u00e9galement des images moins formelles qui ont tendance \u00e0 surprendre. Dans ce cas, un peu d'exotisme n'est pas de refus et l'on pose dans les habits traditionnels du pays d'accueil ou l'on prend des poses l\u00e9g\u00e8res : de l'homme du monde assis \u00e0 une table de bar, charg\u00e9e de verres et de bouteilles, au d\u00e9guisement, avec un s\u00e9rieux extr\u00eame, de cow-boy et de gaucho, en passant par le vol en montgolfi\u00e8re.<\/p>\n\t\t\t\t<a href=\"https:\/\/www.museoemigrazioneitaliana.org\/wp-content\/uploads\/2022\/01\/1593-ok.jpg\" data-fancybox=\"images\" title=\"1593 OK\" data-description=\"\" itemprop=\"contentUrl\">\n\t\t\t<img loading=\"lazy\" decoding=\"async\" src=\"https:\/\/www.museoemigrazioneitaliana.org\/wp-content\/uploads\/2022\/01\/1593-ok-768x1008.jpg\" alt=\"\" data-no-lazy=\"1\" itemprop=\"thumbnail\" width=\"768\" height=\"1008\">\n\t\t\t<!-- Overlay Wrapper -->\n\t\t\t <!-- Overlay Wrapper Closed -->\n\t\t\t\t<\/a>\n\t\t\t\t\t\t\t<meta itemprop=\"width\" content=\"768\">\n\t\t\t<meta itemprop=\"height\" content=\"1008\">\n\t\tNew York, 1909. don Angelo Brocchi dans une \"montgolfi\u00e8re\".\n\t\t\t\t<a href=\"https:\/\/www.museoemigrazioneitaliana.org\/wp-content\/uploads\/2022\/01\/547-ok.jpg\" data-fancybox=\"images\" title=\"547 OK\" data-description=\"\" itemprop=\"contentUrl\">\n\t\t\t<img loading=\"lazy\" decoding=\"async\" src=\"https:\/\/www.museoemigrazioneitaliana.org\/wp-content\/uploads\/2022\/01\/547-ok-768x568.jpg\" alt=\"\" data-no-lazy=\"1\" itemprop=\"thumbnail\" width=\"768\" height=\"568\">\n\t\t\t<!-- Overlay Wrapper -->\n\t\t\t <!-- Overlay Wrapper Closed -->\n\t\t\t\t<\/a>\n\t\t\t\t\t\t\t<meta itemprop=\"width\" content=\"768\">\n\t\t\t<meta itemprop=\"height\" content=\"568\">\n\t\tBr\u00e9sil, Sao Paulo. Ambrogio Puliti avec sa famille\n\t\t\t\t<a href=\"https:\/\/www.museoemigrazioneitaliana.org\/wp-content\/uploads\/2022\/01\/1147-ok.jpg\" data-fancybox=\"images\" title=\"1147 OK\" data-description=\"\" itemprop=\"contentUrl\">\n\t\t\t<img loading=\"lazy\" decoding=\"async\" src=\"https:\/\/www.museoemigrazioneitaliana.org\/wp-content\/uploads\/2022\/01\/1147-ok-768x1221.jpg\" alt=\"\" data-no-lazy=\"1\" itemprop=\"thumbnail\" width=\"768\" height=\"1221\">\n\t\t\t<!-- Overlay Wrapper -->\n\t\t\t <!-- Overlay Wrapper Closed -->\n\t\t\t\t<\/a>\n\t\t\t\t\t\t\t<meta itemprop=\"width\" content=\"768\">\n\t\t\t<meta itemprop=\"height\" content=\"1221\">\n\t\tCanada, Ontario, Toronto, 1904. Emilio Massonieri : cow-boy \n\t\t\t\t\t<ul id=\"menu-il-legame-con-litalia\"><li id=\"menu-item-417\"><a href=\"https:\/\/www.museoemigrazioneitaliana.org\/fr\/le-lien-avec-litalie\/\">Le lien avec l'Italie<\/a>\n<ul>\n\t<li id=\"menu-item-423\"><a href=\"https:\/\/www.museoemigrazioneitaliana.org\/fr\/le-lien-avec-litalie\/je-vous-ecris-cette-lettre\/\">Je vous \u00e9cris cette lettre<\/a><\/li>\n\t<li id=\"menu-item-420\"><a href=\"https:\/\/www.museoemigrazioneitaliana.org\/fr\/le-lien-avec-litalie\/toute-ma-vie\/\">Toute ma vie<\/a><\/li>\n\t<li id=\"menu-item-419\"><a href=\"https:\/\/www.museoemigrazioneitaliana.org\/fr\/le-lien-avec-litalie\/saints-et-processions\/\">Saints et processions<\/a><\/li>\n\t<li id=\"menu-item-418\"><a href=\"https:\/\/www.museoemigrazioneitaliana.org\/fr\/le-lien-avec-litalie\/pour-la-patrie\/\">Pour la patrie<\/a><\/li>\n<\/ul>\n<\/li>\n<\/ul>","protected":false},"excerpt":{"rendered":"<p>Il titolo di questo capitolo \u00e8, in un certo senso, provocatorio perch\u00e9, fra le immagini pubblicate, le grandi assenti sono proprio le lettere. Le lettere, le parole che viaggiano per il mondo, sono il filo sottile ma resistente che tiene unite le due parti di una famiglia divisa dall&#8217;emigrazione. Esprimono, non sempre esplicitamente, le sofferenze [&hellip;]<\/p>\n","protected":false},"author":1,"featured_media":0,"parent":91,"menu_order":0,"comment_status":"closed","ping_status":"open","template":"","meta":{"_acf_changed":false,"site-sidebar-layout":"default","site-content-layout":"default","ast-site-content-layout":"default","site-content-style":"default","site-sidebar-style":"default","ast-global-header-display":"","ast-banner-title-visibility":"","ast-main-header-display":"","ast-hfb-above-header-display":"","ast-hfb-below-header-display":"","ast-hfb-mobile-header-display":"","site-post-title":"","ast-breadcrumbs-content":"","ast-featured-img":"","footer-sml-layout":"","ast-disable-related-posts":"","theme-transparent-header-meta":"default","adv-header-id-meta":"","stick-header-meta":"","header-above-stick-meta":"","header-main-stick-meta":"","header-below-stick-meta":"","astra-migrate-meta-layouts":"default","ast-page-background-enabled":"default","ast-page-background-meta":{"desktop":{"background-color":"","background-image":"","background-repeat":"repeat","background-position":"center center","background-size":"auto","background-attachment":"scroll","background-type":"","background-media":"","overlay-type":"","overlay-color":"","overlay-opacity":"","overlay-gradient":""},"tablet":{"background-color":"","background-image":"","background-repeat":"repeat","background-position":"center center","background-size":"auto","background-attachment":"scroll","background-type":"","background-media":"","overlay-type":"","overlay-color":"","overlay-opacity":"","overlay-gradient":""},"mobile":{"background-color":"","background-image":"","background-repeat":"repeat","background-position":"center center","background-size":"auto","background-attachment":"scroll","background-type":"","background-media":"","overlay-type":"","overlay-color":"","overlay-opacity":"","overlay-gradient":""}},"ast-content-background-meta":{"desktop":{"background-color":"var(--ast-global-color-5)","background-image":"","background-repeat":"repeat","background-position":"center center","background-size":"auto","background-attachment":"scroll","background-type":"","background-media":"","overlay-type":"","overlay-color":"","overlay-opacity":"","overlay-gradient":""},"tablet":{"background-color":"var(--ast-global-color-5)","background-image":"","background-repeat":"repeat","background-position":"center center","background-size":"auto","background-attachment":"scroll","background-type":"","background-media":"","overlay-type":"","overlay-color":"","overlay-opacity":"","overlay-gradient":""},"mobile":{"background-color":"var(--ast-global-color-5)","background-image":"","background-repeat":"repeat","background-position":"center center","background-size":"auto","background-attachment":"scroll","background-type":"","background-media":"","overlay-type":"","overlay-color":"","overlay-opacity":"","overlay-gradient":""}},"footnotes":""},"class_list":["post-93","page","type-page","status-publish","hentry"],"acf":[],"_links":{"self":[{"href":"https:\/\/www.museoemigrazioneitaliana.org\/fr\/wp-json\/wp\/v2\/pages\/93","targetHints":{"allow":["GET"]}}],"collection":[{"href":"https:\/\/www.museoemigrazioneitaliana.org\/fr\/wp-json\/wp\/v2\/pages"}],"about":[{"href":"https:\/\/www.museoemigrazioneitaliana.org\/fr\/wp-json\/wp\/v2\/types\/page"}],"author":[{"embeddable":true,"href":"https:\/\/www.museoemigrazioneitaliana.org\/fr\/wp-json\/wp\/v2\/users\/1"}],"replies":[{"embeddable":true,"href":"https:\/\/www.museoemigrazioneitaliana.org\/fr\/wp-json\/wp\/v2\/comments?post=93"}],"version-history":[{"count":2,"href":"https:\/\/www.museoemigrazioneitaliana.org\/fr\/wp-json\/wp\/v2\/pages\/93\/revisions"}],"predecessor-version":[{"id":2199,"href":"https:\/\/www.museoemigrazioneitaliana.org\/fr\/wp-json\/wp\/v2\/pages\/93\/revisions\/2199"}],"up":[{"embeddable":true,"href":"https:\/\/www.museoemigrazioneitaliana.org\/fr\/wp-json\/wp\/v2\/pages\/91"}],"wp:attachment":[{"href":"https:\/\/www.museoemigrazioneitaliana.org\/fr\/wp-json\/wp\/v2\/media?parent=93"}],"curies":[{"name":"wp","href":"https:\/\/api.w.org\/{rel}","templated":true}]}}

Je vous écris cette lettre

<p>Le titre de ce chapitre est en quelque sorte provocateur car, parmi les photos publiées, les grandes absentes sont justement les lettres. Les lettres, ces mots qui parcourent le monde, sont le fil ténu mais solide qui relie les deux parties d'une famille divisée par l'émigration. Elles expriment, pas toujours explicitement, la souffrance du déracinement, l'isolement dans lequel on est plongé et les discriminations dont on fait l'objet. En même temps, ils font entrevoir aux yeux de ceux qui sont restés au pays les grandes possibilités offertes par la terre d'arrivée et incitent ainsi d'autres à partir.</p>
<p>Une caractéristique générale des lettres d'émigrants est la transposition de l'expression orale à l'écrit : on écrit comme on parle, avec en plus une orthographe douteuse (surtout pour les mots étrangers et les mots italiens étrangers à son propre patrimoine linguistique) et une ponctuation improbable.</p>
<p>Mais les "vraies" lettres sont les photographies que l'émigrant envoie et échange avec sa famille, ses proches, ses amis. La question est donc la suivante : l'émigration peut-elle être photographiée ? Théoriquement, pour rendre compte de ce phénomène de manière exhaustive, il faudrait disposer d'un grand nombre d'images ; mais en réalité, chaque photographie raconte beaucoup de choses et contient de nombreux points de réflexion et de raisonnement.</p>
<p>À Ellis Island, ce groupe bien ordonné de personnes dans la grande salle de réunion et serrées, par illusion photographique, par des "barreaux" qui les font ressembler à des prisonniers impressionne autant, voire plus, que les données statistiques.</p>
<p>Et dans les nombreuses photos d'émigrés sur fond de structures d'accueil - qu'elles soient catholiques ou laïques, de l'époque de la grande émigration ou de l'exode d'après la Seconde Guerre mondiale - le schéma est toujours le même : les hommes sont montrés de dos, accablés par le poids de leurs bagages, suggérant l'aide, presque l'étreinte qui leur est offerte.</p>
<p>Lorsque le médium photographique était à la portée de tous, chaque émigrant a pu "créer" son propre album d'images, en construisant et en éditant ses "belles images" dans les moindres détails. Si vous regardez, par exemple, les personnes représentées près des voitures, vous remarquerez que leurs mains sont bien placées : ne signalent-elles pas inconsciemment l'effort fourni pour obtenir ces symboles du progrès social et économique ?</p>
<p>Ce patrimoine de souvenirs comprend également des images moins formelles qui ont tendance à surprendre. Dans ce cas, un peu d'exotisme n'est pas de refus et l'on pose dans les habits traditionnels du pays d'accueil ou l'on prend des poses légères : de l'homme du monde assis à une table de bar, chargée de verres et de bouteilles, au déguisement, avec un sérieux extrême, de cow-boy et de gaucho, en passant par le vol en montgolfière.</p>
				<a href="https://www.museoemigrazioneitaliana.org/wp-content/uploads/2022/01/1593-ok.jpg" data-fancybox="images" title="1593 OK" data-description="" itemprop="contentUrl">
			<img loading="lazy" decoding="async" src="https://www.museoemigrazioneitaliana.org/wp-content/uploads/2022/01/1593-ok-768x1008.jpg" alt="" data-no-lazy="1" itemprop="thumbnail" width="768" height="1008">
			<!-- Overlay Wrapper -->
			 <!-- Overlay Wrapper Closed -->
				</a>
							<meta itemprop="width" content="768">
			<meta itemprop="height" content="1008">
		New York, 1909. don Angelo Brocchi dans une "montgolfière".
				<a href="https://www.museoemigrazioneitaliana.org/wp-content/uploads/2022/01/547-ok.jpg" data-fancybox="images" title="547 OK" data-description="" itemprop="contentUrl">
			<img loading="lazy" decoding="async" src="https://www.museoemigrazioneitaliana.org/wp-content/uploads/2022/01/547-ok-768x568.jpg" alt="" data-no-lazy="1" itemprop="thumbnail" width="768" height="568">
			<!-- Overlay Wrapper -->
			 <!-- Overlay Wrapper Closed -->
				</a>
							<meta itemprop="width" content="768">
			<meta itemprop="height" content="568">
		Brésil, Sao Paulo. Ambrogio Puliti avec sa famille
				<a href="https://www.museoemigrazioneitaliana.org/wp-content/uploads/2022/01/1147-ok.jpg" data-fancybox="images" title="1147 OK" data-description="" itemprop="contentUrl">
			<img loading="lazy" decoding="async" src="https://www.museoemigrazioneitaliana.org/wp-content/uploads/2022/01/1147-ok-768x1221.jpg" alt="" data-no-lazy="1" itemprop="thumbnail" width="768" height="1221">
			<!-- Overlay Wrapper -->
			 <!-- Overlay Wrapper Closed -->
				</a>
							<meta itemprop="width" content="768">
			<meta itemprop="height" content="1221">
		Canada, Ontario, Toronto, 1904. Emilio Massonieri : cow-boy 
					<ul id="menu-il-legame-con-litalia"><li id="menu-item-417"><a href="https://www.museoemigrazioneitaliana.org/fr/le-lien-avec-litalie/">Le lien avec l'Italie</a>
<ul>
	<li id="menu-item-423"><a href="https://www.museoemigrazioneitaliana.org/fr/le-lien-avec-litalie/je-vous-ecris-cette-lettre/">Je vous écris cette lettre</a></li>
	<li id="menu-item-420"><a href="https://www.museoemigrazioneitaliana.org/fr/le-lien-avec-litalie/toute-ma-vie/">Toute ma vie</a></li>
	<li id="menu-item-419"><a href="https://www.museoemigrazioneitaliana.org/fr/le-lien-avec-litalie/saints-et-processions/">Saints et processions</a></li>
	<li id="menu-item-418"><a href="https://www.museoemigrazioneitaliana.org/fr/le-lien-avec-litalie/pour-la-patrie/">Pour la patrie</a></li>
</ul>
</li>
</ul>

<p>Il titolo di questo capitolo è, in un certo senso, provocatorio perché, fra le immagini pubblicate, le grandi assenti sono proprio le lettere. Le lettere, le parole che viaggiano per il mondo, sono il filo sottile ma resistente che tiene unite le due parti di una famiglia divisa dall&#8217;emigrazione. Esprimono, non sempre esplicitamente, le sofferenze [&hellip;]</p>
