{"id":81,"date":"2020-09-17T15:42:15","date_gmt":"2020-09-17T13:42:15","guid":{"rendered":"https:\/\/mei.ms-dev.it\/?page_id=81"},"modified":"2022-03-10T12:01:57","modified_gmt":"2022-03-10T11:01:57","slug":"bras-forts-et-travaux-lourds","status":"publish","type":"page","link":"https:\/\/www.museoemigrazioneitaliana.org\/fr\/il-lavoro\/braccia-robuste-e-lavori-pesanti\/","title":{"rendered":"Bras forts et travaux lourds"},"content":{"rendered":"<p>Les \u00e9migrants, pour la plupart des paysans, travaillaient \u00e9galement dans l'agriculture \u00e0 l'\u00e9tranger - mais seulement s'ils y \u00e9taient contraints -, participaient au d\u00e9boisement ou \u00e0 la mise en valeur des terres incultes, s'employaient comme ouvriers non qualifi\u00e9s dans la construction des grandes voies de communication, des chemins de fer, des plus grands projets de construction et, enfin, dans les travaux p\u00e9nibles des mines. L'historien Rudolph Vecoli \u00e9crit \u00e0 leur sujet qu'ils ont fini \"avec une pelle et une pioche\".<\/p>\n<p>On sait qu'environ la moiti\u00e9 des \u00e9migrants reviennent d\u00e9finitivement en Italie. Si l'on se r\u00e9f\u00e8re, par exemple, aux \u00c9tats-Unis, la \"campagne d'\u00e9migration\" de 50 % des hommes partis n'a dur\u00e9 que quelques ann\u00e9es.<\/p>\n<p>Leur choix pr\u00e9sentait presque toujours les caract\u00e9ristiques suivantes : refus de conna\u00eetre le pays dans lequel ils arrivaient, et donc aucune int\u00e9gration et une connaissance minimale de la langue ; \u00e9conomiser le plus possible et dans les plus brefs d\u00e9lais afin de h\u00e2ter leur retour ; accepter, en cons\u00e9quence, non seulement une charge de travail exag\u00e9r\u00e9e mais aussi un niveau de vie que l'on qualifie de spartiate, ce qui est un euph\u00e9misme. Naturellement, beaucoup ont r\u00e9p\u00e9t\u00e9 plusieurs fois ces s\u00e9jours, facilit\u00e9s en cela par l'am\u00e9lioration des conditions de voyage, y compris en ce qui concerne le temps n\u00e9cessaire \u00e0 la travers\u00e9e.<\/p>\n<p>La zone d'origine conduit \u00e0 certains m\u00e9tiers. Si l'on prend l'exemple de l'exode vers l'Australie, on constate que les \u00e9migrants originaires des r\u00e9gions montagneuses se sont tourn\u00e9s vers l'exploitation foresti\u00e8re ou sont devenus coupeurs de canne \u00e0 sucre en Australie occidentale ; ceux originaires des r\u00e9gions de plaine se sont tourn\u00e9s vers l'agriculture ou ont int\u00e9gr\u00e9 le secteur tertiaire.<\/p>\n<p>Une \"vocation\" pr\u00e9cise dans le choix des routes migratoires se manifeste \u00e9galement en Europe : la direction du flux s'oriente vers les pays occidentaux ou orientaux en fonction de la position g\u00e9ographique des r\u00e9gions d'origine : du Pi\u00e9mont vers la France et de la V\u00e9n\u00e9tie vers l'Empire austro-hongrois.<\/p>\n\t\t\t\t\t<ul id=\"menu-il-lavoro\"><li id=\"menu-item-410\"><a href=\"https:\/\/www.museoemigrazioneitaliana.org\/fr\/travail\/\">Le travail<\/a>\n<ul>\n\t<li id=\"menu-item-416\"><a href=\"https:\/\/www.museoemigrazioneitaliana.org\/fr\/travail\/dans-la-rue-des-marchands-ambulants-et-des-enfants\/\">Dans la rue, colporteurs et enfants<\/a><\/li>\n\t<li id=\"menu-item-411\"><a href=\"https:\/\/www.museoemigrazioneitaliana.org\/fr\/travail\/bras-forts-et-travaux-lourds\/\">Bras forts et travaux lourds<\/a><\/li>\n\t<li id=\"menu-item-415\"><a href=\"https:\/\/www.museoemigrazioneitaliana.org\/fr\/travail\/les-grandes-oeuvres-et-les-fortunes-remarquables\/\">Grandes \u0153uvres et fortunes \u00e9clatantes<\/a><\/li>\n\t<li id=\"menu-item-413\"><a href=\"https:\/\/www.museoemigrazioneitaliana.org\/fr\/travail\/femmes-fragiles\/\">Femmes \"fragiles<\/a><\/li>\n\t<li id=\"menu-item-414\"><a href=\"https:\/\/www.museoemigrazioneitaliana.org\/fr\/travail\/magasins-et-boutiques\/\">Boutiques et magasins<\/a><\/li>\n\t<li id=\"menu-item-412\"><a href=\"https:\/\/www.museoemigrazioneitaliana.org\/fr\/travail\/des-scullions-aux-maitres\/\">Des scullions aux ma\u00eetres<\/a><\/li>\n<\/ul>\n<\/li>\n<\/ul>","protected":false},"excerpt":{"rendered":"<p>Gli emigranti, in gran parte contadini, si impegnarono anche all&#8217;estero &#8211; ma soltanto se costretti &#8211; nei lavori agricoli, parteciparono al disboscamento o alla bonifica di terreni incolti, si impiegarono, come manodopera non qualificata, nella realizzazione delle grandi vie di comunicazione, delle ferrovie, delle pi\u00f9 grandiose opere edilizie e, infine, nel pesante lavoro delle miniere. [&hellip;]<\/p>\n","protected":false},"author":1,"featured_media":0,"parent":77,"menu_order":0,"comment_status":"closed","ping_status":"open","template":"","meta":{"_acf_changed":false,"site-sidebar-layout":"default","site-content-layout":"default","ast-site-content-layout":"default","site-content-style":"default","site-sidebar-style":"default","ast-global-header-display":"","ast-banner-title-visibility":"","ast-main-header-display":"","ast-hfb-above-header-display":"","ast-hfb-below-header-display":"","ast-hfb-mobile-header-display":"","site-post-title":"","ast-breadcrumbs-content":"","ast-featured-img":"","footer-sml-layout":"","ast-disable-related-posts":"","theme-transparent-header-meta":"default","adv-header-id-meta":"","stick-header-meta":"","header-above-stick-meta":"","header-main-stick-meta":"","header-below-stick-meta":"","astra-migrate-meta-layouts":"default","ast-page-background-enabled":"default","ast-page-background-meta":{"desktop":{"background-color":"","background-image":"","background-repeat":"repeat","background-position":"center center","background-size":"auto","background-attachment":"scroll","background-type":"","background-media":"","overlay-type":"","overlay-color":"","overlay-opacity":"","overlay-gradient":""},"tablet":{"background-color":"","background-image":"","background-repeat":"repeat","background-position":"center center","background-size":"auto","background-attachment":"scroll","background-type":"","background-media":"","overlay-type":"","overlay-color":"","overlay-opacity":"","overlay-gradient":""},"mobile":{"background-color":"","background-image":"","background-repeat":"repeat","background-position":"center center","background-size":"auto","background-attachment":"scroll","background-type":"","background-media":"","overlay-type":"","overlay-color":"","overlay-opacity":"","overlay-gradient":""}},"ast-content-background-meta":{"desktop":{"background-color":"var(--ast-global-color-5)","background-image":"","background-repeat":"repeat","background-position":"center center","background-size":"auto","background-attachment":"scroll","background-type":"","background-media":"","overlay-type":"","overlay-color":"","overlay-opacity":"","overlay-gradient":""},"tablet":{"background-color":"var(--ast-global-color-5)","background-image":"","background-repeat":"repeat","background-position":"center center","background-size":"auto","background-attachment":"scroll","background-type":"","background-media":"","overlay-type":"","overlay-color":"","overlay-opacity":"","overlay-gradient":""},"mobile":{"background-color":"var(--ast-global-color-5)","background-image":"","background-repeat":"repeat","background-position":"center center","background-size":"auto","background-attachment":"scroll","background-type":"","background-media":"","overlay-type":"","overlay-color":"","overlay-opacity":"","overlay-gradient":""}},"footnotes":""},"class_list":["post-81","page","type-page","status-publish","hentry"],"acf":[],"_links":{"self":[{"href":"https:\/\/www.museoemigrazioneitaliana.org\/fr\/wp-json\/wp\/v2\/pages\/81","targetHints":{"allow":["GET"]}}],"collection":[{"href":"https:\/\/www.museoemigrazioneitaliana.org\/fr\/wp-json\/wp\/v2\/pages"}],"about":[{"href":"https:\/\/www.museoemigrazioneitaliana.org\/fr\/wp-json\/wp\/v2\/types\/page"}],"author":[{"embeddable":true,"href":"https:\/\/www.museoemigrazioneitaliana.org\/fr\/wp-json\/wp\/v2\/users\/1"}],"replies":[{"embeddable":true,"href":"https:\/\/www.museoemigrazioneitaliana.org\/fr\/wp-json\/wp\/v2\/comments?post=81"}],"version-history":[{"count":2,"href":"https:\/\/www.museoemigrazioneitaliana.org\/fr\/wp-json\/wp\/v2\/pages\/81\/revisions"}],"predecessor-version":[{"id":3191,"href":"https:\/\/www.museoemigrazioneitaliana.org\/fr\/wp-json\/wp\/v2\/pages\/81\/revisions\/3191"}],"up":[{"embeddable":true,"href":"https:\/\/www.museoemigrazioneitaliana.org\/fr\/wp-json\/wp\/v2\/pages\/77"}],"wp:attachment":[{"href":"https:\/\/www.museoemigrazioneitaliana.org\/fr\/wp-json\/wp\/v2\/media?parent=81"}],"curies":[{"name":"wp","href":"https:\/\/api.w.org\/{rel}","templated":true}]}}

<p>Les émigrants, pour la plupart des paysans, travaillaient également dans l'agriculture à l'étranger - mais seulement s'ils y étaient contraints -, participaient au déboisement ou à la mise en valeur des terres incultes, s'employaient comme ouvriers non qualifiés dans la construction des grandes voies de communication, des chemins de fer, des plus grands projets de construction et, enfin, dans les travaux pénibles des mines. L'historien Rudolph Vecoli écrit à leur sujet qu'ils ont fini "avec une pelle et une pioche".</p>
<p>On sait qu'environ la moitié des émigrants reviennent définitivement en Italie. Si l'on se réfère, par exemple, aux États-Unis, la "campagne d'émigration" de 50 % des hommes partis n'a duré que quelques années.</p>
<p>Leur choix présentait presque toujours les caractéristiques suivantes : refus de connaître le pays dans lequel ils arrivaient, et donc aucune intégration et une connaissance minimale de la langue ; économiser le plus possible et dans les plus brefs délais afin de hâter leur retour ; accepter, en conséquence, non seulement une charge de travail exagérée mais aussi un niveau de vie que l'on qualifie de spartiate, ce qui est un euphémisme. Naturellement, beaucoup ont répété plusieurs fois ces séjours, facilités en cela par l'amélioration des conditions de voyage, y compris en ce qui concerne le temps nécessaire à la traversée.</p>
<p>La zone d'origine conduit à certains métiers. Si l'on prend l'exemple de l'exode vers l'Australie, on constate que les émigrants originaires des régions montagneuses se sont tournés vers l'exploitation forestière ou sont devenus coupeurs de canne à sucre en Australie occidentale ; ceux originaires des régions de plaine se sont tournés vers l'agriculture ou ont intégré le secteur tertiaire.</p>
<p>Une "vocation" précise dans le choix des routes migratoires se manifeste également en Europe : la direction du flux s'oriente vers les pays occidentaux ou orientaux en fonction de la position géographique des régions d'origine : du Piémont vers la France et de la Vénétie vers l'Empire austro-hongrois.</p>
					<ul id="menu-il-lavoro"><li id="menu-item-410"><a href="https://www.museoemigrazioneitaliana.org/fr/travail/">Le travail</a>
<ul>
	<li id="menu-item-416"><a href="https://www.museoemigrazioneitaliana.org/fr/travail/dans-la-rue-des-marchands-ambulants-et-des-enfants/">Dans la rue, colporteurs et enfants</a></li>
	<li id="menu-item-411"><a href="https://www.museoemigrazioneitaliana.org/fr/travail/bras-forts-et-travaux-lourds/">Bras forts et travaux lourds</a></li>
	<li id="menu-item-415"><a href="https://www.museoemigrazioneitaliana.org/fr/travail/les-grandes-oeuvres-et-les-fortunes-remarquables/">Grandes œuvres et fortunes éclatantes</a></li>
	<li id="menu-item-413"><a href="https://www.museoemigrazioneitaliana.org/fr/travail/femmes-fragiles/">Femmes "fragiles</a></li>
	<li id="menu-item-414"><a href="https://www.museoemigrazioneitaliana.org/fr/travail/magasins-et-boutiques/">Boutiques et magasins</a></li>
	<li id="menu-item-412"><a href="https://www.museoemigrazioneitaliana.org/fr/travail/des-scullions-aux-maitres/">Des scullions aux maîtres</a></li>
</ul>
</li>
</ul>

<p>Gli emigranti, in gran parte contadini, si impegnarono anche all&#8217;estero &#8211; ma soltanto se costretti &#8211; nei lavori agricoli, parteciparono al disboscamento o alla bonifica di terreni incolti, si impiegarono, come manodopera non qualificata, nella realizzazione delle grandi vie di comunicazione, delle ferrovie, delle più grandiose opere edilizie e, infine, nel pesante lavoro delle miniere. [&hellip;]</p>
