{"id":57,"date":"2020-09-17T15:38:10","date_gmt":"2020-09-17T13:38:10","guid":{"rendered":"https:\/\/mei.ms-dev.it\/?page_id=57"},"modified":"2022-03-10T10:49:20","modified_gmt":"2022-03-10T09:49:20","slug":"etablissements-de-soins","status":"publish","type":"page","link":"https:\/\/www.museoemigrazioneitaliana.org\/fr\/il-viaggio\/le-strutture-di-assistenza\/","title":{"rendered":"\u00c9tablissements de soins"},"content":{"rendered":"<p>Dans le paradis terrestre promis par les \"Guides\", les choses sont en r\u00e9alit\u00e9 diff\u00e9rentes. Peu apr\u00e8s leur arriv\u00e9e, les immigrants ont commenc\u00e9 \u00e0 se rendre compte qu'ils \u00e9taient arriv\u00e9s en Am\u00e9rique telle qu'elle \u00e9tait et non telle qu'ils l'avaient r\u00eav\u00e9e. Les images du paradis terrestre dont ils s'\u00e9taient remplis les yeux et l'esprit ne correspondaient gu\u00e8re aux lourdes formalit\u00e9s bureaucratiques auxquelles ils \u00e9taient soumis et, du moins aux \u00c9tats-Unis, nombreux \u00e9taient ceux qui \u00e9taient rejet\u00e9s, en particulier parce qu'ils souffraient de maladies invalidantes.<\/p>\n<p>Ceux qui \u00e9taient admis dans le pays \u00e9taient trait\u00e9s et n\u00e9goci\u00e9s comme dans une foire aux bestiaux ou un march\u00e9 aux esclaves. En outre, diverses mesures ont \u00e9t\u00e9 adopt\u00e9es au fil du temps pour restreindre l'ampleur des flux migratoires. Ainsi, outre l'application constante de r\u00e8gles sanitaires strictes pendant la p\u00e9riode de quarantaine \u00e0 Ellis Island, ils ont lanc\u00e9 le test d'alphab\u00e9tisation en 1917, apr\u00e8s vingt ans de \"menaces\" \u00e0 cet effet, et, par le biais du contr\u00f4le de l'analphab\u00e9tisme, ont impos\u00e9 un frein efficace \u00e0 l'immigration. Par la suite, au d\u00e9but des ann\u00e9es 1920, des \"quotas\" d'acc\u00e8s ont \u00e9t\u00e9 \u00e9tablis par la loi. En pratique, le nombre d'immigrants que chaque nationalit\u00e9 pouvait faire entrer dans le pays au cours d'une ann\u00e9e \u00e9tait d\u00e9termin\u00e9 annuellement par les autorit\u00e9s comp\u00e9tentes.<\/p>\n<p>En Argentine et au Br\u00e9sil, pays qui ont accueilli d'importantes masses d'\u00e9migrants italiens, le d\u00e9barquement n'est pas facile non plus. Du bateau, on rejoint la terre ferme apr\u00e8s un transbordement sur des barques et des petits bateaux (en Argentine, le dernier tron\u00e7on d'eau est travers\u00e9 sur des charrettes tir\u00e9es par des chevaux, tandis qu'au Br\u00e9sil, depuis le port de Santos, on rejoint San Paolo par le train).<\/p>\n<p>Une fois sur le continent, les personnes \u00e9taient log\u00e9es dans ce que l'on pourrait qualifier d'\u00e9tablissements de contention : l'h\u00f4tel et l'hosp\u00e9daria des immigrants.<\/p>\n<p>Les gouvernements des deux pays ont propos\u00e9 des informations g\u00e9n\u00e9rales sur les coutumes et traditions locales, ainsi que l'aide des agences pour l'emploi, qui ont toutefois fonctionn\u00e9 sans aucune forme de s\u00e9lection des nouveaux arrivants sur la base de leurs comp\u00e9tences professionnelles.<\/p>\n<p>En r\u00e9alit\u00e9, le point fort de l'\u00e9migrant est la \"cha\u00eene migratoire\", le r\u00e9seau de parents, d'amis, de compatriotes qui, ayant d\u00e9j\u00e0 v\u00e9cu l'exp\u00e9rience de l'exode, l'ont guid\u00e9 \u00e0 chaque \u00e9tape de l'expatriation et ont facilit\u00e9 son int\u00e9gration dans le pays de destination.<\/p>\n\t\t\t\t\t<ul id=\"menu-il-viaggio\"><li id=\"menu-item-398\"><a href=\"https:\/\/www.museoemigrazioneitaliana.org\/fr\/le-voyage\/\">Le voyage<\/a>\n<ul>\n\t<li id=\"menu-item-399\"><a href=\"https:\/\/www.museoemigrazioneitaliana.org\/fr\/le-voyage\/en-attente-de-depart\/\">En attendant le d\u00e9part<\/a><\/li>\n\t<li id=\"menu-item-401\"><a href=\"https:\/\/www.museoemigrazioneitaliana.org\/fr\/le-voyage\/en-train\/\">En train<\/a><\/li>\n\t<li id=\"menu-item-400\"><a href=\"https:\/\/www.museoemigrazioneitaliana.org\/fr\/le-voyage\/par-bateau\/\">Par bateau<\/a><\/li>\n\t<li id=\"menu-item-402\"><a href=\"https:\/\/www.museoemigrazioneitaliana.org\/fr\/le-voyage\/etablissements-de-soins\/\">\u00c9tablissements de soins<\/a><\/li>\n<\/ul>\n<\/li>\n<\/ul>","protected":false},"excerpt":{"rendered":"<p>Nel paradiso terrestre promesso dalle &#8220;Guide&#8221; le cose, in realt\u00e0, stavano diversamente. Subito dopo l&#8217;arrivo gli immigrati cominciavano a rendersi conto di essere giunti nell&#8217;America com&#8217;era e non come l&#8217;avevano sognata. Le immagini da paradiso terrestre di cui si erano riempiti gli occhi e la mente trovavano scarso riscontro nelle pesanti formalit\u00e0 burocratiche cui venivano [&hellip;]<\/p>\n","protected":false},"author":1,"featured_media":0,"parent":53,"menu_order":0,"comment_status":"closed","ping_status":"open","template":"","meta":{"_acf_changed":false,"site-sidebar-layout":"default","site-content-layout":"default","ast-site-content-layout":"default","site-content-style":"default","site-sidebar-style":"default","ast-global-header-display":"","ast-banner-title-visibility":"","ast-main-header-display":"","ast-hfb-above-header-display":"","ast-hfb-below-header-display":"","ast-hfb-mobile-header-display":"","site-post-title":"","ast-breadcrumbs-content":"","ast-featured-img":"","footer-sml-layout":"","ast-disable-related-posts":"","theme-transparent-header-meta":"default","adv-header-id-meta":"","stick-header-meta":"","header-above-stick-meta":"","header-main-stick-meta":"","header-below-stick-meta":"","astra-migrate-meta-layouts":"default","ast-page-background-enabled":"default","ast-page-background-meta":{"desktop":{"background-color":"","background-image":"","background-repeat":"repeat","background-position":"center center","background-size":"auto","background-attachment":"scroll","background-type":"","background-media":"","overlay-type":"","overlay-color":"","overlay-opacity":"","overlay-gradient":""},"tablet":{"background-color":"","background-image":"","background-repeat":"repeat","background-position":"center center","background-size":"auto","background-attachment":"scroll","background-type":"","background-media":"","overlay-type":"","overlay-color":"","overlay-opacity":"","overlay-gradient":""},"mobile":{"background-color":"","background-image":"","background-repeat":"repeat","background-position":"center center","background-size":"auto","background-attachment":"scroll","background-type":"","background-media":"","overlay-type":"","overlay-color":"","overlay-opacity":"","overlay-gradient":""}},"ast-content-background-meta":{"desktop":{"background-color":"var(--ast-global-color-5)","background-image":"","background-repeat":"repeat","background-position":"center center","background-size":"auto","background-attachment":"scroll","background-type":"","background-media":"","overlay-type":"","overlay-color":"","overlay-opacity":"","overlay-gradient":""},"tablet":{"background-color":"var(--ast-global-color-5)","background-image":"","background-repeat":"repeat","background-position":"center center","background-size":"auto","background-attachment":"scroll","background-type":"","background-media":"","overlay-type":"","overlay-color":"","overlay-opacity":"","overlay-gradient":""},"mobile":{"background-color":"var(--ast-global-color-5)","background-image":"","background-repeat":"repeat","background-position":"center center","background-size":"auto","background-attachment":"scroll","background-type":"","background-media":"","overlay-type":"","overlay-color":"","overlay-opacity":"","overlay-gradient":""}},"footnotes":""},"class_list":["post-57","page","type-page","status-publish","hentry"],"acf":[],"_links":{"self":[{"href":"https:\/\/www.museoemigrazioneitaliana.org\/fr\/wp-json\/wp\/v2\/pages\/57","targetHints":{"allow":["GET"]}}],"collection":[{"href":"https:\/\/www.museoemigrazioneitaliana.org\/fr\/wp-json\/wp\/v2\/pages"}],"about":[{"href":"https:\/\/www.museoemigrazioneitaliana.org\/fr\/wp-json\/wp\/v2\/types\/page"}],"author":[{"embeddable":true,"href":"https:\/\/www.museoemigrazioneitaliana.org\/fr\/wp-json\/wp\/v2\/users\/1"}],"replies":[{"embeddable":true,"href":"https:\/\/www.museoemigrazioneitaliana.org\/fr\/wp-json\/wp\/v2\/comments?post=57"}],"version-history":[{"count":2,"href":"https:\/\/www.museoemigrazioneitaliana.org\/fr\/wp-json\/wp\/v2\/pages\/57\/revisions"}],"predecessor-version":[{"id":3170,"href":"https:\/\/www.museoemigrazioneitaliana.org\/fr\/wp-json\/wp\/v2\/pages\/57\/revisions\/3170"}],"up":[{"embeddable":true,"href":"https:\/\/www.museoemigrazioneitaliana.org\/fr\/wp-json\/wp\/v2\/pages\/53"}],"wp:attachment":[{"href":"https:\/\/www.museoemigrazioneitaliana.org\/fr\/wp-json\/wp\/v2\/media?parent=57"}],"curies":[{"name":"wp","href":"https:\/\/api.w.org\/{rel}","templated":true}]}}

Établissements de soins

<p>Dans le paradis terrestre promis par les "Guides", les choses sont en réalité différentes. Peu après leur arrivée, les immigrants ont commencé à se rendre compte qu'ils étaient arrivés en Amérique telle qu'elle était et non telle qu'ils l'avaient rêvée. Les images du paradis terrestre dont ils s'étaient remplis les yeux et l'esprit ne correspondaient guère aux lourdes formalités bureaucratiques auxquelles ils étaient soumis et, du moins aux États-Unis, nombreux étaient ceux qui étaient rejetés, en particulier parce qu'ils souffraient de maladies invalidantes.</p>
<p>Ceux qui étaient admis dans le pays étaient traités et négociés comme dans une foire aux bestiaux ou un marché aux esclaves. En outre, diverses mesures ont été adoptées au fil du temps pour restreindre l'ampleur des flux migratoires. Ainsi, outre l'application constante de règles sanitaires strictes pendant la période de quarantaine à Ellis Island, ils ont lancé le test d'alphabétisation en 1917, après vingt ans de "menaces" à cet effet, et, par le biais du contrôle de l'analphabétisme, ont imposé un frein efficace à l'immigration. Par la suite, au début des années 1920, des "quotas" d'accès ont été établis par la loi. En pratique, le nombre d'immigrants que chaque nationalité pouvait faire entrer dans le pays au cours d'une année était déterminé annuellement par les autorités compétentes.</p>
<p>En Argentine et au Brésil, pays qui ont accueilli d'importantes masses d'émigrants italiens, le débarquement n'est pas facile non plus. Du bateau, on rejoint la terre ferme après un transbordement sur des barques et des petits bateaux (en Argentine, le dernier tronçon d'eau est traversé sur des charrettes tirées par des chevaux, tandis qu'au Brésil, depuis le port de Santos, on rejoint San Paolo par le train).</p>
<p>Une fois sur le continent, les personnes étaient logées dans ce que l'on pourrait qualifier d'établissements de contention : l'hôtel et l'hospédaria des immigrants.</p>
<p>Les gouvernements des deux pays ont proposé des informations générales sur les coutumes et traditions locales, ainsi que l'aide des agences pour l'emploi, qui ont toutefois fonctionné sans aucune forme de sélection des nouveaux arrivants sur la base de leurs compétences professionnelles.</p>
<p>En réalité, le point fort de l'émigrant est la "chaîne migratoire", le réseau de parents, d'amis, de compatriotes qui, ayant déjà vécu l'expérience de l'exode, l'ont guidé à chaque étape de l'expatriation et ont facilité son intégration dans le pays de destination.</p>
					<ul id="menu-il-viaggio"><li id="menu-item-398"><a href="https://www.museoemigrazioneitaliana.org/fr/le-voyage/">Le voyage</a>
<ul>
	<li id="menu-item-399"><a href="https://www.museoemigrazioneitaliana.org/fr/le-voyage/en-attente-de-depart/">En attendant le départ</a></li>
	<li id="menu-item-401"><a href="https://www.museoemigrazioneitaliana.org/fr/le-voyage/en-train/">En train</a></li>
	<li id="menu-item-400"><a href="https://www.museoemigrazioneitaliana.org/fr/le-voyage/par-bateau/">Par bateau</a></li>
	<li id="menu-item-402"><a href="https://www.museoemigrazioneitaliana.org/fr/le-voyage/etablissements-de-soins/">Établissements de soins</a></li>
</ul>
</li>
</ul>

<p>Nel paradiso terrestre promesso dalle &#8220;Guide&#8221; le cose, in realtà, stavano diversamente. Subito dopo l&#8217;arrivo gli immigrati cominciavano a rendersi conto di essere giunti nell&#8217;America com&#8217;era e non come l&#8217;avevano sognata. Le immagini da paradiso terrestre di cui si erano riempiti gli occhi e la mente trovavano scarso riscontro nelle pesanti formalità burocratiche cui venivano [&hellip;]</p>
