{"id":55,"date":"2020-09-17T15:37:24","date_gmt":"2020-09-17T13:37:24","guid":{"rendered":"https:\/\/mei.ms-dev.it\/?page_id=55"},"modified":"2022-03-10T10:46:13","modified_gmt":"2022-03-10T09:46:13","slug":"en-attente-de-depart","status":"publish","type":"page","link":"https:\/\/www.museoemigrazioneitaliana.org\/fr\/il-viaggio\/in-attesa-della-partenza\/","title":{"rendered":"En attendant le d\u00e9part"},"content":{"rendered":"<p>Les ports d'embarquement des \u00e9migrants \u00e9taient G\u00eanes, Naples et Palerme.<\/p>\n<p>Les pays europ\u00e9ens sont atteints par le train, ainsi que le port fran\u00e7ais du Havre, d'o\u00f9 les \u00e9migrants du Nord peuvent s'embarquer plus facilement pour les destinations am\u00e9ricaines. Le nombre de d\u00e9parts augmente - de fa\u00e7on torrentielle - jusqu'\u00e0 la veille de la Premi\u00e8re Guerre mondiale : c'est la \"grande \u00e9migration\".<\/p>\n<p>A la fin du conflit et en raison de la fermeture progressive des d\u00e9bouch\u00e9s am\u00e9ricains, l'exode vers les destinations europ\u00e9ennes reprend mais avec un nombre r\u00e9duit d'expatri\u00e9s. Trieste s'ajoute aux autres ports.<\/p>\n<p>Apr\u00e8s la Seconde Guerre mondiale, les d\u00e9parts vers toutes les destinations, qu'elles soient continentales ou intercontinentales, ont repris avec une augmentation consid\u00e9rable du nombre de passagers.<\/p>\n\t\t\t\t\t<ul id=\"menu-il-viaggio\"><li id=\"menu-item-398\"><a href=\"https:\/\/www.museoemigrazioneitaliana.org\/fr\/le-voyage\/\">Le voyage<\/a>\n<ul>\n\t<li id=\"menu-item-399\"><a href=\"https:\/\/www.museoemigrazioneitaliana.org\/fr\/le-voyage\/en-attente-de-depart\/\">En attendant le d\u00e9part<\/a><\/li>\n\t<li id=\"menu-item-401\"><a href=\"https:\/\/www.museoemigrazioneitaliana.org\/fr\/le-voyage\/en-train\/\">En train<\/a><\/li>\n\t<li id=\"menu-item-400\"><a href=\"https:\/\/www.museoemigrazioneitaliana.org\/fr\/le-voyage\/par-bateau\/\">Par bateau<\/a><\/li>\n\t<li id=\"menu-item-402\"><a href=\"https:\/\/www.museoemigrazioneitaliana.org\/fr\/le-voyage\/etablissements-de-soins\/\">\u00c9tablissements de soins<\/a><\/li>\n<\/ul>\n<\/li>\n<\/ul>","protected":false},"excerpt":{"rendered":"<p>I porti d&#8217;imbarco degli emigranti erano Genova, Napoli, Palermo. In treno si raggiungevano i paesi europei e anche il porto francese di Le Havre da cui era pi\u00f9 agevole, per gli emigranti del Nord, imbarcarsi per le destinazioni americane. Il numero delle partenze crebbe &#8211; torrenziale &#8211; sino alla vigilia della prima guerra mondiale: era [&hellip;]<\/p>\n","protected":false},"author":1,"featured_media":0,"parent":53,"menu_order":0,"comment_status":"closed","ping_status":"open","template":"","meta":{"_acf_changed":false,"site-sidebar-layout":"default","site-content-layout":"default","ast-site-content-layout":"default","site-content-style":"default","site-sidebar-style":"default","ast-global-header-display":"","ast-banner-title-visibility":"","ast-main-header-display":"","ast-hfb-above-header-display":"","ast-hfb-below-header-display":"","ast-hfb-mobile-header-display":"","site-post-title":"","ast-breadcrumbs-content":"","ast-featured-img":"","footer-sml-layout":"","ast-disable-related-posts":"","theme-transparent-header-meta":"default","adv-header-id-meta":"","stick-header-meta":"","header-above-stick-meta":"","header-main-stick-meta":"","header-below-stick-meta":"","astra-migrate-meta-layouts":"default","ast-page-background-enabled":"default","ast-page-background-meta":{"desktop":{"background-color":"","background-image":"","background-repeat":"repeat","background-position":"center center","background-size":"auto","background-attachment":"scroll","background-type":"","background-media":"","overlay-type":"","overlay-color":"","overlay-opacity":"","overlay-gradient":""},"tablet":{"background-color":"","background-image":"","background-repeat":"repeat","background-position":"center center","background-size":"auto","background-attachment":"scroll","background-type":"","background-media":"","overlay-type":"","overlay-color":"","overlay-opacity":"","overlay-gradient":""},"mobile":{"background-color":"","background-image":"","background-repeat":"repeat","background-position":"center center","background-size":"auto","background-attachment":"scroll","background-type":"","background-media":"","overlay-type":"","overlay-color":"","overlay-opacity":"","overlay-gradient":""}},"ast-content-background-meta":{"desktop":{"background-color":"var(--ast-global-color-5)","background-image":"","background-repeat":"repeat","background-position":"center center","background-size":"auto","background-attachment":"scroll","background-type":"","background-media":"","overlay-type":"","overlay-color":"","overlay-opacity":"","overlay-gradient":""},"tablet":{"background-color":"var(--ast-global-color-5)","background-image":"","background-repeat":"repeat","background-position":"center center","background-size":"auto","background-attachment":"scroll","background-type":"","background-media":"","overlay-type":"","overlay-color":"","overlay-opacity":"","overlay-gradient":""},"mobile":{"background-color":"var(--ast-global-color-5)","background-image":"","background-repeat":"repeat","background-position":"center center","background-size":"auto","background-attachment":"scroll","background-type":"","background-media":"","overlay-type":"","overlay-color":"","overlay-opacity":"","overlay-gradient":""}},"footnotes":""},"class_list":["post-55","page","type-page","status-publish","hentry"],"acf":[],"_links":{"self":[{"href":"https:\/\/www.museoemigrazioneitaliana.org\/fr\/wp-json\/wp\/v2\/pages\/55","targetHints":{"allow":["GET"]}}],"collection":[{"href":"https:\/\/www.museoemigrazioneitaliana.org\/fr\/wp-json\/wp\/v2\/pages"}],"about":[{"href":"https:\/\/www.museoemigrazioneitaliana.org\/fr\/wp-json\/wp\/v2\/types\/page"}],"author":[{"embeddable":true,"href":"https:\/\/www.museoemigrazioneitaliana.org\/fr\/wp-json\/wp\/v2\/users\/1"}],"replies":[{"embeddable":true,"href":"https:\/\/www.museoemigrazioneitaliana.org\/fr\/wp-json\/wp\/v2\/comments?post=55"}],"version-history":[{"count":2,"href":"https:\/\/www.museoemigrazioneitaliana.org\/fr\/wp-json\/wp\/v2\/pages\/55\/revisions"}],"predecessor-version":[{"id":3165,"href":"https:\/\/www.museoemigrazioneitaliana.org\/fr\/wp-json\/wp\/v2\/pages\/55\/revisions\/3165"}],"up":[{"embeddable":true,"href":"https:\/\/www.museoemigrazioneitaliana.org\/fr\/wp-json\/wp\/v2\/pages\/53"}],"wp:attachment":[{"href":"https:\/\/www.museoemigrazioneitaliana.org\/fr\/wp-json\/wp\/v2\/media?parent=55"}],"curies":[{"name":"wp","href":"https:\/\/api.w.org\/{rel}","templated":true}]}}

En attendant le départ

<p>Les ports d'embarquement des émigrants étaient Gênes, Naples et Palerme.</p>
<p>Les pays européens sont atteints par le train, ainsi que le port français du Havre, d'où les émigrants du Nord peuvent s'embarquer plus facilement pour les destinations américaines. Le nombre de départs augmente - de façon torrentielle - jusqu'à la veille de la Première Guerre mondiale : c'est la "grande émigration".</p>
<p>A la fin du conflit et en raison de la fermeture progressive des débouchés américains, l'exode vers les destinations européennes reprend mais avec un nombre réduit d'expatriés. Trieste s'ajoute aux autres ports.</p>
<p>Après la Seconde Guerre mondiale, les départs vers toutes les destinations, qu'elles soient continentales ou intercontinentales, ont repris avec une augmentation considérable du nombre de passagers.</p>
					<ul id="menu-il-viaggio"><li id="menu-item-398"><a href="https://www.museoemigrazioneitaliana.org/fr/le-voyage/">Le voyage</a>
<ul>
	<li id="menu-item-399"><a href="https://www.museoemigrazioneitaliana.org/fr/le-voyage/en-attente-de-depart/">En attendant le départ</a></li>
	<li id="menu-item-401"><a href="https://www.museoemigrazioneitaliana.org/fr/le-voyage/en-train/">En train</a></li>
	<li id="menu-item-400"><a href="https://www.museoemigrazioneitaliana.org/fr/le-voyage/par-bateau/">Par bateau</a></li>
	<li id="menu-item-402"><a href="https://www.museoemigrazioneitaliana.org/fr/le-voyage/etablissements-de-soins/">Établissements de soins</a></li>
</ul>
</li>
</ul>

<p>I porti d&#8217;imbarco degli emigranti erano Genova, Napoli, Palermo. In treno si raggiungevano i paesi europei e anche il porto francese di Le Havre da cui era più agevole, per gli emigranti del Nord, imbarcarsi per le destinazioni americane. Il numero delle partenze crebbe &#8211; torrenziale &#8211; sino alla vigilia della prima guerra mondiale: era [&hellip;]</p>
