{"id":486,"date":"2020-12-17T15:34:25","date_gmt":"2020-12-17T14:34:25","guid":{"rendered":"https:\/\/mei.ms-dev.it\/?page_id=486"},"modified":"2022-01-26T10:20:20","modified_gmt":"2022-01-26T09:20:20","slug":"lemigration-entre-art-et-litterature-sur-leceano-par-edmondo-de-amicis-illustre-par-arnaldo-ferraguti","status":"publish","type":"page","link":"https:\/\/www.museoemigrazioneitaliana.org\/fr\/approfondimenti\/lemigrazione-tra-arte-e-letteratura-sulloceano-di-edmondo-de-amicis-illustrato-da-arnaldo-ferraguti\/","title":{"rendered":"L'\u00e9migration entre art et litt\u00e9rature. Sur l'oc\u00e9an d'Edmondo De Amicis illustr\u00e9 par Arnaldo Ferraguti"},"content":{"rendered":"\n\n<h3>L&#8217;emigrazione tra arte e letteratura. Sull&#8217;<em>Oceano<\/em>\u00a0di Edmondo De Amicis illustrato da Arnaldo Ferraguti<\/h3>\nIn una celebre lettera al fratello Giuseppe del 28 ottobre 1891 Gaetano Previati si scaglia con forza contro &#8220;l&#8217;imbecillit\u00e0&#8221; della corrente verista dell&#8217;illustrazione, attaccando quegli artisti &#8220;che dove lo scrittore per esempio incidentalmente dice e, il tale, preso il suo cappello se ne and\u00f2 &#8211; fanno il loro bravo disegno del personaggio col cappello in mano mezzo voltato fra la porta d&#8217;uscita&#8221;. E poco dopo, condannando l&#8217;abuso della fotografia &#8220;impudentemente gabellato per arte all&#8217;ingenuit\u00e0 del buon pubblico&#8221; prende ad esempio Arnaldo Ferraguti, autore a suo dire di quella &#8220;minchionatura d&#8217;illustrazione degli Amici di De Amicis e dell&#8217;altra mistificazione dell&#8217;Oceano&#8221;.<br \/>\nLa data della lettera \u00e8 significativa: il 1891 \u00e8 l&#8217;anno della Prima Esposizione Triennale di Brera, dove proprio Arnaldo Ferraguti riceve il premio Fumagalli di &#8220;incoraggiamento per i giovani&#8221;, mentre Previati presenta<em>\u00a0Maternit\u00e0<\/em>\u00a0non ottenendo alcun riconoscimento. Potrebbe anche trattarsi di una semplice polemica invelenita dalla competizione per il pubblico e il successo, ma in realt\u00e0 dietro a questa disputa si pu\u00f2 leggere il dibattito intorno all&#8217;evoluzione delle arti in Italia, che proprio in quegli anni stava entrando nel vivo, toccando anche il punto determinante dell&#8217;uso della fotografia da parte degli artisti.<br \/>\nIl libro, partendo dunque dalle polemiche artistiche otto-novecentesche, prende in analisi proprio il romanzo\u00a0<em>Sull&#8217;Oceano<\/em>\u00a0di Edmondo De Amicis, illustrato nel 1890 da Arnaldo Ferraguti su commissione dell&#8217;editore Emilio Treves che aveva deciso, nel 1889, di inviare l&#8217;artista a ripercorrere il viaggio da Genova a Buenos Aires compiuto da De Amicis nel 1884, al fine di illustrarne il romanzo che al momento della prima uscita era stato ristampato ben dieci volte in sole due settimane. Grazie a questo altissimo gradimento, l&#8217;editore si era deciso appunto ad impreziosire la pubblicazione del 1890 con i disegni del pi\u00f9 abile artista della casa editrice.<br \/>\nFerraguti rievoca l&#8217;intera vicenda nell&#8217;articolo\u00a0<em>Sull&#8217;Oceano dopo Edmondo De Amicis<\/em>, scritto in occasione della morte dello scrittore piemontese nel 1908 e pubblicato su &#8220;Il Secolo XX&#8221;. Ferraguti racconta che per cercare di fermare figure e situazioni del romanzo si era portato dietro pennelli e matita, ma soprattutto la macchina fotografica, che diventa la protagonista delle prime giornate. Infatti, si trova a dover fronteggiare sia le resistenze dei viaggiatori di prima classe, restii, &#8220;<em>per l&#8217;umano amor di se stessi<\/em>&#8221; a farsi ritrarre, tanto che la macchina fotografica spargeva &#8220;<em>tale terrore che se le moderne mitragliatrici sbaragliassero il nemico come sbaragliavo io i &#8220;passeggeri di classe&#8221; con le mie innocue e modeste armi, non vi sarebbero pi\u00f9 carneficine!&#8230;<\/em>&#8220;, sia i pensieri ben pi\u00f9 cupi dei passeggeri di terza classe,\u00a0 che &#8220;<em>all&#8217;apparire dell&#8217;obbiettivo, se la davano prudentemente a gambe, e parecchi altri allo scattare dell&#8217;otturatore, mi volgevano deliberatamente&#8230; la schiena. [&#8230;] &#8211; Sci\u00e0 creda, &#8211; mi diceva un giorno il comandante, &#8211; in tutti i c\u00e0reghi vi \u00e8 sempre una buona dozzina fra assassini, ladri o semplici malfattori sfuggiti alla giustizia, e molti altri che avendo gi\u00e0 avuto a che farci&#8230; preferiscono&#8230; prendere una boccata d&#8217;aria. Vedr\u00e0 che passati i tropici, anche i pi\u00f9 riottosi, supponendo di aver raggiunta la zona dell&#8217;impunit\u00e0, diverranno fidenti. Era spiegato l&#8217;arcano!<\/em>&#8220;.<br \/>\nEmerge la volont\u00e0 del pittore naturalista di condurre una scrupolosa documentazione fotografica dal vero, da cui poi trarre ispirazione per le proprie composizioni. Le illustrazioni compendiano cos\u00ec una valenza figurativo-artistica ed una sociale, trattando temi cari al naturalismo contemporaneo italiano. In tale ottica, Ferraguti \u00e8 in ottima compagnia: basti ricordare famose edizioni come le<em>\u00a0Lotte civili<\/em>\u00a0di De Amicis illustrate a pi\u00f9 riprese da Crotta, Melis, Vannucci,\u00a0<em>Le quattro stagioni<\/em>\u00a0di De Marchi con disegni di Luigi Rossi,\u00a0<em>Firenze sotterranea<\/em>\u00a0di Jarro illustrata da Fabio Fabbi, ma anche il\u00a0<em>Canto Novo<\/em>\u00a0di D&#8217;Annunzio illustrato da Michetti nel 1882. \u00c8 assai significativo, come detto nell&#8217;introduzione, che al grande sviluppo della fotografia alla fine dell&#8217;Ottocento corrisponda in letteratura la fortuna editoriale di scrittori della corrente letteraria del verismo, da Fucini a Jarro e ancora a Zola, Daudet, Verga, fino a Carolina Invernizio.<br \/>\nIl presente volume, tenendo sempre presente che il diverso strumento usato, la fotografia o il pennello, \u00e8 anche segnale di un differente approccio mentale alla figurazione, si propone, in virt\u00f9 di questa forte compenetrazione tra fotografia, matita, fedele riproposizione del reale e interpretazione dello stesso, di confrontare fonti di diversa natura: dalle fotografie-documentario coeve, alle copertine dei giornali, fino alle opere d&#8217;arte pittoriche e scultoree, sempre mantenendo chiaro il concetto che si tratta di livelli semantici diversi, che tuttavia nel caso dei periodici e del romanzo rivelano numerosi punti di tangenza.<br \/>\nVengono cos\u00ec intrecciati diversi piani, affiancando la storia dell&#8217;arte e la storia della letteratura, l&#8217;analisi formale delle immagini e il loro dialogare con le riproduzioni fotografiche del tempo, confrontando materiali e fonti inedite, sia a livello iconografico, sia a livello di memorialistica (diari di emigranti del tempo conservati presso la Fondazione Cresci), portando cos\u00ec un nuovo contributo allo studio del massiccio fenomeno dell&#8217;emigrazione italiana tra Otto e Novecento.\n<p>GIORGIO BACCI,<em>\u00a0L&#8217;emigrazione tra arte e letteratura<\/em>. Sull&#8217;Oceano\u00a0<em>di Edmondo De Amicis illustrato da Arnaldo Ferraguti<\/em>, &#8220;Quaderni della Fondazione Paolo Cresci per la storia dell&#8217;emigrazione italiana&#8221;, Lucca, Tipografia Tommasi, 2008.<\/p>\n\t\t\t\t\t<ul id=\"menu-approfondimenti\"><li id=\"menu-item-501\"><a href=\"https:\/\/www.museoemigrazioneitaliana.org\/approfondimenti\/\">Approfondimenti<\/a>\n<ul>\n\t<li id=\"menu-item-499\"><a href=\"https:\/\/www.museoemigrazioneitaliana.org\/approfondimenti\/i-primi-viaggi-transoceanici\/\">I primi viaggi transoceanici<\/a><\/li>\n\t<li id=\"menu-item-498\"><a href=\"https:\/\/www.museoemigrazioneitaliana.org\/approfondimenti\/la-merica-e-miss-liberty\/\">La &#8220;Merica&#8221; \u00e8 Miss Liberty<\/a><\/li>\n\t<li id=\"menu-item-497\"><a href=\"https:\/\/www.museoemigrazioneitaliana.org\/approfondimenti\/tontitown\/\">Tontitown<\/a><\/li>\n\t<li id=\"menu-item-496\"><a href=\"https:\/\/www.museoemigrazioneitaliana.org\/approfondimenti\/tutele-e-autonomia\/\">Tutele e autonomia<\/a><\/li>\n\t<li id=\"menu-item-495\"><a href=\"https:\/\/www.museoemigrazioneitaliana.org\/approfondimenti\/in-viaggio-con-le-lettere\/\">In viaggio con le lettere<\/a><\/li>\n\t<li id=\"menu-item-494\"><a href=\"https:\/\/www.museoemigrazioneitaliana.org\/approfondimenti\/lemigrazione-tra-arte-e-letteratura-sulloceano-di-edmondo-de-amicis-illustrato-da-arnaldo-ferraguti\/\">L&#8217;emigrazione tra arte e letteratura. Sull&#8217;Oceano di Edmondo De Amicis illustrato da Arnaldo Ferraguti<\/a><\/li>\n\t<li id=\"menu-item-493\"><a href=\"https:\/\/www.museoemigrazioneitaliana.org\/approfondimenti\/villa-regina-una-colonia-italiana-in-patagonia\/\">Villa Regina. Una colonia italiana in Patagonia<\/a><\/li>\n\t<li id=\"menu-item-492\"><a href=\"https:\/\/www.museoemigrazioneitaliana.org\/approfondimenti\/la-struttura-strappata\/\">La Struttura Strappata<\/a><\/li>\n<\/ul>\n<\/li>\n<\/ul>\t\n\t\n","protected":false},"excerpt":{"rendered":"<p>L&#8217;emigrazione tra arte e letteratura. Sull&#8217;Oceano\u00a0di Edmondo De Amicis illustrato da Arnaldo Ferraguti In una celebre lettera al fratello Giuseppe del 28 ottobre 1891 Gaetano Previati si scaglia con forza contro &#8220;l&#8217;imbecillit\u00e0&#8221; della corrente verista dell&#8217;illustrazione, attaccando quegli artisti &#8220;che dove lo scrittore per esempio incidentalmente dice e, il tale, preso il suo cappello se [&hellip;]<\/p>\n","protected":false},"author":1,"featured_media":0,"parent":129,"menu_order":0,"comment_status":"closed","ping_status":"open","template":"","meta":{"_acf_changed":false,"site-sidebar-layout":"default","site-content-layout":"default","ast-site-content-layout":"default","site-content-style":"default","site-sidebar-style":"default","ast-global-header-display":"","ast-banner-title-visibility":"","ast-main-header-display":"","ast-hfb-above-header-display":"","ast-hfb-below-header-display":"","ast-hfb-mobile-header-display":"","site-post-title":"","ast-breadcrumbs-content":"","ast-featured-img":"","footer-sml-layout":"","ast-disable-related-posts":"","theme-transparent-header-meta":"default","adv-header-id-meta":"","stick-header-meta":"","header-above-stick-meta":"","header-main-stick-meta":"","header-below-stick-meta":"","astra-migrate-meta-layouts":"default","ast-page-background-enabled":"default","ast-page-background-meta":{"desktop":{"background-color":"","background-image":"","background-repeat":"repeat","background-position":"center center","background-size":"auto","background-attachment":"scroll","background-type":"","background-media":"","overlay-type":"","overlay-color":"","overlay-opacity":"","overlay-gradient":""},"tablet":{"background-color":"","background-image":"","background-repeat":"repeat","background-position":"center center","background-size":"auto","background-attachment":"scroll","background-type":"","background-media":"","overlay-type":"","overlay-color":"","overlay-opacity":"","overlay-gradient":""},"mobile":{"background-color":"","background-image":"","background-repeat":"repeat","background-position":"center center","background-size":"auto","background-attachment":"scroll","background-type":"","background-media":"","overlay-type":"","overlay-color":"","overlay-opacity":"","overlay-gradient":""}},"ast-content-background-meta":{"desktop":{"background-color":"var(--ast-global-color-5)","background-image":"","background-repeat":"repeat","background-position":"center center","background-size":"auto","background-attachment":"scroll","background-type":"","background-media":"","overlay-type":"","overlay-color":"","overlay-opacity":"","overlay-gradient":""},"tablet":{"background-color":"var(--ast-global-color-5)","background-image":"","background-repeat":"repeat","background-position":"center center","background-size":"auto","background-attachment":"scroll","background-type":"","background-media":"","overlay-type":"","overlay-color":"","overlay-opacity":"","overlay-gradient":""},"mobile":{"background-color":"var(--ast-global-color-5)","background-image":"","background-repeat":"repeat","background-position":"center center","background-size":"auto","background-attachment":"scroll","background-type":"","background-media":"","overlay-type":"","overlay-color":"","overlay-opacity":"","overlay-gradient":""}},"footnotes":""},"class_list":["post-486","page","type-page","status-publish","hentry"],"acf":[],"_links":{"self":[{"href":"https:\/\/www.museoemigrazioneitaliana.org\/fr\/wp-json\/wp\/v2\/pages\/486","targetHints":{"allow":["GET"]}}],"collection":[{"href":"https:\/\/www.museoemigrazioneitaliana.org\/fr\/wp-json\/wp\/v2\/pages"}],"about":[{"href":"https:\/\/www.museoemigrazioneitaliana.org\/fr\/wp-json\/wp\/v2\/types\/page"}],"author":[{"embeddable":true,"href":"https:\/\/www.museoemigrazioneitaliana.org\/fr\/wp-json\/wp\/v2\/users\/1"}],"replies":[{"embeddable":true,"href":"https:\/\/www.museoemigrazioneitaliana.org\/fr\/wp-json\/wp\/v2\/comments?post=486"}],"version-history":[{"count":2,"href":"https:\/\/www.museoemigrazioneitaliana.org\/fr\/wp-json\/wp\/v2\/pages\/486\/revisions"}],"predecessor-version":[{"id":1502,"href":"https:\/\/www.museoemigrazioneitaliana.org\/fr\/wp-json\/wp\/v2\/pages\/486\/revisions\/1502"}],"up":[{"embeddable":true,"href":"https:\/\/www.museoemigrazioneitaliana.org\/fr\/wp-json\/wp\/v2\/pages\/129"}],"wp:attachment":[{"href":"https:\/\/www.museoemigrazioneitaliana.org\/fr\/wp-json\/wp\/v2\/media?parent=486"}],"curies":[{"name":"wp","href":"https:\/\/api.w.org\/{rel}","templated":true}]}}

L'émigration entre art et littérature. Sur l'océan d'Edmondo De Amicis illustré par Arnaldo Ferraguti

<h3>L&#8217;emigrazione tra arte e letteratura. Sull&#8217;<em>Oceano</em> di Edmondo De Amicis illustrato da Arnaldo Ferraguti</h3>
In una celebre lettera al fratello Giuseppe del 28 ottobre 1891 Gaetano Previati si scaglia con forza contro &#8220;l&#8217;imbecillità&#8221; della corrente verista dell&#8217;illustrazione, attaccando quegli artisti &#8220;che dove lo scrittore per esempio incidentalmente dice e, il tale, preso il suo cappello se ne andò &#8211; fanno il loro bravo disegno del personaggio col cappello in mano mezzo voltato fra la porta d&#8217;uscita&#8221;. E poco dopo, condannando l&#8217;abuso della fotografia &#8220;impudentemente gabellato per arte all&#8217;ingenuità del buon pubblico&#8221; prende ad esempio Arnaldo Ferraguti, autore a suo dire di quella &#8220;minchionatura d&#8217;illustrazione degli Amici di De Amicis e dell&#8217;altra mistificazione dell&#8217;Oceano&#8221;.<br />
La data della lettera è significativa: il 1891 è l&#8217;anno della Prima Esposizione Triennale di Brera, dove proprio Arnaldo Ferraguti riceve il premio Fumagalli di &#8220;incoraggiamento per i giovani&#8221;, mentre Previati presenta<em> Maternità</em> non ottenendo alcun riconoscimento. Potrebbe anche trattarsi di una semplice polemica invelenita dalla competizione per il pubblico e il successo, ma in realtà dietro a questa disputa si può leggere il dibattito intorno all&#8217;evoluzione delle arti in Italia, che proprio in quegli anni stava entrando nel vivo, toccando anche il punto determinante dell&#8217;uso della fotografia da parte degli artisti.<br />
Il libro, partendo dunque dalle polemiche artistiche otto-novecentesche, prende in analisi proprio il romanzo <em>Sull&#8217;Oceano</em> di Edmondo De Amicis, illustrato nel 1890 da Arnaldo Ferraguti su commissione dell&#8217;editore Emilio Treves che aveva deciso, nel 1889, di inviare l&#8217;artista a ripercorrere il viaggio da Genova a Buenos Aires compiuto da De Amicis nel 1884, al fine di illustrarne il romanzo che al momento della prima uscita era stato ristampato ben dieci volte in sole due settimane. Grazie a questo altissimo gradimento, l&#8217;editore si era deciso appunto ad impreziosire la pubblicazione del 1890 con i disegni del più abile artista della casa editrice.<br />
Ferraguti rievoca l&#8217;intera vicenda nell&#8217;articolo <em>Sull&#8217;Oceano dopo Edmondo De Amicis</em>, scritto in occasione della morte dello scrittore piemontese nel 1908 e pubblicato su &#8220;Il Secolo XX&#8221;. Ferraguti racconta che per cercare di fermare figure e situazioni del romanzo si era portato dietro pennelli e matita, ma soprattutto la macchina fotografica, che diventa la protagonista delle prime giornate. Infatti, si trova a dover fronteggiare sia le resistenze dei viaggiatori di prima classe, restii, &#8220;<em>per l&#8217;umano amor di se stessi</em>&#8221; a farsi ritrarre, tanto che la macchina fotografica spargeva &#8220;<em>tale terrore che se le moderne mitragliatrici sbaragliassero il nemico come sbaragliavo io i &#8220;passeggeri di classe&#8221; con le mie innocue e modeste armi, non vi sarebbero più carneficine!&#8230;</em>&#8220;, sia i pensieri ben più cupi dei passeggeri di terza classe,  che &#8220;<em>all&#8217;apparire dell&#8217;obbiettivo, se la davano prudentemente a gambe, e parecchi altri allo scattare dell&#8217;otturatore, mi volgevano deliberatamente&#8230; la schiena. [&#8230;] &#8211; Scià creda, &#8211; mi diceva un giorno il comandante, &#8211; in tutti i càreghi vi è sempre una buona dozzina fra assassini, ladri o semplici malfattori sfuggiti alla giustizia, e molti altri che avendo già avuto a che farci&#8230; preferiscono&#8230; prendere una boccata d&#8217;aria. Vedrà che passati i tropici, anche i più riottosi, supponendo di aver raggiunta la zona dell&#8217;impunità, diverranno fidenti. Era spiegato l&#8217;arcano!</em>&#8220;.<br />
Emerge la volontà del pittore naturalista di condurre una scrupolosa documentazione fotografica dal vero, da cui poi trarre ispirazione per le proprie composizioni. Le illustrazioni compendiano così una valenza figurativo-artistica ed una sociale, trattando temi cari al naturalismo contemporaneo italiano. In tale ottica, Ferraguti è in ottima compagnia: basti ricordare famose edizioni come le<em> Lotte civili</em> di De Amicis illustrate a più riprese da Crotta, Melis, Vannucci, <em>Le quattro stagioni</em> di De Marchi con disegni di Luigi Rossi, <em>Firenze sotterranea</em> di Jarro illustrata da Fabio Fabbi, ma anche il <em>Canto Novo</em> di D&#8217;Annunzio illustrato da Michetti nel 1882. È assai significativo, come detto nell&#8217;introduzione, che al grande sviluppo della fotografia alla fine dell&#8217;Ottocento corrisponda in letteratura la fortuna editoriale di scrittori della corrente letteraria del verismo, da Fucini a Jarro e ancora a Zola, Daudet, Verga, fino a Carolina Invernizio.<br />
Il presente volume, tenendo sempre presente che il diverso strumento usato, la fotografia o il pennello, è anche segnale di un differente approccio mentale alla figurazione, si propone, in virtù di questa forte compenetrazione tra fotografia, matita, fedele riproposizione del reale e interpretazione dello stesso, di confrontare fonti di diversa natura: dalle fotografie-documentario coeve, alle copertine dei giornali, fino alle opere d&#8217;arte pittoriche e scultoree, sempre mantenendo chiaro il concetto che si tratta di livelli semantici diversi, che tuttavia nel caso dei periodici e del romanzo rivelano numerosi punti di tangenza.<br />
Vengono così intrecciati diversi piani, affiancando la storia dell&#8217;arte e la storia della letteratura, l&#8217;analisi formale delle immagini e il loro dialogare con le riproduzioni fotografiche del tempo, confrontando materiali e fonti inedite, sia a livello iconografico, sia a livello di memorialistica (diari di emigranti del tempo conservati presso la Fondazione Cresci), portando così un nuovo contributo allo studio del massiccio fenomeno dell&#8217;emigrazione italiana tra Otto e Novecento.
<p>GIORGIO BACCI,<em> L&#8217;emigrazione tra arte e letteratura</em>. Sull&#8217;Oceano <em>di Edmondo De Amicis illustrato da Arnaldo Ferraguti</em>, &#8220;Quaderni della Fondazione Paolo Cresci per la storia dell&#8217;emigrazione italiana&#8221;, Lucca, Tipografia Tommasi, 2008.</p>
					<ul id="menu-approfondimenti"><li id="menu-item-501"><a href="https://www.museoemigrazioneitaliana.org/approfondimenti/">Approfondimenti</a>
<ul>
	<li id="menu-item-499"><a href="https://www.museoemigrazioneitaliana.org/approfondimenti/i-primi-viaggi-transoceanici/">I primi viaggi transoceanici</a></li>
	<li id="menu-item-498"><a href="https://www.museoemigrazioneitaliana.org/approfondimenti/la-merica-e-miss-liberty/">La &#8220;Merica&#8221; è Miss Liberty</a></li>
	<li id="menu-item-497"><a href="https://www.museoemigrazioneitaliana.org/approfondimenti/tontitown/">Tontitown</a></li>
	<li id="menu-item-496"><a href="https://www.museoemigrazioneitaliana.org/approfondimenti/tutele-e-autonomia/">Tutele e autonomia</a></li>
	<li id="menu-item-495"><a href="https://www.museoemigrazioneitaliana.org/approfondimenti/in-viaggio-con-le-lettere/">In viaggio con le lettere</a></li>
	<li id="menu-item-494"><a href="https://www.museoemigrazioneitaliana.org/approfondimenti/lemigrazione-tra-arte-e-letteratura-sulloceano-di-edmondo-de-amicis-illustrato-da-arnaldo-ferraguti/">L&#8217;emigrazione tra arte e letteratura. Sull&#8217;Oceano di Edmondo De Amicis illustrato da Arnaldo Ferraguti</a></li>
	<li id="menu-item-493"><a href="https://www.museoemigrazioneitaliana.org/approfondimenti/villa-regina-una-colonia-italiana-in-patagonia/">Villa Regina. Una colonia italiana in Patagonia</a></li>
	<li id="menu-item-492"><a href="https://www.museoemigrazioneitaliana.org/approfondimenti/la-struttura-strappata/">La Struttura Strappata</a></li>
</ul>
</li>
</ul>

<p>L&#8217;emigrazione tra arte e letteratura. Sull&#8217;Oceano di Edmondo De Amicis illustrato da Arnaldo Ferraguti In una celebre lettera al fratello Giuseppe del 28 ottobre 1891 Gaetano Previati si scaglia con forza contro &#8220;l&#8217;imbecillità&#8221; della corrente verista dell&#8217;illustrazione, attaccando quegli artisti &#8220;che dove lo scrittore per esempio incidentalmente dice e, il tale, preso il suo cappello se [&hellip;]</p>
