{"id":460,"date":"2020-12-17T15:26:12","date_gmt":"2020-12-17T14:26:12","guid":{"rendered":"https:\/\/mei.ms-dev.it\/?page_id=460"},"modified":"2022-01-26T17:19:50","modified_gmt":"2022-01-26T16:19:50","slug":"histoires-demigration","status":"publish","type":"page","link":"https:\/\/www.museoemigrazioneitaliana.org\/fr\/didattica\/storie-di-emigrazione\/","title":{"rendered":"Histoires d'\u00e9migration"},"content":{"rendered":"<p><em>Histoires d'\u00e9migration <\/em>est le premier cahier didactique que l'atelier d'histoire de l'institut B. Stringher d'Udine a voulu publier afin de pr\u00e9server et de pouvoir transmettre ces petits chemins de la recherche historique qui naissent en classe \u00e0 partir d'exp\u00e9riences, de t\u00e9moignages, de la collecte de contributions et de documents de la vie quotidienne pour pouvoir ensuite \u00e9largir, consid\u00e9rer et comprendre le pass\u00e9.<\/p>\n<em>Anna Maria Zilli<br \/>\n<\/em>Directeur de l'\u00e9cole ISIS \"B. Stringher\n\t\t\t<h3>Couverture<\/h3>\t\t\t\n\t\t\t<a href=\"https:\/\/www.museoemigrazioneitaliana.org\/wp-content\/uploads\/2022\/01\/marzo-2018Coveremigrazioniloghi.pdf\" target=\"_blank\" rel=\"noopener\" role=\"button\" aria-label=\"T\u00e9l\u00e9charger\">\n\t\t\t\t\t\t\t\t\t\t\tT\u00e9l\u00e9charger\n\t\t<\/a>\n\t\t\t<h3>Cahier d'apprentissage<\/h3>\t\t\t\n\t\t\t<a href=\"https:\/\/www.museoemigrazioneitaliana.org\/wp-content\/uploads\/2022\/01\/defpresMarzo2018AFFquaderno64pnew.pdf\" target=\"_blank\" rel=\"noopener\" role=\"button\" aria-label=\"T\u00e9l\u00e9charger\">\n\t\t\t\t\t\t\t\t\t\t\tT\u00e9l\u00e9charger\n\t\t<\/a>\n\t\t\t\t\t<ul id=\"menu-didattica\"><li id=\"menu-item-462\"><a href=\"https:\/\/www.museoemigrazioneitaliana.org\/fr\/didactique\/\">Didactique<\/a>\n<ul>\n\t<li id=\"menu-item-471\"><a href=\"https:\/\/www.museoemigrazioneitaliana.org\/fr\/didactique\/kits-educatifs-pour-les-migrants\/\">Migrants. Kit d'information p\u00e9dagogique<\/a><\/li>\n\t<li id=\"menu-item-470\"><a href=\"https:\/\/www.museoemigrazioneitaliana.org\/fr\/didactique\/reportage-sur-les-migrants\/\">Migrants. Reportage<\/a><\/li>\n\t<li id=\"menu-item-469\"><a href=\"https:\/\/www.museoemigrazioneitaliana.org\/fr\/didactique\/histoire-des-migrants\/\">Migrants. L'histoire<\/a><\/li>\n\t<li id=\"menu-item-467\"><a href=\"https:\/\/www.museoemigrazioneitaliana.org\/fr\/didactique\/unites-denseignement-college-et-ecole-primaire\/\">Unit\u00e9s d'enseignement. \u00c9cole secondaire inf\u00e9rieure et \u00e9cole primaire<\/a><\/li>\n\t<li id=\"menu-item-466\"><a href=\"https:\/\/www.museoemigrazioneitaliana.org\/fr\/didactique\/unites-denseignement-du-college\/\">Unit\u00e9s d'enseignement. \u00c9coles secondaires<\/a><\/li>\n\t<li id=\"menu-item-463\"><a href=\"https:\/\/www.museoemigrazioneitaliana.org\/fr\/didactique\/histoires-demigration\/\">Histoires d'\u00e9migration<\/a><\/li>\n<\/ul>\n<\/li>\n<\/ul>","protected":false},"excerpt":{"rendered":"<p>Storie di emigrazione \u00e8 il primo quaderno didattico che il laboratorio di storia dell&#8217;istituto\u00a0&#8220;B. Stringher&#8221; di Udine ha inteso pubblicare per conservare e poter trasmettere quei piccoli\u00a0percorsi di ricerca storica che nascono nelle classi dalle esperienze, dalle testimonianze, dalla\u00a0raccolta di contributi e documenti del quotidiano per poi poter ampliarsi, considerare e capire\u00a0il passato. Anna Maria [&hellip;]<\/p>\n","protected":false},"author":1,"featured_media":0,"parent":438,"menu_order":0,"comment_status":"closed","ping_status":"open","template":"","meta":{"_acf_changed":false,"site-sidebar-layout":"default","site-content-layout":"default","ast-site-content-layout":"default","site-content-style":"default","site-sidebar-style":"default","ast-global-header-display":"","ast-banner-title-visibility":"","ast-main-header-display":"","ast-hfb-above-header-display":"","ast-hfb-below-header-display":"","ast-hfb-mobile-header-display":"","site-post-title":"","ast-breadcrumbs-content":"","ast-featured-img":"","footer-sml-layout":"","ast-disable-related-posts":"","theme-transparent-header-meta":"default","adv-header-id-meta":"","stick-header-meta":"","header-above-stick-meta":"","header-main-stick-meta":"","header-below-stick-meta":"","astra-migrate-meta-layouts":"default","ast-page-background-enabled":"default","ast-page-background-meta":{"desktop":{"background-color":"","background-image":"","background-repeat":"repeat","background-position":"center center","background-size":"auto","background-attachment":"scroll","background-type":"","background-media":"","overlay-type":"","overlay-color":"","overlay-opacity":"","overlay-gradient":""},"tablet":{"background-color":"","background-image":"","background-repeat":"repeat","background-position":"center center","background-size":"auto","background-attachment":"scroll","background-type":"","background-media":"","overlay-type":"","overlay-color":"","overlay-opacity":"","overlay-gradient":""},"mobile":{"background-color":"","background-image":"","background-repeat":"repeat","background-position":"center center","background-size":"auto","background-attachment":"scroll","background-type":"","background-media":"","overlay-type":"","overlay-color":"","overlay-opacity":"","overlay-gradient":""}},"ast-content-background-meta":{"desktop":{"background-color":"var(--ast-global-color-5)","background-image":"","background-repeat":"repeat","background-position":"center center","background-size":"auto","background-attachment":"scroll","background-type":"","background-media":"","overlay-type":"","overlay-color":"","overlay-opacity":"","overlay-gradient":""},"tablet":{"background-color":"var(--ast-global-color-5)","background-image":"","background-repeat":"repeat","background-position":"center center","background-size":"auto","background-attachment":"scroll","background-type":"","background-media":"","overlay-type":"","overlay-color":"","overlay-opacity":"","overlay-gradient":""},"mobile":{"background-color":"var(--ast-global-color-5)","background-image":"","background-repeat":"repeat","background-position":"center center","background-size":"auto","background-attachment":"scroll","background-type":"","background-media":"","overlay-type":"","overlay-color":"","overlay-opacity":"","overlay-gradient":""}},"footnotes":""},"class_list":["post-460","page","type-page","status-publish","hentry"],"acf":[],"_links":{"self":[{"href":"https:\/\/www.museoemigrazioneitaliana.org\/fr\/wp-json\/wp\/v2\/pages\/460","targetHints":{"allow":["GET"]}}],"collection":[{"href":"https:\/\/www.museoemigrazioneitaliana.org\/fr\/wp-json\/wp\/v2\/pages"}],"about":[{"href":"https:\/\/www.museoemigrazioneitaliana.org\/fr\/wp-json\/wp\/v2\/types\/page"}],"author":[{"embeddable":true,"href":"https:\/\/www.museoemigrazioneitaliana.org\/fr\/wp-json\/wp\/v2\/users\/1"}],"replies":[{"embeddable":true,"href":"https:\/\/www.museoemigrazioneitaliana.org\/fr\/wp-json\/wp\/v2\/comments?post=460"}],"version-history":[{"count":2,"href":"https:\/\/www.museoemigrazioneitaliana.org\/fr\/wp-json\/wp\/v2\/pages\/460\/revisions"}],"predecessor-version":[{"id":1660,"href":"https:\/\/www.museoemigrazioneitaliana.org\/fr\/wp-json\/wp\/v2\/pages\/460\/revisions\/1660"}],"up":[{"embeddable":true,"href":"https:\/\/www.museoemigrazioneitaliana.org\/fr\/wp-json\/wp\/v2\/pages\/438"}],"wp:attachment":[{"href":"https:\/\/www.museoemigrazioneitaliana.org\/fr\/wp-json\/wp\/v2\/media?parent=460"}],"curies":[{"name":"wp","href":"https:\/\/api.w.org\/{rel}","templated":true}]}}

Histoires d'émigration

<p><em>Histoires d'émigration </em>est le premier cahier didactique que l'atelier d'histoire de l'institut B. Stringher d'Udine a voulu publier afin de préserver et de pouvoir transmettre ces petits chemins de la recherche historique qui naissent en classe à partir d'expériences, de témoignages, de la collecte de contributions et de documents de la vie quotidienne pour pouvoir ensuite élargir, considérer et comprendre le passé.</p>
<em>Anna Maria Zilli<br />
</em>Directeur de l'école ISIS "B. Stringher
			<h3>Couverture</h3>			
			<a href="https://www.museoemigrazioneitaliana.org/wp-content/uploads/2022/01/marzo-2018Coveremigrazioniloghi.pdf" target="_blank" rel="noopener" role="button" aria-label="Télécharger">
											Télécharger
		</a>
			<h3>Cahier d'apprentissage</h3>			
			<a href="https://www.museoemigrazioneitaliana.org/wp-content/uploads/2022/01/defpresMarzo2018AFFquaderno64pnew.pdf" target="_blank" rel="noopener" role="button" aria-label="Télécharger">
											Télécharger
		</a>
					<ul id="menu-didattica"><li id="menu-item-462"><a href="https://www.museoemigrazioneitaliana.org/fr/didactique/">Didactique</a>
<ul>
	<li id="menu-item-471"><a href="https://www.museoemigrazioneitaliana.org/fr/didactique/kits-educatifs-pour-les-migrants/">Migrants. Kit d'information pédagogique</a></li>
	<li id="menu-item-470"><a href="https://www.museoemigrazioneitaliana.org/fr/didactique/reportage-sur-les-migrants/">Migrants. Reportage</a></li>
	<li id="menu-item-469"><a href="https://www.museoemigrazioneitaliana.org/fr/didactique/histoire-des-migrants/">Migrants. L'histoire</a></li>
	<li id="menu-item-467"><a href="https://www.museoemigrazioneitaliana.org/fr/didactique/unites-denseignement-college-et-ecole-primaire/">Unités d'enseignement. École secondaire inférieure et école primaire</a></li>
	<li id="menu-item-466"><a href="https://www.museoemigrazioneitaliana.org/fr/didactique/unites-denseignement-du-college/">Unités d'enseignement. Écoles secondaires</a></li>
	<li id="menu-item-463"><a href="https://www.museoemigrazioneitaliana.org/fr/didactique/histoires-demigration/">Histoires d'émigration</a></li>
</ul>
</li>
</ul>

<p>Storie di emigrazione è il primo quaderno didattico che il laboratorio di storia dell&#8217;istituto &#8220;B. Stringher&#8221; di Udine ha inteso pubblicare per conservare e poter trasmettere quei piccoli percorsi di ricerca storica che nascono nelle classi dalle esperienze, dalle testimonianze, dalla raccolta di contributi e documenti del quotidiano per poi poter ampliarsi, considerare e capire il passato. Anna Maria [&hellip;]</p>
