{"id":448,"date":"2020-12-17T15:24:09","date_gmt":"2020-12-17T14:24:09","guid":{"rendered":"https:\/\/mei.ms-dev.it\/?page_id=448"},"modified":"2022-01-26T16:50:33","modified_gmt":"2022-01-26T15:50:33","slug":"histoire-des-migrants","status":"publish","type":"page","link":"https:\/\/www.museoemigrazioneitaliana.org\/fr\/didattica\/migranti-storia\/","title":{"rendered":"Migrants. L'histoire"},"content":{"rendered":"<p>\u00c9tudes historiques et recherche sur les migrations<\/p>\n\t\t\t<h3>Une grande \u00e9pop\u00e9e oubli\u00e9e<\/h3>\t\t\t\n\t\t\t<a href=\"https:\/\/www.museoemigrazioneitaliana.org\/wp-content\/uploads\/2022\/01\/Una-grande-epopea-dimenticata.pdf\" target=\"_blank\" rel=\"noopener\" role=\"button\" aria-label=\"T\u00e9l\u00e9charger\">\n\t\t\t\t\t\t\t\t\t\t\tT\u00e9l\u00e9charger\n\t\t<\/a>\n\t\t\t<h3>Des Italiens aux Italobelges. La trag\u00e9die de Marcinelle<\/h3>\t\t\t\n\t\t\t<a href=\"https:\/\/www.museoemigrazioneitaliana.org\/wp-content\/uploads\/2022\/01\/Da-italiani-a-italobelgi-a-tragedia-di-Marcinelle.pdf\" target=\"_blank\" rel=\"noopener\" role=\"button\" aria-label=\"T\u00e9l\u00e9charger\">\n\t\t\t\t\t\t\t\t\t\t\tT\u00e9l\u00e9charger\n\t\t<\/a>\n\t\t\t<h3>\u00c9migrants italiens et mouvements ouvriers aux \u00c9tats-Unis<\/h3>\t\t\t\n\t\t\t<a href=\"https:\/\/www.museoemigrazioneitaliana.org\/wp-content\/uploads\/2022\/01\/Emigranti-italiani-e-movimenti-operai-negli-Stati-Uniti.pdf\" target=\"_blank\" rel=\"noopener\" role=\"button\" aria-label=\"T\u00e9l\u00e9charger\">\n\t\t\t\t\t\t\t\t\t\t\tT\u00e9l\u00e9charger\n\t\t<\/a>\n\t\t\t<h3>L'\u00e9migration italienne comme expansion de la nation italienne<\/h3>\t\t\t\n\t\t\t<a href=\"https:\/\/www.museoemigrazioneitaliana.org\/wp-content\/uploads\/2022\/01\/L-emigrazione-italiana-come-espansione-della-nazione-italiana.pdf\" target=\"_blank\" rel=\"noopener\" role=\"button\" aria-label=\"T\u00e9l\u00e9charger\">\n\t\t\t\t\t\t\t\t\t\t\tT\u00e9l\u00e9charger\n\t\t<\/a>\n\t\t\t<h3>La patrie italienne n\u00e9e sur l'oc\u00e9an<\/h3>\t\t\t\n\t\t\t<a href=\"https:\/\/www.museoemigrazioneitaliana.org\/wp-content\/uploads\/2022\/01\/La-patria-italiana-che-nasce-sullOceano.pdf\" target=\"_blank\" rel=\"noopener\" role=\"button\" aria-label=\"T\u00e9l\u00e9charger\">\n\t\t\t\t\t\t\t\t\t\t\tT\u00e9l\u00e9charger\n\t\t<\/a>\n\t\t\t<h3>Mobilit\u00e9 migratoire, conflits, construction des nationalismes<\/h3>\t\t\t\n\t\t\t<a href=\"https:\/\/www.museoemigrazioneitaliana.org\/wp-content\/uploads\/2022\/01\/Mobilit-migratoria-conflitti-fabbricazione-dei-nazionalismi.pdf\" target=\"_blank\" rel=\"noopener\" role=\"button\" aria-label=\"T\u00e9l\u00e9charger\">\n\t\t\t\t\t\t\t\t\t\t\tT\u00e9l\u00e9charger\n\t\t<\/a>\n\t\t\t\t\t<ul id=\"menu-didattica\"><li id=\"menu-item-462\"><a href=\"https:\/\/www.museoemigrazioneitaliana.org\/fr\/didactique\/\">Didactique<\/a>\n<ul>\n\t<li id=\"menu-item-471\"><a href=\"https:\/\/www.museoemigrazioneitaliana.org\/fr\/didactique\/kits-educatifs-pour-les-migrants\/\">Migrants. Kit d'information p\u00e9dagogique<\/a><\/li>\n\t<li id=\"menu-item-470\"><a href=\"https:\/\/www.museoemigrazioneitaliana.org\/fr\/didactique\/reportage-sur-les-migrants\/\">Migrants. Reportage<\/a><\/li>\n\t<li id=\"menu-item-469\"><a href=\"https:\/\/www.museoemigrazioneitaliana.org\/fr\/didactique\/histoire-des-migrants\/\">Migrants. L'histoire<\/a><\/li>\n\t<li id=\"menu-item-467\"><a href=\"https:\/\/www.museoemigrazioneitaliana.org\/fr\/didactique\/unites-denseignement-college-et-ecole-primaire\/\">Unit\u00e9s d'enseignement. \u00c9cole secondaire inf\u00e9rieure et \u00e9cole primaire<\/a><\/li>\n\t<li id=\"menu-item-466\"><a href=\"https:\/\/www.museoemigrazioneitaliana.org\/fr\/didactique\/unites-denseignement-du-college\/\">Unit\u00e9s d'enseignement. \u00c9coles secondaires<\/a><\/li>\n\t<li id=\"menu-item-463\"><a href=\"https:\/\/www.museoemigrazioneitaliana.org\/fr\/didactique\/histoires-demigration\/\">Histoires d'\u00e9migration<\/a><\/li>\n<\/ul>\n<\/li>\n<\/ul>","protected":false},"excerpt":{"rendered":"<p>Studi e ricerche storiche sul tema delle migrazioni Una grande epopea dimenticata Scarica Da italiani a italobelgi. La tragedia di Marcinelle Scarica Emigranti italiani e movimenti operai negli Stati Uniti Scarica L&#8217;emigrazione italiana come espansione della nazione italiana Scarica La patria italiana che nasce sull&#8217;Oceano Scarica Mobilita migratoria, conflitti, fabbricazione dei nazionalismi Scarica Didattica Migranti. [&hellip;]<\/p>\n","protected":false},"author":1,"featured_media":0,"parent":438,"menu_order":0,"comment_status":"closed","ping_status":"open","template":"","meta":{"_acf_changed":false,"site-sidebar-layout":"default","site-content-layout":"default","ast-site-content-layout":"default","site-content-style":"default","site-sidebar-style":"default","ast-global-header-display":"","ast-banner-title-visibility":"","ast-main-header-display":"","ast-hfb-above-header-display":"","ast-hfb-below-header-display":"","ast-hfb-mobile-header-display":"","site-post-title":"","ast-breadcrumbs-content":"","ast-featured-img":"","footer-sml-layout":"","ast-disable-related-posts":"","theme-transparent-header-meta":"default","adv-header-id-meta":"","stick-header-meta":"","header-above-stick-meta":"","header-main-stick-meta":"","header-below-stick-meta":"","astra-migrate-meta-layouts":"default","ast-page-background-enabled":"default","ast-page-background-meta":{"desktop":{"background-color":"","background-image":"","background-repeat":"repeat","background-position":"center center","background-size":"auto","background-attachment":"scroll","background-type":"","background-media":"","overlay-type":"","overlay-color":"","overlay-opacity":"","overlay-gradient":""},"tablet":{"background-color":"","background-image":"","background-repeat":"repeat","background-position":"center center","background-size":"auto","background-attachment":"scroll","background-type":"","background-media":"","overlay-type":"","overlay-color":"","overlay-opacity":"","overlay-gradient":""},"mobile":{"background-color":"","background-image":"","background-repeat":"repeat","background-position":"center center","background-size":"auto","background-attachment":"scroll","background-type":"","background-media":"","overlay-type":"","overlay-color":"","overlay-opacity":"","overlay-gradient":""}},"ast-content-background-meta":{"desktop":{"background-color":"var(--ast-global-color-5)","background-image":"","background-repeat":"repeat","background-position":"center center","background-size":"auto","background-attachment":"scroll","background-type":"","background-media":"","overlay-type":"","overlay-color":"","overlay-opacity":"","overlay-gradient":""},"tablet":{"background-color":"var(--ast-global-color-5)","background-image":"","background-repeat":"repeat","background-position":"center center","background-size":"auto","background-attachment":"scroll","background-type":"","background-media":"","overlay-type":"","overlay-color":"","overlay-opacity":"","overlay-gradient":""},"mobile":{"background-color":"var(--ast-global-color-5)","background-image":"","background-repeat":"repeat","background-position":"center center","background-size":"auto","background-attachment":"scroll","background-type":"","background-media":"","overlay-type":"","overlay-color":"","overlay-opacity":"","overlay-gradient":""}},"footnotes":""},"class_list":["post-448","page","type-page","status-publish","hentry"],"acf":[],"_links":{"self":[{"href":"https:\/\/www.museoemigrazioneitaliana.org\/fr\/wp-json\/wp\/v2\/pages\/448","targetHints":{"allow":["GET"]}}],"collection":[{"href":"https:\/\/www.museoemigrazioneitaliana.org\/fr\/wp-json\/wp\/v2\/pages"}],"about":[{"href":"https:\/\/www.museoemigrazioneitaliana.org\/fr\/wp-json\/wp\/v2\/types\/page"}],"author":[{"embeddable":true,"href":"https:\/\/www.museoemigrazioneitaliana.org\/fr\/wp-json\/wp\/v2\/users\/1"}],"replies":[{"embeddable":true,"href":"https:\/\/www.museoemigrazioneitaliana.org\/fr\/wp-json\/wp\/v2\/comments?post=448"}],"version-history":[{"count":2,"href":"https:\/\/www.museoemigrazioneitaliana.org\/fr\/wp-json\/wp\/v2\/pages\/448\/revisions"}],"predecessor-version":[{"id":1623,"href":"https:\/\/www.museoemigrazioneitaliana.org\/fr\/wp-json\/wp\/v2\/pages\/448\/revisions\/1623"}],"up":[{"embeddable":true,"href":"https:\/\/www.museoemigrazioneitaliana.org\/fr\/wp-json\/wp\/v2\/pages\/438"}],"wp:attachment":[{"href":"https:\/\/www.museoemigrazioneitaliana.org\/fr\/wp-json\/wp\/v2\/media?parent=448"}],"curies":[{"name":"wp","href":"https:\/\/api.w.org\/{rel}","templated":true}]}}

<p>Études historiques et recherche sur les migrations</p>
			<h3>Une grande épopée oubliée</h3>			
			<a href="https://www.museoemigrazioneitaliana.org/wp-content/uploads/2022/01/Una-grande-epopea-dimenticata.pdf" target="_blank" rel="noopener" role="button" aria-label="Télécharger">
											Télécharger
		</a>
			<h3>Des Italiens aux Italobelges. La tragédie de Marcinelle</h3>			
			<a href="https://www.museoemigrazioneitaliana.org/wp-content/uploads/2022/01/Da-italiani-a-italobelgi-a-tragedia-di-Marcinelle.pdf" target="_blank" rel="noopener" role="button" aria-label="Télécharger">
											Télécharger
		</a>
			<h3>Émigrants italiens et mouvements ouvriers aux États-Unis</h3>			
			<a href="https://www.museoemigrazioneitaliana.org/wp-content/uploads/2022/01/Emigranti-italiani-e-movimenti-operai-negli-Stati-Uniti.pdf" target="_blank" rel="noopener" role="button" aria-label="Télécharger">
											Télécharger
		</a>
			<h3>L'émigration italienne comme expansion de la nation italienne</h3>			
			<a href="https://www.museoemigrazioneitaliana.org/wp-content/uploads/2022/01/L-emigrazione-italiana-come-espansione-della-nazione-italiana.pdf" target="_blank" rel="noopener" role="button" aria-label="Télécharger">
											Télécharger
		</a>
			<h3>La patrie italienne née sur l'océan</h3>			
			<a href="https://www.museoemigrazioneitaliana.org/wp-content/uploads/2022/01/La-patria-italiana-che-nasce-sullOceano.pdf" target="_blank" rel="noopener" role="button" aria-label="Télécharger">
											Télécharger
		</a>
			<h3>Mobilité migratoire, conflits, construction des nationalismes</h3>			
			<a href="https://www.museoemigrazioneitaliana.org/wp-content/uploads/2022/01/Mobilit-migratoria-conflitti-fabbricazione-dei-nazionalismi.pdf" target="_blank" rel="noopener" role="button" aria-label="Télécharger">
											Télécharger
		</a>
					<ul id="menu-didattica"><li id="menu-item-462"><a href="https://www.museoemigrazioneitaliana.org/fr/didactique/">Didactique</a>
<ul>
	<li id="menu-item-471"><a href="https://www.museoemigrazioneitaliana.org/fr/didactique/kits-educatifs-pour-les-migrants/">Migrants. Kit d'information pédagogique</a></li>
	<li id="menu-item-470"><a href="https://www.museoemigrazioneitaliana.org/fr/didactique/reportage-sur-les-migrants/">Migrants. Reportage</a></li>
	<li id="menu-item-469"><a href="https://www.museoemigrazioneitaliana.org/fr/didactique/histoire-des-migrants/">Migrants. L'histoire</a></li>
	<li id="menu-item-467"><a href="https://www.museoemigrazioneitaliana.org/fr/didactique/unites-denseignement-college-et-ecole-primaire/">Unités d'enseignement. École secondaire inférieure et école primaire</a></li>
	<li id="menu-item-466"><a href="https://www.museoemigrazioneitaliana.org/fr/didactique/unites-denseignement-du-college/">Unités d'enseignement. Écoles secondaires</a></li>
	<li id="menu-item-463"><a href="https://www.museoemigrazioneitaliana.org/fr/didactique/histoires-demigration/">Histoires d'émigration</a></li>
</ul>
</li>
</ul>
