{"id":43,"date":"2020-09-17T15:35:17","date_gmt":"2020-09-17T13:35:17","guid":{"rendered":"https:\/\/mei.ms-dev.it\/?page_id=43"},"modified":"2022-02-10T21:41:43","modified_gmt":"2022-02-10T20:41:43","slug":"les-causes-de-depart","status":"publish","type":"page","link":"https:\/\/www.museoemigrazioneitaliana.org\/fr\/dallitalia-nel-mondo\/le-cause-della-partenza\/","title":{"rendered":"Les causes de d\u00e9part"},"content":{"rendered":"<p>Les paysans exclus du circuit agricole ne trouvaient pas d'autre emploi dans un pays encore au d\u00e9but de l'industrialisation. Francesco Saverio Nitti icastic a soutenu que pour eux, opprim\u00e9s par l'exploitation de leurs ma\u00eetres et seulement riches de dettes, le choix \u00e9tait \"brigands ou \u00e9migrants\". Il esp\u00e8re \u00e9galement que l'\u00e9migration deviendra un facteur de modernisation. Les \u00e9migrants \"\u00e9tudieront et importeront\" \u00e0 leur retour la mentalit\u00e9, les r\u00e8gles et les rythmes des temps modernes. Ainsi, pour le dire avec des mots qui ne faisaient pas encore partie du vocabulaire de Nitti, le Christ aurait pu poursuivre son voyage au sud d'Eboli. (1)<\/p>\n<p>Dans d'autres r\u00e9gions, l'essor de l'industrie m\u00e9canis\u00e9e a exclu les artisans et les travailleurs qualifi\u00e9s du march\u00e9 du travail. Ils sont partis dans d'autres pays parce qu'ils offraient de meilleures possibilit\u00e9s d'atteindre des objectifs \u00e9conomiques et sociaux difficiles \u00e0 r\u00e9aliser dans leur pays d'origine. Des hommes pour qui l'\u00e9migration n'\u00e9tait qu'un choix de vie parmi d'autres.<\/p>\n<p>La d\u00e9cision de partir \u00e9tait souvent prise \u00e0 l'appel de parents ou d'amis de l'\u00e9tranger et trouvait \u00e9galement un r\u00e9confort dans les \"guides de l'\u00e9migrant\" tr\u00e8s souvent produits par les pays qui voulaient attirer la main-d'\u0153uvre d'Europe. Ils montraient des images du paradis sur terre : des plaines infinies \u00e0 la v\u00e9g\u00e9tation exub\u00e9rante, des maisons soign\u00e9es, des quartiers urbains bien ordonn\u00e9s.<\/p>\n<p><em>(1) Carlo Levi, jeune intellectuel turinois, est condamn\u00e9 \u00e0 la r\u00e9clusion en Lucanie pendant les ann\u00e9es du fascisme o\u00f9 il \u00e9crit le roman \"Le Christ s'est arr\u00eat\u00e9 \u00e0 Eboli\". Le titre reprend un dicton paysan pour signifier que son monde est encore en dehors de l'histoire.<\/em><\/p>\n\t\t\t\t<a\n\t\t\thref=\"https:\/\/www.museoemigrazioneitaliana.org\/wp-content\/uploads\/2021\/05\/Mietitura-Riana-sito-2.jpg\"\n\t\t\t\t\t\tdata-fancybox=\"images\" \n\t\t\ttitle=\"Site de fauchage de Riana (2)\" \n\t\t\t\t\t\tdata-description=\"\" \n\t\t\titemprop=\"contentUrl\">\n\t\t\t<img loading=\"lazy\" decoding=\"async\" src=\"https:\/\/www.museoemigrazioneitaliana.org\/wp-content\/uploads\/2021\/05\/Mietitura-Riana-sito-2.jpg\" alt=\"\" data-no-lazy=\"1\" itemprop=\"thumbnail\" width=\"500\" height=\"360\" \/>\n\t\t\t<!-- Overlay Wrapper -->\n\t\t\t <!-- Overlay Wrapper Closed -->\n\t\t\t\t<\/a>\n\t\t\t\t\t\t\t<meta itemprop=\"width\" content=\"500\" \/>\n\t\t\t<meta itemprop=\"height\" content=\"360\" \/>\n\t\tFosciandora, Lucques, d\u00e9but du XXe si\u00e8cle. Groupe familial posant \u00e0 la fin de la r\u00e9colte\n\t\t\t\t<a\n\t\t\thref=\"https:\/\/www.museoemigrazioneitaliana.org\/wp-content\/uploads\/2020\/09\/condizioni01.jpg\"\n\t\t\t\t\t\tdata-fancybox=\"images\" \n\t\t\ttitle=\"conditions01\" \n\t\t\t\t\t\tdata-description=\"\" \n\t\t\titemprop=\"contentUrl\">\n\t\t\t<img loading=\"lazy\" decoding=\"async\" src=\"https:\/\/www.museoemigrazioneitaliana.org\/wp-content\/uploads\/2020\/09\/condizioni01.jpg\" alt=\"\" data-no-lazy=\"1\" itemprop=\"thumbnail\" width=\"400\" height=\"291\" \/>\n\t\t\t<!-- Overlay Wrapper -->\n\t\t\t <!-- Overlay Wrapper Closed -->\n\t\t\t\t<\/a>\n\t\t\t\t\t\t\t<meta itemprop=\"width\" content=\"400\" \/>\n\t\t\t<meta itemprop=\"height\" content=\"291\" \/>\n\t\tBivigliano, Florence, vers 1900. Batteurs \u00e0 grains\n\t\t\t\t\t<ul id=\"menu-dallitalia-nel-mondo\"><li id=\"menu-item-221\"><a href=\"https:\/\/www.museoemigrazioneitaliana.org\/fr\/de-litalie-dans-le-monde\/\">De l'Italie au monde<\/a>\n<ul>\n\t<li id=\"menu-item-224\"><a href=\"https:\/\/www.museoemigrazioneitaliana.org\/fr\/de-litalie-dans-le-monde\/les-causes-de-depart\/\">Les causes de d\u00e9part<\/a><\/li>\n\t<li id=\"menu-item-223\"><a href=\"https:\/\/www.museoemigrazioneitaliana.org\/fr\/de-litalie-dans-le-monde\/documents-a-quitter\/\">Documents de sortie<\/a><\/li>\n\t<li id=\"menu-item-222\"><a href=\"https:\/\/www.museoemigrazioneitaliana.org\/fr\/de-litalie-dans-le-monde\/agents-de-demigration\/\">Agents d'\u00e9migration<\/a><\/li>\n\t<li id=\"menu-item-225\"><a href=\"https:\/\/www.museoemigrazioneitaliana.org\/fr\/de-litalie-dans-le-monde\/guides-pour-les-emigrants\/\">Guides pour les \u00e9migrants<\/a><\/li>\n\t<li id=\"menu-item-226\"><a href=\"https:\/\/www.museoemigrazioneitaliana.org\/fr\/de-litalie-dans-le-monde\/pour-lemigrant\/\">Pour l'\u00e9migrant<\/a><\/li>\n<\/ul>\n<\/li>\n<\/ul>","protected":false},"excerpt":{"rendered":"<p>I contadini esclusi dal circuito agricolo non potevano trovare diverso impiego in un paese ancora all&#8217;inizio dell&#8217;industrializzazione. Francesco Saverio Nitti icasticamente sosteneva che per loro, oppressi dallo sfruttamento dei padroni e ricchi soltanto di debiti, la scelta era: &#8220;briganti o emigranti&#8221;. Egli inoltre auspicava che l&#8217;emigrazione diventasse un fattore di modernizzazione. Gli emigrati avrebbero &#8220;studiato [&hellip;]<\/p>\n","protected":false},"author":1,"featured_media":0,"parent":40,"menu_order":0,"comment_status":"closed","ping_status":"open","template":"","meta":{"_acf_changed":false,"site-sidebar-layout":"default","site-content-layout":"default","ast-site-content-layout":"default","site-content-style":"default","site-sidebar-style":"default","ast-global-header-display":"","ast-banner-title-visibility":"","ast-main-header-display":"","ast-hfb-above-header-display":"","ast-hfb-below-header-display":"","ast-hfb-mobile-header-display":"","site-post-title":"","ast-breadcrumbs-content":"","ast-featured-img":"","footer-sml-layout":"","ast-disable-related-posts":"","theme-transparent-header-meta":"default","adv-header-id-meta":"","stick-header-meta":"","header-above-stick-meta":"","header-main-stick-meta":"","header-below-stick-meta":"","astra-migrate-meta-layouts":"default","ast-page-background-enabled":"default","ast-page-background-meta":{"desktop":{"background-color":"","background-image":"","background-repeat":"repeat","background-position":"center center","background-size":"auto","background-attachment":"scroll","background-type":"","background-media":"","overlay-type":"","overlay-color":"","overlay-opacity":"","overlay-gradient":""},"tablet":{"background-color":"","background-image":"","background-repeat":"repeat","background-position":"center center","background-size":"auto","background-attachment":"scroll","background-type":"","background-media":"","overlay-type":"","overlay-color":"","overlay-opacity":"","overlay-gradient":""},"mobile":{"background-color":"","background-image":"","background-repeat":"repeat","background-position":"center center","background-size":"auto","background-attachment":"scroll","background-type":"","background-media":"","overlay-type":"","overlay-color":"","overlay-opacity":"","overlay-gradient":""}},"ast-content-background-meta":{"desktop":{"background-color":"var(--ast-global-color-5)","background-image":"","background-repeat":"repeat","background-position":"center center","background-size":"auto","background-attachment":"scroll","background-type":"","background-media":"","overlay-type":"","overlay-color":"","overlay-opacity":"","overlay-gradient":""},"tablet":{"background-color":"var(--ast-global-color-5)","background-image":"","background-repeat":"repeat","background-position":"center center","background-size":"auto","background-attachment":"scroll","background-type":"","background-media":"","overlay-type":"","overlay-color":"","overlay-opacity":"","overlay-gradient":""},"mobile":{"background-color":"var(--ast-global-color-5)","background-image":"","background-repeat":"repeat","background-position":"center center","background-size":"auto","background-attachment":"scroll","background-type":"","background-media":"","overlay-type":"","overlay-color":"","overlay-opacity":"","overlay-gradient":""}},"footnotes":""},"class_list":["post-43","page","type-page","status-publish","hentry"],"acf":[],"_links":{"self":[{"href":"https:\/\/www.museoemigrazioneitaliana.org\/fr\/wp-json\/wp\/v2\/pages\/43","targetHints":{"allow":["GET"]}}],"collection":[{"href":"https:\/\/www.museoemigrazioneitaliana.org\/fr\/wp-json\/wp\/v2\/pages"}],"about":[{"href":"https:\/\/www.museoemigrazioneitaliana.org\/fr\/wp-json\/wp\/v2\/types\/page"}],"author":[{"embeddable":true,"href":"https:\/\/www.museoemigrazioneitaliana.org\/fr\/wp-json\/wp\/v2\/users\/1"}],"replies":[{"embeddable":true,"href":"https:\/\/www.museoemigrazioneitaliana.org\/fr\/wp-json\/wp\/v2\/comments?post=43"}],"version-history":[{"count":2,"href":"https:\/\/www.museoemigrazioneitaliana.org\/fr\/wp-json\/wp\/v2\/pages\/43\/revisions"}],"predecessor-version":[{"id":2515,"href":"https:\/\/www.museoemigrazioneitaliana.org\/fr\/wp-json\/wp\/v2\/pages\/43\/revisions\/2515"}],"up":[{"embeddable":true,"href":"https:\/\/www.museoemigrazioneitaliana.org\/fr\/wp-json\/wp\/v2\/pages\/40"}],"wp:attachment":[{"href":"https:\/\/www.museoemigrazioneitaliana.org\/fr\/wp-json\/wp\/v2\/media?parent=43"}],"curies":[{"name":"wp","href":"https:\/\/api.w.org\/{rel}","templated":true}]}}

Les causes de départ

<p>Les paysans exclus du circuit agricole ne trouvaient pas d'autre emploi dans un pays encore au début de l'industrialisation. Francesco Saverio Nitti icastic a soutenu que pour eux, opprimés par l'exploitation de leurs maîtres et seulement riches de dettes, le choix était "brigands ou émigrants". Il espère également que l'émigration deviendra un facteur de modernisation. Les émigrants "étudieront et importeront" à leur retour la mentalité, les règles et les rythmes des temps modernes. Ainsi, pour le dire avec des mots qui ne faisaient pas encore partie du vocabulaire de Nitti, le Christ aurait pu poursuivre son voyage au sud d'Eboli. (1)</p>
<p>Dans d'autres régions, l'essor de l'industrie mécanisée a exclu les artisans et les travailleurs qualifiés du marché du travail. Ils sont partis dans d'autres pays parce qu'ils offraient de meilleures possibilités d'atteindre des objectifs économiques et sociaux difficiles à réaliser dans leur pays d'origine. Des hommes pour qui l'émigration n'était qu'un choix de vie parmi d'autres.</p>
<p>La décision de partir était souvent prise à l'appel de parents ou d'amis de l'étranger et trouvait également un réconfort dans les "guides de l'émigrant" très souvent produits par les pays qui voulaient attirer la main-d'œuvre d'Europe. Ils montraient des images du paradis sur terre : des plaines infinies à la végétation exubérante, des maisons soignées, des quartiers urbains bien ordonnés.</p>
<p><em>(1) Carlo Levi, jeune intellectuel turinois, est condamné à la réclusion en Lucanie pendant les années du fascisme où il écrit le roman "Le Christ s'est arrêté à Eboli". Le titre reprend un dicton paysan pour signifier que son monde est encore en dehors de l'histoire.</em></p>
				<a
			href="https://www.museoemigrazioneitaliana.org/wp-content/uploads/2021/05/Mietitura-Riana-sito-2.jpg"
						data-fancybox="images" 
			title="Site de fauchage de Riana (2)" 
						data-description="" 
			itemprop="contentUrl">
			<img loading="lazy" decoding="async" src="https://www.museoemigrazioneitaliana.org/wp-content/uploads/2021/05/Mietitura-Riana-sito-2.jpg" alt="" data-no-lazy="1" itemprop="thumbnail" width="500" height="360" />
			<!-- Overlay Wrapper -->
			 <!-- Overlay Wrapper Closed -->
				</a>
							<meta itemprop="width" content="500" />
			<meta itemprop="height" content="360" />
		Fosciandora, Lucques, début du XXe siècle. Groupe familial posant à la fin de la récolte
				<a
			href="https://www.museoemigrazioneitaliana.org/wp-content/uploads/2020/09/condizioni01.jpg"
						data-fancybox="images" 
			title="conditions01" 
						data-description="" 
			itemprop="contentUrl">
			<img loading="lazy" decoding="async" src="https://www.museoemigrazioneitaliana.org/wp-content/uploads/2020/09/condizioni01.jpg" alt="" data-no-lazy="1" itemprop="thumbnail" width="400" height="291" />
			<!-- Overlay Wrapper -->
			 <!-- Overlay Wrapper Closed -->
				</a>
							<meta itemprop="width" content="400" />
			<meta itemprop="height" content="291" />
		Bivigliano, Florence, vers 1900. Batteurs à grains
					<ul id="menu-dallitalia-nel-mondo"><li id="menu-item-221"><a href="https://www.museoemigrazioneitaliana.org/fr/de-litalie-dans-le-monde/">De l'Italie au monde</a>
<ul>
	<li id="menu-item-224"><a href="https://www.museoemigrazioneitaliana.org/fr/de-litalie-dans-le-monde/les-causes-de-depart/">Les causes de départ</a></li>
	<li id="menu-item-223"><a href="https://www.museoemigrazioneitaliana.org/fr/de-litalie-dans-le-monde/documents-a-quitter/">Documents de sortie</a></li>
	<li id="menu-item-222"><a href="https://www.museoemigrazioneitaliana.org/fr/de-litalie-dans-le-monde/agents-de-demigration/">Agents d'émigration</a></li>
	<li id="menu-item-225"><a href="https://www.museoemigrazioneitaliana.org/fr/de-litalie-dans-le-monde/guides-pour-les-emigrants/">Guides pour les émigrants</a></li>
	<li id="menu-item-226"><a href="https://www.museoemigrazioneitaliana.org/fr/de-litalie-dans-le-monde/pour-lemigrant/">Pour l'émigrant</a></li>
</ul>
</li>
</ul>
