{"id":129,"date":"2020-09-17T15:53:49","date_gmt":"2020-09-17T13:53:49","guid":{"rendered":"https:\/\/mei.ms-dev.it\/?page_id=129"},"modified":"2022-01-26T10:15:34","modified_gmt":"2022-01-26T09:15:34","slug":"perspectives","status":"publish","type":"page","link":"https:\/\/www.museoemigrazioneitaliana.org\/fr\/approfondimenti\/","title":{"rendered":"Perspectives"},"content":{"rendered":"<p>Cette section pr\u00e9sente des articles et des \u00e9tudes qui traitent de diff\u00e9rents sujets<\/p>\n\t\t\t\t\t<ul id=\"menu-approfondimenti\"><li id=\"menu-item-501\"><a href=\"https:\/\/www.museoemigrazioneitaliana.org\/fr\/perspectives\/\">Perspectives<\/a>\n<ul>\n\t<li id=\"menu-item-499\"><a href=\"https:\/\/www.museoemigrazioneitaliana.org\/fr\/perspectives\/les-premiers-voyages-transoceaniques\/\">Les premiers voyages transoc\u00e9aniques<\/a><\/li>\n\t<li id=\"menu-item-498\"><a href=\"https:\/\/www.museoemigrazioneitaliana.org\/fr\/perspectives\/merica-et-miss-liberty\/\">La \"Merica\" est Miss Liberty<\/a><\/li>\n\t<li id=\"menu-item-497\"><a href=\"https:\/\/www.museoemigrazioneitaliana.org\/fr\/perspectives\/tontitown\/\">Tontitown<\/a><\/li>\n\t<li id=\"menu-item-496\"><a href=\"https:\/\/www.museoemigrazioneitaliana.org\/fr\/perspectives\/garanties-et-autonomie\/\">Protection et autonomie<\/a><\/li>\n\t<li id=\"menu-item-495\"><a href=\"https:\/\/www.museoemigrazioneitaliana.org\/fr\/perspectives\/voyager-avec-des-lettres\/\">Voyager avec des lettres<\/a><\/li>\n\t<li id=\"menu-item-494\"><a href=\"https:\/\/www.museoemigrazioneitaliana.org\/fr\/perspectives\/lemigration-entre-art-et-litterature-sur-leceano-par-edmondo-de-amicis-illustre-par-arnaldo-ferraguti\/\">L'\u00e9migration entre art et litt\u00e9rature. Sur l'oc\u00e9an d'Edmondo De Amicis illustr\u00e9 par Arnaldo Ferraguti<\/a><\/li>\n\t<li id=\"menu-item-493\"><a href=\"https:\/\/www.museoemigrazioneitaliana.org\/fr\/perspectives\/villa-regina-une-colonie-italienne-en-patagonie\/\">Villa Regina. Une colonie italienne en Patagonie<\/a><\/li>\n\t<li id=\"menu-item-492\"><a href=\"https:\/\/www.museoemigrazioneitaliana.org\/fr\/perspectives\/la-structure-dechiree\/\">La structure d\u00e9chir\u00e9e<\/a><\/li>\n<\/ul>\n<\/li>\n<\/ul>","protected":false},"excerpt":{"rendered":"<p>Cette section pr\u00e9sente des articles et des \u00e9tudes qui approfondissent diff\u00e9rents th\u00e8mes L'approfondissement Les premiers voyages transoc\u00e9aniques \"Merica\" est Miss Liberty Tontitown Tutele e autonomia Voyager avec des lettres L'\u00e9migration entre art et litt\u00e9rature. Sur l'oc\u00e9an d'Edmondo De Amicis illustr\u00e9 par Arnaldo Ferraguti Villa Regina. Une colonie italienne en Patagonie La structure d\u00e9chir\u00e9e<\/p>","protected":false},"author":1,"featured_media":0,"parent":0,"menu_order":0,"comment_status":"closed","ping_status":"open","template":"","meta":{"_acf_changed":false,"site-sidebar-layout":"default","site-content-layout":"default","ast-site-content-layout":"default","site-content-style":"default","site-sidebar-style":"default","ast-global-header-display":"","ast-banner-title-visibility":"","ast-main-header-display":"","ast-hfb-above-header-display":"","ast-hfb-below-header-display":"","ast-hfb-mobile-header-display":"","site-post-title":"","ast-breadcrumbs-content":"","ast-featured-img":"","footer-sml-layout":"","ast-disable-related-posts":"","theme-transparent-header-meta":"default","adv-header-id-meta":"","stick-header-meta":"","header-above-stick-meta":"","header-main-stick-meta":"","header-below-stick-meta":"","astra-migrate-meta-layouts":"default","ast-page-background-enabled":"default","ast-page-background-meta":{"desktop":{"background-color":"","background-image":"","background-repeat":"repeat","background-position":"center center","background-size":"auto","background-attachment":"scroll","background-type":"","background-media":"","overlay-type":"","overlay-color":"","overlay-opacity":"","overlay-gradient":""},"tablet":{"background-color":"","background-image":"","background-repeat":"repeat","background-position":"center center","background-size":"auto","background-attachment":"scroll","background-type":"","background-media":"","overlay-type":"","overlay-color":"","overlay-opacity":"","overlay-gradient":""},"mobile":{"background-color":"","background-image":"","background-repeat":"repeat","background-position":"center center","background-size":"auto","background-attachment":"scroll","background-type":"","background-media":"","overlay-type":"","overlay-color":"","overlay-opacity":"","overlay-gradient":""}},"ast-content-background-meta":{"desktop":{"background-color":"var(--ast-global-color-5)","background-image":"","background-repeat":"repeat","background-position":"center center","background-size":"auto","background-attachment":"scroll","background-type":"","background-media":"","overlay-type":"","overlay-color":"","overlay-opacity":"","overlay-gradient":""},"tablet":{"background-color":"var(--ast-global-color-5)","background-image":"","background-repeat":"repeat","background-position":"center center","background-size":"auto","background-attachment":"scroll","background-type":"","background-media":"","overlay-type":"","overlay-color":"","overlay-opacity":"","overlay-gradient":""},"mobile":{"background-color":"var(--ast-global-color-5)","background-image":"","background-repeat":"repeat","background-position":"center center","background-size":"auto","background-attachment":"scroll","background-type":"","background-media":"","overlay-type":"","overlay-color":"","overlay-opacity":"","overlay-gradient":""}},"footnotes":""},"class_list":["post-129","page","type-page","status-publish","hentry"],"acf":[],"_links":{"self":[{"href":"https:\/\/www.museoemigrazioneitaliana.org\/fr\/wp-json\/wp\/v2\/pages\/129","targetHints":{"allow":["GET"]}}],"collection":[{"href":"https:\/\/www.museoemigrazioneitaliana.org\/fr\/wp-json\/wp\/v2\/pages"}],"about":[{"href":"https:\/\/www.museoemigrazioneitaliana.org\/fr\/wp-json\/wp\/v2\/types\/page"}],"author":[{"embeddable":true,"href":"https:\/\/www.museoemigrazioneitaliana.org\/fr\/wp-json\/wp\/v2\/users\/1"}],"replies":[{"embeddable":true,"href":"https:\/\/www.museoemigrazioneitaliana.org\/fr\/wp-json\/wp\/v2\/comments?post=129"}],"version-history":[{"count":2,"href":"https:\/\/www.museoemigrazioneitaliana.org\/fr\/wp-json\/wp\/v2\/pages\/129\/revisions"}],"predecessor-version":[{"id":1496,"href":"https:\/\/www.museoemigrazioneitaliana.org\/fr\/wp-json\/wp\/v2\/pages\/129\/revisions\/1496"}],"wp:attachment":[{"href":"https:\/\/www.museoemigrazioneitaliana.org\/fr\/wp-json\/wp\/v2\/media?parent=129"}],"curies":[{"name":"wp","href":"https:\/\/api.w.org\/{rel}","templated":true}]}}

<p>Cette section présente des articles et des études qui traitent de différents sujets</p>
					<ul id="menu-approfondimenti"><li id="menu-item-501"><a href="https://www.museoemigrazioneitaliana.org/fr/perspectives/">Perspectives</a>
<ul>
	<li id="menu-item-499"><a href="https://www.museoemigrazioneitaliana.org/fr/perspectives/les-premiers-voyages-transoceaniques/">Les premiers voyages transocéaniques</a></li>
	<li id="menu-item-498"><a href="https://www.museoemigrazioneitaliana.org/fr/perspectives/merica-et-miss-liberty/">La "Merica" est Miss Liberty</a></li>
	<li id="menu-item-497"><a href="https://www.museoemigrazioneitaliana.org/fr/perspectives/tontitown/">Tontitown</a></li>
	<li id="menu-item-496"><a href="https://www.museoemigrazioneitaliana.org/fr/perspectives/garanties-et-autonomie/">Protection et autonomie</a></li>
	<li id="menu-item-495"><a href="https://www.museoemigrazioneitaliana.org/fr/perspectives/voyager-avec-des-lettres/">Voyager avec des lettres</a></li>
	<li id="menu-item-494"><a href="https://www.museoemigrazioneitaliana.org/fr/perspectives/lemigration-entre-art-et-litterature-sur-leceano-par-edmondo-de-amicis-illustre-par-arnaldo-ferraguti/">L'émigration entre art et littérature. Sur l'océan d'Edmondo De Amicis illustré par Arnaldo Ferraguti</a></li>
	<li id="menu-item-493"><a href="https://www.museoemigrazioneitaliana.org/fr/perspectives/villa-regina-une-colonie-italienne-en-patagonie/">Villa Regina. Une colonie italienne en Patagonie</a></li>
	<li id="menu-item-492"><a href="https://www.museoemigrazioneitaliana.org/fr/perspectives/la-structure-dechiree/">La structure déchirée</a></li>
</ul>
</li>
</ul>

<p>Cette section présente des articles et des études qui approfondissent différents thèmes L'approfondissement Les premiers voyages transocéaniques "Merica" est Miss Liberty Tontitown Tutele e autonomia Voyager avec des lettres L'émigration entre art et littérature. Sur l'océan d'Edmondo De Amicis illustré par Arnaldo Ferraguti Villa Regina. Une colonie italienne en Patagonie La structure déchirée</p>
