{"id":127,"date":"2020-09-17T15:53:25","date_gmt":"2020-09-17T13:53:25","guid":{"rendered":"https:\/\/mei.ms-dev.it\/?page_id=127"},"modified":"2022-01-27T10:10:49","modified_gmt":"2022-01-27T09:10:49","slug":"documentaires-et-videos-en-ligne","status":"publish","type":"page","link":"https:\/\/www.museoemigrazioneitaliana.org\/fr\/documentari-e-video-on-line\/","title":{"rendered":"Documentaires et vid\u00e9os en ligne"},"content":{"rendered":"<h3>\u00c9migrants<\/h3>\t\t\t\n\t\t\t\t<p>Un film documentaire de Roberto Olla<\/p>\n\t\t\t<a href=\"https:\/\/www.museoemigrazioneitaliana.org\/wp-content\/uploads\/2022\/01\/Un-giro-turistico-per-Napoli-lungo-la-scia-dellintegrazione-e-multiculturalit2.pdf\" target=\"_blank\" rel=\"noopener\" role=\"button\" aria-label=\"Voir\">\n\t\t\t\t\t\t\t\t\t\t\tVoir\n\t\t<\/a>\n<h2>\n\t\tTECHERAI\n\t<\/h2>\n\t\t\t<h3>Histoires de migrants<\/h3>\t\t\t\n\t\t\t<a href=\"https:\/\/www.raiplay.it\/programmi\/storiedimigranti\" target=\"_blank\" rel=\"noopener\" role=\"button\" aria-label=\"Voir\">\n\t\t\t\t\t\t\t\t\t\t\tVoir\n\t\t<\/a>\n\t\t\t<h3>Histoires de migrants<\/h3>\t\t\t\n\t\t\t\t<p>Travailleurs AAA recherch\u00e9s<\/p>\n\t\t\t<a href=\"https:\/\/www.raiplay.it\/video\/2016\/09\/TV-7-n-245-AAA-Lavoratori-Cercansi-28a19db6-3eb9-4c3e-a19f-c1f524e8ceb9.html\" target=\"_blank\" rel=\"noopener\" role=\"button\" aria-label=\"Voir\">\n\t\t\t\t\t\t\t\t\t\t\tVoir\n\t\t<\/a>\n\t\t\t<h3>Histoires de migrants<\/h3>\t\t\t\n\t\t\t\t<p>Migrants \"clandestins<\/p>\n\t\t\t<a href=\"https:\/\/www.raiplay.it\/video\/2016\/09\/watchfolder-TV7-246-OPERAI-DA-NOLEGGIO-ok--B-R--1800mp4-aefdf1b9-5794-42b1-8cb4-84175a712226.html\" target=\"_blank\" rel=\"noopener\" role=\"button\" aria-label=\"Voir\">\n\t\t\t\t\t\t\t\t\t\t\tVoir\n\t\t<\/a>\n\t\t\t<h3>Histoires de migrants<\/h3>\t\t\t\n\t\t\t\t<p>Le \"X\" sur le passeport<\/p>\n\t\t\t<a href=\"https:\/\/www.raiplay.it\/video\/2016\/09\/TV7-n-80-Una-X-sul-passaporto-e1e93e40-b0ef-4907-acdc-f626cbb2a742.html\" target=\"_blank\" rel=\"noopener\" role=\"button\" aria-label=\"Voir\">\n\t\t\t\t\t\t\t\t\t\t\tVoir\n\t\t<\/a>\n\t\t\t<h3>Histoires de migrants<\/h3>\t\t\t\n\t\t\t\t<p>Arriv\u00e9e en Am\u00e9rique<\/p>\n\t\t\t<a href=\"https:\/\/www.raiplay.it\/video\/2016\/09\/Storie-dellEmigrazione-Larrivo-in-America-ef70d926-df6c-4750-922e-c9d10ac3dfa8.html\" target=\"_blank\" rel=\"noopener\" role=\"button\" aria-label=\"Voir\">\n\t\t\t\t\t\t\t\t\t\t\tVoir\n\t\t<\/a>\n\t\t\t<h3>Histoires de migrants<\/h3>\t\t\t\n\t\t\t\t<p>Les \u00e9migrants entre cin\u00e9ma et r\u00e9alit\u00e9<\/p>\n\t\t\t<a href=\"https:\/\/www.raiplay.it\/video\/2016\/09\/Storie-di-emigrazione-Emigranti-e-Famiglie-695b4f54-8b2b-43a3-8cd7-64585f88254c.html\" target=\"_blank\" rel=\"noopener\" role=\"button\" aria-label=\"Voir\">\n\t\t\t\t\t\t\t\t\t\t\tVoir\n\t\t<\/a>\n\t\t\t<h3>Histoires de migrants<\/h3>\t\t\t\n\t\t\t\t<p>Les femmes de la fracture<\/p>\n\t\t\t<a href=\"https:\/\/www.raiplay.it\/video\/2016\/09\/watchfolder-TV7-n-103-Le-Donne-Di-Frattura-20160905180131--B-R--1800mp4-b2311883-74e7-46f7-833b-dd5ec67238c3.html\" target=\"_blank\" rel=\"noopener\" role=\"button\" aria-label=\"Voir\">\n\t\t\t\t\t\t\t\t\t\t\tVoir\n\t\t<\/a>\n\t\t\t<h3>Histoires de migrants<\/h3>\t\t\t\n\t\t\t\t<p>Les Sardes en Toscane<\/p>\n\t\t\t<a href=\"https:\/\/www.raiplay.it\/video\/2016\/09\/TV7-n-90-Il-Sardo-in-Toscana-38f44dd5-c283-4b79-a798-a84de43276d5.html\" target=\"_blank\" rel=\"noopener\" role=\"button\" aria-label=\"Voir\">\n\t\t\t\t\t\t\t\t\t\t\tVoir\n\t\t<\/a>\n\t\t\t<h3>Histoires de migrants<\/h3>\t\t\t\n\t\t\t\t<p>Pr\u00e9jug\u00e9s Nord-Sud<\/p>\n\t\t\t<a href=\"https:\/\/www.raiplay.it\/video\/2016\/09\/Sapere-Il-Pregiudizio-Nord-Sud-83318cb4-21da-4f25-8803-2a0a57fa7911.html\" target=\"_blank\" rel=\"noopener\" role=\"button\" aria-label=\"Voir\">\n\t\t\t\t\t\t\t\t\t\t\tVoir\n\t\t<\/a>\n<h2>\n\t\tRAISCUOLA\n\t<\/h2>\n\t\t\t<h3>Le temps et l'histoire<\/h3>\t\t\t\n\t\t\t\t<p>\u00c9migration d'apr\u00e8s-guerre du 19\/08\/2015<\/p>\n\t\t\t<a href=\"https:\/\/www.raiplay.it\/video\/2015\/08\/Il-tempo-e-la-Storia-Emigrazione-nel-dopoguerra-del-19082015-a5b9647d-ca13-4f26-bbe7-06fdf1cd22a4.html\" target=\"_blank\" rel=\"noopener\" role=\"button\" aria-label=\"Voir\">\n\t\t\t\t\t\t\t\t\t\t\tVoir\n\t\t<\/a>\n\t\t\t<h3>Le temps et l'histoire<\/h3>\t\t\t\n\t\t\t\t<p>\u00c9migration apr\u00e8s la Seconde Guerre mondiale du 15\/01\/2015<\/p>\n\t\t\t<a href=\"https:\/\/www.raiplay.it\/video\/2015\/01\/Il-tempo-e-la-Storia-Emigrazione-nel-secondo-dopoguerra-del-15012015-bd22e081-5f00-4542-b328-23a1dd887c08.html\" target=\"_blank\" rel=\"noopener\" role=\"button\" aria-label=\"Voir\">\n\t\t\t\t\t\t\t\t\t\t\tVoir\n\t\t<\/a>\n\t\t\t<h3>La grande histoire<\/h3>\t\t\t\n\t\t\t\t<p>Italiens avec valises<\/p>\n\t\t\t<a href=\"https:\/\/www.raiplay.it\/video\/2018\/01\/La-Grande-Storia---Italiani-con-la-valigia-c8e341da-f705-4a0f-baff-beb73c412d6b.html\" target=\"_blank\" rel=\"noopener\" role=\"button\" aria-label=\"Voir\">\n\t\t\t\t\t\t\t\t\t\t\tVoir\n\t\t<\/a>\n\t\t\t<h3>Pass\u00e9 et pr\u00e9sent<\/h3>\t\t\t\n\t\t\t\t<p>Les trains du soleil : les migrations internes dans les ann\u00e9es 50<\/p>\n\t\t\t<a href=\"https:\/\/www.raiplay.it\/video\/2017\/10\/Passato-e-presente-I-treni-del-sole-la-migrazione-degli-anni-50-4c3c23d4-23f0-4628-99b5-fbda5db6d3a8.html\" target=\"_blank\" rel=\"noopener\" role=\"button\" aria-label=\"Voir\">\n\t\t\t\t\t\t\t\t\t\t\tVoir\n\t\t<\/a>\n\t\t\t<h3>Pass\u00e9 et pr\u00e9sent<\/h3>\t\t\t\n\t\t\t\t<p>Emigrants et Marcinelle<\/p>\n\t\t\t<a href=\"https:\/\/www.raiplay.it\/video\/2017\/12\/Passato-e-presente---GLI-EMIGRANTI-E-MARCINELLE-a4bbc9b9-7a31-45c7-964b-6ff8692f3520.html\" target=\"_blank\" rel=\"noopener\" role=\"button\" aria-label=\"Voir\">\n\t\t\t\t\t\t\t\t\t\t\tVoir\n\t\t<\/a>\n\t\t\t<h3>L'histoire, c'est nous<\/h3>\t\t\t\n\t\t\t\t<p>Ushuaia : les Italiens au bout du monde<\/p>\n\t\t\t<a href=\"https:\/\/www.youtube.com\/watch?v=v0U6gmAlrfI\" target=\"_blank\" rel=\"noopener\" role=\"button\" aria-label=\"Voir\">\n\t\t\t\t\t\t\t\t\t\t\tVoir\n\t\t<\/a>\n\t\t\t<h3>L'histoire, c'est nous<\/h3>\t\t\t\n\t\t\t\t<p>Joe Petrosino contre Don Vito Cascioferro<\/p>\n\t\t\t<a href=\"https:\/\/www.youtube.com\/watch?v=6cbSXDfSUkw\" target=\"_blank\" rel=\"noopener\" role=\"button\" aria-label=\"Voir\">\n\t\t\t\t\t\t\t\t\t\t\tVoir\n\t\t<\/a>\n\t\t\t<h3>HISTOIRE DE LA RAI<\/h3>\t\t\t\n\t\t\t\t<p>G\u00e9n\u00e9rations. Marcinelle, souvenirs du m\u00e9tro<\/p>\n\t\t\t<a href=\"https:\/\/www.youtube.com\/watch?v=Mno2L49QJtc\" target=\"_blank\" rel=\"noopener\" role=\"button\" aria-label=\"Voir\">\n\t\t\t\t\t\t\t\t\t\t\tVoir\n\t\t<\/a>\n\t\t\t<h3>Tg1 Sp\u00e9cial<\/h3>\t\t\t\n\t\t\t\t<p>La Spartenza<\/p>\n\t\t\t<a href=\"https:\/\/www.raiplay.it\/video\/2019\/07\/Speciale-Tg1-59888f0d-24f1-4974-8d16-f71c1993e97b.html\" target=\"_blank\" rel=\"noopener\" role=\"button\" aria-label=\"Voir\">\n\t\t\t\t\t\t\t\t\t\t\tVoir\n\t\t<\/a>\n\t\t\t<h3>Programme de t\u00e9l\u00e9vision<\/h3>\t\t\t\n\t\t\t\t<p>L'Italie avec vous<\/p>\n\t\t\t<a href=\"https:\/\/www.raiplay.it\/programmi\/litaliaconvoi\" target=\"_blank\" rel=\"noopener\" role=\"button\" aria-label=\"Voir\">\n\t\t\t\t\t\t\t\t\t\t\tVoir\n\t\t<\/a>","protected":false},"excerpt":{"rendered":"<p>Emigranti Un film documentario di Roberto Olla Vedi TECHERAI Storie di Migranti Vedi Storie di Migranti AAA Lavoratori cercasi Vedi Storie di Migranti Emigrati &#8221;sotterranei&#8221; Vedi Storie di Migranti La &#8216;X&#8217; sul passaporto Vedi Storie di Migranti L&#8217;arrivo in America Vedi Storie di Migranti Emigranti tra cinema e realt\u00e0 Vedi Storie di Migranti Le donne [&hellip;]<\/p>\n","protected":false},"author":1,"featured_media":0,"parent":0,"menu_order":0,"comment_status":"closed","ping_status":"open","template":"","meta":{"_acf_changed":false,"site-sidebar-layout":"default","site-content-layout":"default","ast-site-content-layout":"default","site-content-style":"default","site-sidebar-style":"default","ast-global-header-display":"","ast-banner-title-visibility":"","ast-main-header-display":"","ast-hfb-above-header-display":"","ast-hfb-below-header-display":"","ast-hfb-mobile-header-display":"","site-post-title":"","ast-breadcrumbs-content":"","ast-featured-img":"","footer-sml-layout":"","ast-disable-related-posts":"","theme-transparent-header-meta":"default","adv-header-id-meta":"","stick-header-meta":"","header-above-stick-meta":"","header-main-stick-meta":"","header-below-stick-meta":"","astra-migrate-meta-layouts":"default","ast-page-background-enabled":"default","ast-page-background-meta":{"desktop":{"background-color":"","background-image":"","background-repeat":"repeat","background-position":"center center","background-size":"auto","background-attachment":"scroll","background-type":"","background-media":"","overlay-type":"","overlay-color":"","overlay-opacity":"","overlay-gradient":""},"tablet":{"background-color":"","background-image":"","background-repeat":"repeat","background-position":"center center","background-size":"auto","background-attachment":"scroll","background-type":"","background-media":"","overlay-type":"","overlay-color":"","overlay-opacity":"","overlay-gradient":""},"mobile":{"background-color":"","background-image":"","background-repeat":"repeat","background-position":"center center","background-size":"auto","background-attachment":"scroll","background-type":"","background-media":"","overlay-type":"","overlay-color":"","overlay-opacity":"","overlay-gradient":""}},"ast-content-background-meta":{"desktop":{"background-color":"var(--ast-global-color-5)","background-image":"","background-repeat":"repeat","background-position":"center center","background-size":"auto","background-attachment":"scroll","background-type":"","background-media":"","overlay-type":"","overlay-color":"","overlay-opacity":"","overlay-gradient":""},"tablet":{"background-color":"var(--ast-global-color-5)","background-image":"","background-repeat":"repeat","background-position":"center center","background-size":"auto","background-attachment":"scroll","background-type":"","background-media":"","overlay-type":"","overlay-color":"","overlay-opacity":"","overlay-gradient":""},"mobile":{"background-color":"var(--ast-global-color-5)","background-image":"","background-repeat":"repeat","background-position":"center center","background-size":"auto","background-attachment":"scroll","background-type":"","background-media":"","overlay-type":"","overlay-color":"","overlay-opacity":"","overlay-gradient":""}},"footnotes":""},"class_list":["post-127","page","type-page","status-publish","hentry"],"acf":[],"_links":{"self":[{"href":"https:\/\/www.museoemigrazioneitaliana.org\/fr\/wp-json\/wp\/v2\/pages\/127","targetHints":{"allow":["GET"]}}],"collection":[{"href":"https:\/\/www.museoemigrazioneitaliana.org\/fr\/wp-json\/wp\/v2\/pages"}],"about":[{"href":"https:\/\/www.museoemigrazioneitaliana.org\/fr\/wp-json\/wp\/v2\/types\/page"}],"author":[{"embeddable":true,"href":"https:\/\/www.museoemigrazioneitaliana.org\/fr\/wp-json\/wp\/v2\/users\/1"}],"replies":[{"embeddable":true,"href":"https:\/\/www.museoemigrazioneitaliana.org\/fr\/wp-json\/wp\/v2\/comments?post=127"}],"version-history":[{"count":2,"href":"https:\/\/www.museoemigrazioneitaliana.org\/fr\/wp-json\/wp\/v2\/pages\/127\/revisions"}],"predecessor-version":[{"id":1724,"href":"https:\/\/www.museoemigrazioneitaliana.org\/fr\/wp-json\/wp\/v2\/pages\/127\/revisions\/1724"}],"wp:attachment":[{"href":"https:\/\/www.museoemigrazioneitaliana.org\/fr\/wp-json\/wp\/v2\/media?parent=127"}],"curies":[{"name":"wp","href":"https:\/\/api.w.org\/{rel}","templated":true}]}}

Documentaires et vidéos en ligne

<h3>Émigrants</h3>			
				<p>Un film documentaire de Roberto Olla</p>
			<a href="https://www.museoemigrazioneitaliana.org/wp-content/uploads/2022/01/Un-giro-turistico-per-Napoli-lungo-la-scia-dellintegrazione-e-multiculturalit2.pdf" target="_blank" rel="noopener" role="button" aria-label="Voir">
											Voir
		</a>
<h2>
		TECHERAI
	</h2>
			<h3>Histoires de migrants</h3>			
			<a href="https://www.raiplay.it/programmi/storiedimigranti" target="_blank" rel="noopener" role="button" aria-label="Voir">
											Voir
		</a>
			<h3>Histoires de migrants</h3>			
				<p>Travailleurs AAA recherchés</p>
			<a href="https://www.raiplay.it/video/2016/09/TV-7-n-245-AAA-Lavoratori-Cercansi-28a19db6-3eb9-4c3e-a19f-c1f524e8ceb9.html" target="_blank" rel="noopener" role="button" aria-label="Voir">
											Voir
		</a>
			<h3>Histoires de migrants</h3>			
				<p>Migrants "clandestins</p>
			<a href="https://www.raiplay.it/video/2016/09/watchfolder-TV7-246-OPERAI-DA-NOLEGGIO-ok--B-R--1800mp4-aefdf1b9-5794-42b1-8cb4-84175a712226.html" target="_blank" rel="noopener" role="button" aria-label="Voir">
											Voir
		</a>
			<h3>Histoires de migrants</h3>			
				<p>Le "X" sur le passeport</p>
			<a href="https://www.raiplay.it/video/2016/09/TV7-n-80-Una-X-sul-passaporto-e1e93e40-b0ef-4907-acdc-f626cbb2a742.html" target="_blank" rel="noopener" role="button" aria-label="Voir">
											Voir
		</a>
			<h3>Histoires de migrants</h3>			
				<p>Arrivée en Amérique</p>
			<a href="https://www.raiplay.it/video/2016/09/Storie-dellEmigrazione-Larrivo-in-America-ef70d926-df6c-4750-922e-c9d10ac3dfa8.html" target="_blank" rel="noopener" role="button" aria-label="Voir">
											Voir
		</a>
			<h3>Histoires de migrants</h3>			
				<p>Les émigrants entre cinéma et réalité</p>
			<a href="https://www.raiplay.it/video/2016/09/Storie-di-emigrazione-Emigranti-e-Famiglie-695b4f54-8b2b-43a3-8cd7-64585f88254c.html" target="_blank" rel="noopener" role="button" aria-label="Voir">
											Voir
		</a>
			<h3>Histoires de migrants</h3>			
				<p>Les femmes de la fracture</p>
			<a href="https://www.raiplay.it/video/2016/09/watchfolder-TV7-n-103-Le-Donne-Di-Frattura-20160905180131--B-R--1800mp4-b2311883-74e7-46f7-833b-dd5ec67238c3.html" target="_blank" rel="noopener" role="button" aria-label="Voir">
											Voir
		</a>
			<h3>Histoires de migrants</h3>			
				<p>Les Sardes en Toscane</p>
			<a href="https://www.raiplay.it/video/2016/09/TV7-n-90-Il-Sardo-in-Toscana-38f44dd5-c283-4b79-a798-a84de43276d5.html" target="_blank" rel="noopener" role="button" aria-label="Voir">
											Voir
		</a>
			<h3>Histoires de migrants</h3>			
				<p>Préjugés Nord-Sud</p>
			<a href="https://www.raiplay.it/video/2016/09/Sapere-Il-Pregiudizio-Nord-Sud-83318cb4-21da-4f25-8803-2a0a57fa7911.html" target="_blank" rel="noopener" role="button" aria-label="Voir">
											Voir
		</a>
<h2>
		RAISCUOLA
	</h2>
			<h3>Le temps et l'histoire</h3>			
				<p>Émigration d'après-guerre du 19/08/2015</p>
			<a href="https://www.raiplay.it/video/2015/08/Il-tempo-e-la-Storia-Emigrazione-nel-dopoguerra-del-19082015-a5b9647d-ca13-4f26-bbe7-06fdf1cd22a4.html" target="_blank" rel="noopener" role="button" aria-label="Voir">
											Voir
		</a>
			<h3>Le temps et l'histoire</h3>			
				<p>Émigration après la Seconde Guerre mondiale du 15/01/2015</p>
			<a href="https://www.raiplay.it/video/2015/01/Il-tempo-e-la-Storia-Emigrazione-nel-secondo-dopoguerra-del-15012015-bd22e081-5f00-4542-b328-23a1dd887c08.html" target="_blank" rel="noopener" role="button" aria-label="Voir">
											Voir
		</a>
			<h3>La grande histoire</h3>			
				<p>Italiens avec valises</p>
			<a href="https://www.raiplay.it/video/2018/01/La-Grande-Storia---Italiani-con-la-valigia-c8e341da-f705-4a0f-baff-beb73c412d6b.html" target="_blank" rel="noopener" role="button" aria-label="Voir">
											Voir
		</a>
			<h3>Passé et présent</h3>			
				<p>Les trains du soleil : les migrations internes dans les années 50</p>
			<a href="https://www.raiplay.it/video/2017/10/Passato-e-presente-I-treni-del-sole-la-migrazione-degli-anni-50-4c3c23d4-23f0-4628-99b5-fbda5db6d3a8.html" target="_blank" rel="noopener" role="button" aria-label="Voir">
											Voir
		</a>
			<h3>Passé et présent</h3>			
				<p>Emigrants et Marcinelle</p>
			<a href="https://www.raiplay.it/video/2017/12/Passato-e-presente---GLI-EMIGRANTI-E-MARCINELLE-a4bbc9b9-7a31-45c7-964b-6ff8692f3520.html" target="_blank" rel="noopener" role="button" aria-label="Voir">
											Voir
		</a>
			<h3>L'histoire, c'est nous</h3>			
				<p>Ushuaia : les Italiens au bout du monde</p>
			<a href="https://www.youtube.com/watch?v=v0U6gmAlrfI" target="_blank" rel="noopener" role="button" aria-label="Voir">
											Voir
		</a>
			<h3>L'histoire, c'est nous</h3>			
				<p>Joe Petrosino contre Don Vito Cascioferro</p>
			<a href="https://www.youtube.com/watch?v=6cbSXDfSUkw" target="_blank" rel="noopener" role="button" aria-label="Voir">
											Voir
		</a>
			<h3>HISTOIRE DE LA RAI</h3>			
				<p>Générations. Marcinelle, souvenirs du métro</p>
			<a href="https://www.youtube.com/watch?v=Mno2L49QJtc" target="_blank" rel="noopener" role="button" aria-label="Voir">
											Voir
		</a>
			<h3>Tg1 Spécial</h3>			
				<p>La Spartenza</p>
			<a href="https://www.raiplay.it/video/2019/07/Speciale-Tg1-59888f0d-24f1-4974-8d16-f71c1993e97b.html" target="_blank" rel="noopener" role="button" aria-label="Voir">
											Voir
		</a>
			<h3>Programme de télévision</h3>			
				<p>L'Italie avec vous</p>
			<a href="https://www.raiplay.it/programmi/litaliaconvoi" target="_blank" rel="noopener" role="button" aria-label="Voir">
											Voir
		</a>

<p>Emigranti Un film documentario di Roberto Olla Vedi TECHERAI Storie di Migranti Vedi Storie di Migranti AAA Lavoratori cercasi Vedi Storie di Migranti Emigrati &#8221;sotterranei&#8221; Vedi Storie di Migranti La &#8216;X&#8217; sul passaporto Vedi Storie di Migranti L&#8217;arrivo in America Vedi Storie di Migranti Emigranti tra cinema e realtà Vedi Storie di Migranti Le donne [&hellip;]</p>
