{"id":109,"date":"2020-09-17T15:47:04","date_gmt":"2020-09-17T13:47:04","guid":{"rendered":"https:\/\/mei.ms-dev.it\/?page_id=109"},"modified":"2022-03-10T10:54:00","modified_gmt":"2022-03-10T09:54:00","slug":"lecole-entre-deux-mondes","status":"publish","type":"page","link":"https:\/\/www.museoemigrazioneitaliana.org\/fr\/la-vita-sociale\/la-scuola-tra-due-mondi\/","title":{"rendered":"L'\u00e9cole entre deux mondes"},"content":{"rendered":"<p>Tous les gouvernements des pays d'immigration ont, de mani\u00e8re diff\u00e9rente et avec des m\u00e9thodes diff\u00e9rentes, effectu\u00e9 un travail d'int\u00e9gration des \u00e9trangers. L'homme qui \u00e9migre seul pense \u00e0 gagner sa vie pour subvenir aux besoins de sa famille rest\u00e9e au pays et pour h\u00e2ter son retour et, dans cette optique, il refuse avec t\u00e9nacit\u00e9 tout contact avec la langue inconnue, avec les coutumes diff\u00e9rentes, m\u00eame avec celles, agr\u00e9ables, li\u00e9es aux loisirs. D'autre part, la pr\u00e9sence de la cellule familiale acc\u00e9l\u00e8re l'installation et les femmes exercent aussi une influence sur les hommes sans femme et sans enfant qui fr\u00e9quentent leur maison ou y sont invit\u00e9s en tant que pensionnaires.<\/p>\n<p>La politique d'int\u00e9gration la plus efficace mise en \u0153uvre par les pays d'accueil a \u00e9t\u00e9 r\u00e9alis\u00e9e par le biais de la scolarisation (du cycle scolaire obligatoire pour les enfants aux cours de langue et de culture g\u00e9n\u00e9rale pour les adultes) et d'interventions de type social visant \u00e0 l'acquisition rapide des us et coutumes locaux.<\/p>\n<p>De leur c\u00f4t\u00e9, les gouvernements italiens ont \u00e9galement pris conscience de l'importance de maintenir les anciennes et les nouvelles g\u00e9n\u00e9rations d'\u00e9migrants attach\u00e9es \u00e0 leur patrie. C'est Crispi qui a \u00e9t\u00e9 le premier \u00e0 adopter une loi organique sur les \u00e9coles italiennes \u00e0 l'\u00e9tranger en 1889, mais les fonds allou\u00e9s \u00e9taient insuffisants pour augmenter consid\u00e9rablement leur nombre, du moins dans les pays vers lesquels les \u00e9migrants se dirigeaient massivement.<\/p>\n<p>C'est \u00e9galement en 1889 que fut fond\u00e9e la \"Soci\u00e9t\u00e9 Dante Alighieri\", dont l'une des missions \u00e9tait de diffuser la langue et la culture italiennes \u00e0 l'\u00e9tranger. Les points faibles des \u00e9coles \u00e9taient, en somme, les contrastes entre \u00e9coles la\u00efques et \u00e9coles confessionnelles - auxquels le concordat de 1929 entre l'\u00c9tat italien et le Vatican n'a pas rem\u00e9di\u00e9 - et leur financement, qui restait chroniquement insuffisant.<\/p>\n\t\t\t\t\t<ul id=\"menu-la-vita-sociale\"><li id=\"menu-item-424\"><a href=\"https:\/\/www.museoemigrazioneitaliana.org\/fr\/vie-sociale\/\">Vie sociale<\/a>\n<ul>\n\t<li id=\"menu-item-428\"><a href=\"https:\/\/www.museoemigrazioneitaliana.org\/fr\/vie-sociale\/la-petite-italie-et-la-dolce-casa\/\">Les \"petites Italies\" et la dolce casa<\/a><\/li>\n\t<li id=\"menu-item-426\"><a href=\"https:\/\/www.museoemigrazioneitaliana.org\/fr\/vie-sociale\/fondateurs-de-la-ville-et-colonisateurs\/\">Fondateurs de villes et colonisateurs<\/a><\/li>\n\t<li id=\"menu-item-425\"><a href=\"https:\/\/www.museoemigrazioneitaliana.org\/fr\/vie-sociale\/renforcement-de-lesprit-dequipe\/\">Regroupement<\/a><\/li>\n\t<li id=\"menu-item-427\"><a href=\"https:\/\/www.museoemigrazioneitaliana.org\/fr\/vie-sociale\/lecole-entre-deux-mondes\/\">L'\u00e9cole entre deux mondes<\/a><\/li>\n\t<li id=\"menu-item-429\"><a href=\"https:\/\/www.museoemigrazioneitaliana.org\/fr\/vie-sociale\/histoires-dintolerance\/\">Histoires d'intol\u00e9rance<\/a><\/li>\n\t<li id=\"menu-item-430\"><a href=\"https:\/\/www.museoemigrazioneitaliana.org\/fr\/vie-sociale\/vers-une-identite-complexe\/\">Vers une identit\u00e9 complexe<\/a><\/li>\n<\/ul>\n<\/li>\n<\/ul>","protected":false},"excerpt":{"rendered":"<p>Tutti i governi dei paesi d&#8217;immigrazione hanno svolto, in modi e con metodi diversi, opera di integrazione nei confronti degli stranieri. L&#8217;uomo emigrato da solo pensava a guadagnare per il sostentamento dei suoi in patria e per affrettare i tempi del ritorno e, in quest&#8217;ottica, rifiutava con tenacia ogni contatto con la lingua sconosciuta, con [&hellip;]<\/p>\n","protected":false},"author":1,"featured_media":0,"parent":101,"menu_order":0,"comment_status":"closed","ping_status":"open","template":"","meta":{"_acf_changed":false,"site-sidebar-layout":"default","site-content-layout":"default","ast-site-content-layout":"default","site-content-style":"default","site-sidebar-style":"default","ast-global-header-display":"","ast-banner-title-visibility":"","ast-main-header-display":"","ast-hfb-above-header-display":"","ast-hfb-below-header-display":"","ast-hfb-mobile-header-display":"","site-post-title":"","ast-breadcrumbs-content":"","ast-featured-img":"","footer-sml-layout":"","ast-disable-related-posts":"","theme-transparent-header-meta":"default","adv-header-id-meta":"","stick-header-meta":"","header-above-stick-meta":"","header-main-stick-meta":"","header-below-stick-meta":"","astra-migrate-meta-layouts":"default","ast-page-background-enabled":"default","ast-page-background-meta":{"desktop":{"background-color":"","background-image":"","background-repeat":"repeat","background-position":"center center","background-size":"auto","background-attachment":"scroll","background-type":"","background-media":"","overlay-type":"","overlay-color":"","overlay-opacity":"","overlay-gradient":""},"tablet":{"background-color":"","background-image":"","background-repeat":"repeat","background-position":"center center","background-size":"auto","background-attachment":"scroll","background-type":"","background-media":"","overlay-type":"","overlay-color":"","overlay-opacity":"","overlay-gradient":""},"mobile":{"background-color":"","background-image":"","background-repeat":"repeat","background-position":"center center","background-size":"auto","background-attachment":"scroll","background-type":"","background-media":"","overlay-type":"","overlay-color":"","overlay-opacity":"","overlay-gradient":""}},"ast-content-background-meta":{"desktop":{"background-color":"var(--ast-global-color-5)","background-image":"","background-repeat":"repeat","background-position":"center center","background-size":"auto","background-attachment":"scroll","background-type":"","background-media":"","overlay-type":"","overlay-color":"","overlay-opacity":"","overlay-gradient":""},"tablet":{"background-color":"var(--ast-global-color-5)","background-image":"","background-repeat":"repeat","background-position":"center center","background-size":"auto","background-attachment":"scroll","background-type":"","background-media":"","overlay-type":"","overlay-color":"","overlay-opacity":"","overlay-gradient":""},"mobile":{"background-color":"var(--ast-global-color-5)","background-image":"","background-repeat":"repeat","background-position":"center center","background-size":"auto","background-attachment":"scroll","background-type":"","background-media":"","overlay-type":"","overlay-color":"","overlay-opacity":"","overlay-gradient":""}},"footnotes":""},"class_list":["post-109","page","type-page","status-publish","hentry"],"acf":[],"_links":{"self":[{"href":"https:\/\/www.museoemigrazioneitaliana.org\/fr\/wp-json\/wp\/v2\/pages\/109","targetHints":{"allow":["GET"]}}],"collection":[{"href":"https:\/\/www.museoemigrazioneitaliana.org\/fr\/wp-json\/wp\/v2\/pages"}],"about":[{"href":"https:\/\/www.museoemigrazioneitaliana.org\/fr\/wp-json\/wp\/v2\/types\/page"}],"author":[{"embeddable":true,"href":"https:\/\/www.museoemigrazioneitaliana.org\/fr\/wp-json\/wp\/v2\/users\/1"}],"replies":[{"embeddable":true,"href":"https:\/\/www.museoemigrazioneitaliana.org\/fr\/wp-json\/wp\/v2\/comments?post=109"}],"version-history":[{"count":2,"href":"https:\/\/www.museoemigrazioneitaliana.org\/fr\/wp-json\/wp\/v2\/pages\/109\/revisions"}],"predecessor-version":[{"id":3176,"href":"https:\/\/www.museoemigrazioneitaliana.org\/fr\/wp-json\/wp\/v2\/pages\/109\/revisions\/3176"}],"up":[{"embeddable":true,"href":"https:\/\/www.museoemigrazioneitaliana.org\/fr\/wp-json\/wp\/v2\/pages\/101"}],"wp:attachment":[{"href":"https:\/\/www.museoemigrazioneitaliana.org\/fr\/wp-json\/wp\/v2\/media?parent=109"}],"curies":[{"name":"wp","href":"https:\/\/api.w.org\/{rel}","templated":true}]}}

L'école entre deux mondes

<p>Tous les gouvernements des pays d'immigration ont, de manière différente et avec des méthodes différentes, effectué un travail d'intégration des étrangers. L'homme qui émigre seul pense à gagner sa vie pour subvenir aux besoins de sa famille restée au pays et pour hâter son retour et, dans cette optique, il refuse avec ténacité tout contact avec la langue inconnue, avec les coutumes différentes, même avec celles, agréables, liées aux loisirs. D'autre part, la présence de la cellule familiale accélère l'installation et les femmes exercent aussi une influence sur les hommes sans femme et sans enfant qui fréquentent leur maison ou y sont invités en tant que pensionnaires.</p>
<p>La politique d'intégration la plus efficace mise en œuvre par les pays d'accueil a été réalisée par le biais de la scolarisation (du cycle scolaire obligatoire pour les enfants aux cours de langue et de culture générale pour les adultes) et d'interventions de type social visant à l'acquisition rapide des us et coutumes locaux.</p>
<p>De leur côté, les gouvernements italiens ont également pris conscience de l'importance de maintenir les anciennes et les nouvelles générations d'émigrants attachées à leur patrie. C'est Crispi qui a été le premier à adopter une loi organique sur les écoles italiennes à l'étranger en 1889, mais les fonds alloués étaient insuffisants pour augmenter considérablement leur nombre, du moins dans les pays vers lesquels les émigrants se dirigeaient massivement.</p>
<p>C'est également en 1889 que fut fondée la "Société Dante Alighieri", dont l'une des missions était de diffuser la langue et la culture italiennes à l'étranger. Les points faibles des écoles étaient, en somme, les contrastes entre écoles laïques et écoles confessionnelles - auxquels le concordat de 1929 entre l'État italien et le Vatican n'a pas remédié - et leur financement, qui restait chroniquement insuffisant.</p>
					<ul id="menu-la-vita-sociale"><li id="menu-item-424"><a href="https://www.museoemigrazioneitaliana.org/fr/vie-sociale/">Vie sociale</a>
<ul>
	<li id="menu-item-428"><a href="https://www.museoemigrazioneitaliana.org/fr/vie-sociale/la-petite-italie-et-la-dolce-casa/">Les "petites Italies" et la dolce casa</a></li>
	<li id="menu-item-426"><a href="https://www.museoemigrazioneitaliana.org/fr/vie-sociale/fondateurs-de-la-ville-et-colonisateurs/">Fondateurs de villes et colonisateurs</a></li>
	<li id="menu-item-425"><a href="https://www.museoemigrazioneitaliana.org/fr/vie-sociale/renforcement-de-lesprit-dequipe/">Regroupement</a></li>
	<li id="menu-item-427"><a href="https://www.museoemigrazioneitaliana.org/fr/vie-sociale/lecole-entre-deux-mondes/">L'école entre deux mondes</a></li>
	<li id="menu-item-429"><a href="https://www.museoemigrazioneitaliana.org/fr/vie-sociale/histoires-dintolerance/">Histoires d'intolérance</a></li>
	<li id="menu-item-430"><a href="https://www.museoemigrazioneitaliana.org/fr/vie-sociale/vers-une-identite-complexe/">Vers une identité complexe</a></li>
</ul>
</li>
</ul>
