{"id":81,"date":"2020-09-17T15:42:15","date_gmt":"2020-09-17T13:42:15","guid":{"rendered":"https:\/\/mei.ms-dev.it\/?page_id=81"},"modified":"2022-03-10T12:01:57","modified_gmt":"2022-03-10T11:01:57","slug":"brazos-fuertes-y-trabajo-pesado","status":"publish","type":"page","link":"https:\/\/www.museoemigrazioneitaliana.org\/es\/il-lavoro\/braccia-robuste-e-lavori-pesanti\/","title":{"rendered":"Brazos fuertes y trabajo pesado"},"content":{"rendered":"<p>Los emigrantes, en su mayor\u00eda campesinos, tambi\u00e9n se dedicaban a labores agr\u00edcolas en el extranjero -pero s\u00f3lo si se ve\u00edan obligados a ello-, participaban en la deforestaci\u00f3n o recuperaci\u00f3n de tierras bald\u00edas, se empleaban como mano de obra no cualificada en la construcci\u00f3n de las grandes v\u00edas de comunicaci\u00f3n, los ferrocarriles, los mayores proyectos de construcci\u00f3n y, por \u00faltimo, en los trabajos pesados de las minas. El historiador Rudolph Vecoli escribe de ellos que acabaron \"con una pala y un pico\".<\/p>\n<p>Se sabe que aproximadamente la mitad de los emigrantes regresaron definitivamente a Italia. Si nos referimos, como ejemplo, a los Estados Unidos, la \"campa\u00f1a de emigraci\u00f3n\" del cincuenta por ciento de los hombres que partieron dur\u00f3 s\u00f3lo unos pocos a\u00f1os.<\/p>\n<p>Su elecci\u00f3n ten\u00eda casi siempre estas caracter\u00edsticas: negarse a conocer el pa\u00eds al que llegaban y, por tanto, no integrarse y tener un conocimiento m\u00ednimo del idioma; ahorrar todo lo posible y en el menor tiempo posible para apresurar el regreso; aceptar, en consecuencia, no s\u00f3lo una carga de trabajo exagerada sino tambi\u00e9n un nivel de vida que calificarlo de espartano se queda corto. Naturalmente, muchos repitieron estas estancias varias veces, facilitadas en esto por la mejora de las condiciones de viaje tambi\u00e9n en cuanto al tiempo necesario para la traves\u00eda.<\/p>\n<p>La zona de origen dio lugar a determinados oficios. Tomando como ejemplo el \u00e9xodo a Australia, se observa que los emigrantes de zonas monta\u00f1osas se dedicaron a la explotaci\u00f3n forestal o se convirtieron en cortadores de ca\u00f1a de az\u00facar en Australia Occidental; los de zonas bajas se dedicaron a la agricultura o entraron en el sector terciario.<\/p>\n<p>En Europa tambi\u00e9n se observa una \"vocaci\u00f3n\" precisa en la elecci\u00f3n de las rutas migratorias: la direcci\u00f3n del flujo apuntaba hacia pa\u00edses occidentales u orientales en relaci\u00f3n con la posici\u00f3n geogr\u00e1fica de las regiones de origen: del Piamonte se dirig\u00edan hacia Francia y del V\u00e9neto hacia el Imperio Austroh\u00fangaro.<\/p>\n\t\t\t\t\t<ul id=\"menu-il-lavoro\"><li id=\"menu-item-410\"><a href=\"https:\/\/www.museoemigrazioneitaliana.org\/es\/trabajo\/\">El trabajo<\/a>\n<ul>\n\t<li id=\"menu-item-416\"><a href=\"https:\/\/www.museoemigrazioneitaliana.org\/es\/trabajo\/en-la-calle-vendedores-ambulantes-y-ninos\/\">En la calle vendedores ambulantes y ni\u00f1os<\/a><\/li>\n\t<li id=\"menu-item-411\"><a href=\"https:\/\/www.museoemigrazioneitaliana.org\/es\/trabajo\/brazos-fuertes-y-trabajo-pesado\/\">Brazos fuertes y trabajo pesado<\/a><\/li>\n\t<li id=\"menu-item-415\"><a href=\"https:\/\/www.museoemigrazioneitaliana.org\/es\/trabajo\/grandes-obras-y-fortunas-conspicuas\/\">Grandes obras y fortunas conspicuas<\/a><\/li>\n\t<li id=\"menu-item-413\"><a href=\"https:\/\/www.museoemigrazioneitaliana.org\/es\/trabajo\/mujeres-fragiles\/\">Mujeres \"fr\u00e1giles<\/a><\/li>\n\t<li id=\"menu-item-414\"><a href=\"https:\/\/www.museoemigrazioneitaliana.org\/es\/trabajo\/tiendas-y-comercios\/\">Tiendas y comercios<\/a><\/li>\n\t<li id=\"menu-item-412\"><a href=\"https:\/\/www.museoemigrazioneitaliana.org\/es\/trabajo\/de-escultores-a-maestros\/\">De escultores a maestros<\/a><\/li>\n<\/ul>\n<\/li>\n<\/ul>","protected":false},"excerpt":{"rendered":"<p>Gli emigranti, in gran parte contadini, si impegnarono anche all&#8217;estero &#8211; ma soltanto se costretti &#8211; nei lavori agricoli, parteciparono al disboscamento o alla bonifica di terreni incolti, si impiegarono, come manodopera non qualificata, nella realizzazione delle grandi vie di comunicazione, delle ferrovie, delle pi\u00f9 grandiose opere edilizie e, infine, nel pesante lavoro delle miniere. [&hellip;]<\/p>\n","protected":false},"author":1,"featured_media":0,"parent":77,"menu_order":0,"comment_status":"closed","ping_status":"open","template":"","meta":{"_acf_changed":false,"site-sidebar-layout":"default","site-content-layout":"default","ast-site-content-layout":"default","site-content-style":"default","site-sidebar-style":"default","ast-global-header-display":"","ast-banner-title-visibility":"","ast-main-header-display":"","ast-hfb-above-header-display":"","ast-hfb-below-header-display":"","ast-hfb-mobile-header-display":"","site-post-title":"","ast-breadcrumbs-content":"","ast-featured-img":"","footer-sml-layout":"","ast-disable-related-posts":"","theme-transparent-header-meta":"default","adv-header-id-meta":"","stick-header-meta":"","header-above-stick-meta":"","header-main-stick-meta":"","header-below-stick-meta":"","astra-migrate-meta-layouts":"default","ast-page-background-enabled":"default","ast-page-background-meta":{"desktop":{"background-color":"","background-image":"","background-repeat":"repeat","background-position":"center center","background-size":"auto","background-attachment":"scroll","background-type":"","background-media":"","overlay-type":"","overlay-color":"","overlay-opacity":"","overlay-gradient":""},"tablet":{"background-color":"","background-image":"","background-repeat":"repeat","background-position":"center center","background-size":"auto","background-attachment":"scroll","background-type":"","background-media":"","overlay-type":"","overlay-color":"","overlay-opacity":"","overlay-gradient":""},"mobile":{"background-color":"","background-image":"","background-repeat":"repeat","background-position":"center center","background-size":"auto","background-attachment":"scroll","background-type":"","background-media":"","overlay-type":"","overlay-color":"","overlay-opacity":"","overlay-gradient":""}},"ast-content-background-meta":{"desktop":{"background-color":"var(--ast-global-color-5)","background-image":"","background-repeat":"repeat","background-position":"center center","background-size":"auto","background-attachment":"scroll","background-type":"","background-media":"","overlay-type":"","overlay-color":"","overlay-opacity":"","overlay-gradient":""},"tablet":{"background-color":"var(--ast-global-color-5)","background-image":"","background-repeat":"repeat","background-position":"center center","background-size":"auto","background-attachment":"scroll","background-type":"","background-media":"","overlay-type":"","overlay-color":"","overlay-opacity":"","overlay-gradient":""},"mobile":{"background-color":"var(--ast-global-color-5)","background-image":"","background-repeat":"repeat","background-position":"center center","background-size":"auto","background-attachment":"scroll","background-type":"","background-media":"","overlay-type":"","overlay-color":"","overlay-opacity":"","overlay-gradient":""}},"footnotes":""},"class_list":["post-81","page","type-page","status-publish","hentry"],"acf":[],"_links":{"self":[{"href":"https:\/\/www.museoemigrazioneitaliana.org\/es\/wp-json\/wp\/v2\/pages\/81","targetHints":{"allow":["GET"]}}],"collection":[{"href":"https:\/\/www.museoemigrazioneitaliana.org\/es\/wp-json\/wp\/v2\/pages"}],"about":[{"href":"https:\/\/www.museoemigrazioneitaliana.org\/es\/wp-json\/wp\/v2\/types\/page"}],"author":[{"embeddable":true,"href":"https:\/\/www.museoemigrazioneitaliana.org\/es\/wp-json\/wp\/v2\/users\/1"}],"replies":[{"embeddable":true,"href":"https:\/\/www.museoemigrazioneitaliana.org\/es\/wp-json\/wp\/v2\/comments?post=81"}],"version-history":[{"count":2,"href":"https:\/\/www.museoemigrazioneitaliana.org\/es\/wp-json\/wp\/v2\/pages\/81\/revisions"}],"predecessor-version":[{"id":3191,"href":"https:\/\/www.museoemigrazioneitaliana.org\/es\/wp-json\/wp\/v2\/pages\/81\/revisions\/3191"}],"up":[{"embeddable":true,"href":"https:\/\/www.museoemigrazioneitaliana.org\/es\/wp-json\/wp\/v2\/pages\/77"}],"wp:attachment":[{"href":"https:\/\/www.museoemigrazioneitaliana.org\/es\/wp-json\/wp\/v2\/media?parent=81"}],"curies":[{"name":"wp","href":"https:\/\/api.w.org\/{rel}","templated":true}]}}

<p>Los emigrantes, en su mayoría campesinos, también se dedicaban a labores agrícolas en el extranjero -pero sólo si se veían obligados a ello-, participaban en la deforestación o recuperación de tierras baldías, se empleaban como mano de obra no cualificada en la construcción de las grandes vías de comunicación, los ferrocarriles, los mayores proyectos de construcción y, por último, en los trabajos pesados de las minas. El historiador Rudolph Vecoli escribe de ellos que acabaron "con una pala y un pico".</p>
<p>Se sabe que aproximadamente la mitad de los emigrantes regresaron definitivamente a Italia. Si nos referimos, como ejemplo, a los Estados Unidos, la "campaña de emigración" del cincuenta por ciento de los hombres que partieron duró sólo unos pocos años.</p>
<p>Su elección tenía casi siempre estas características: negarse a conocer el país al que llegaban y, por tanto, no integrarse y tener un conocimiento mínimo del idioma; ahorrar todo lo posible y en el menor tiempo posible para apresurar el regreso; aceptar, en consecuencia, no sólo una carga de trabajo exagerada sino también un nivel de vida que calificarlo de espartano se queda corto. Naturalmente, muchos repitieron estas estancias varias veces, facilitadas en esto por la mejora de las condiciones de viaje también en cuanto al tiempo necesario para la travesía.</p>
<p>La zona de origen dio lugar a determinados oficios. Tomando como ejemplo el éxodo a Australia, se observa que los emigrantes de zonas montañosas se dedicaron a la explotación forestal o se convirtieron en cortadores de caña de azúcar en Australia Occidental; los de zonas bajas se dedicaron a la agricultura o entraron en el sector terciario.</p>
<p>En Europa también se observa una "vocación" precisa en la elección de las rutas migratorias: la dirección del flujo apuntaba hacia países occidentales u orientales en relación con la posición geográfica de las regiones de origen: del Piamonte se dirigían hacia Francia y del Véneto hacia el Imperio Austrohúngaro.</p>
					<ul id="menu-il-lavoro"><li id="menu-item-410"><a href="https://www.museoemigrazioneitaliana.org/es/trabajo/">El trabajo</a>
<ul>
	<li id="menu-item-416"><a href="https://www.museoemigrazioneitaliana.org/es/trabajo/en-la-calle-vendedores-ambulantes-y-ninos/">En la calle vendedores ambulantes y niños</a></li>
	<li id="menu-item-411"><a href="https://www.museoemigrazioneitaliana.org/es/trabajo/brazos-fuertes-y-trabajo-pesado/">Brazos fuertes y trabajo pesado</a></li>
	<li id="menu-item-415"><a href="https://www.museoemigrazioneitaliana.org/es/trabajo/grandes-obras-y-fortunas-conspicuas/">Grandes obras y fortunas conspicuas</a></li>
	<li id="menu-item-413"><a href="https://www.museoemigrazioneitaliana.org/es/trabajo/mujeres-fragiles/">Mujeres "frágiles</a></li>
	<li id="menu-item-414"><a href="https://www.museoemigrazioneitaliana.org/es/trabajo/tiendas-y-comercios/">Tiendas y comercios</a></li>
	<li id="menu-item-412"><a href="https://www.museoemigrazioneitaliana.org/es/trabajo/de-escultores-a-maestros/">De escultores a maestros</a></li>
</ul>
</li>
</ul>

<p>Gli emigranti, in gran parte contadini, si impegnarono anche all&#8217;estero &#8211; ma soltanto se costretti &#8211; nei lavori agricoli, parteciparono al disboscamento o alla bonifica di terreni incolti, si impiegarono, come manodopera non qualificata, nella realizzazione delle grandi vie di comunicazione, delle ferrovie, delle più grandiose opere edilizie e, infine, nel pesante lavoro delle miniere. [&hellip;]</p>
