{"id":79,"date":"2020-09-17T15:41:58","date_gmt":"2020-09-17T13:41:58","guid":{"rendered":"https:\/\/mei.ms-dev.it\/?page_id=79"},"modified":"2022-03-10T12:01:02","modified_gmt":"2022-03-10T11:01:02","slug":"en-la-calle-vendedores-ambulantes-y-ninos","status":"publish","type":"page","link":"https:\/\/www.museoemigrazioneitaliana.org\/es\/il-lavoro\/sulla-strada-ambulanti-e-bambini\/","title":{"rendered":"En la calle vendedores ambulantes y ni\u00f1os"},"content":{"rendered":"<p>Los vanguardistas de la verdadera emigraci\u00f3n eran los que ejerc\u00edan oficios itinerantes y, por tanto, pod\u00edan traer noticias e informaciones \u00fatiles para los proyectos migratorios duraderos. En Toscana, los campesinos iban a C\u00f3rcega, a trabajar en la agricultura, y luego a Francia, atra\u00eddos por los mejores salarios, aunque el oficio m\u00e1s extendido era el de figurinista. Los ligures cruzaban el Mediterr\u00e1neo y se dirig\u00edan a los pa\u00edses del norte de \u00c1frica para realizar trabajos estacionales. Los m\u00fasicos errantes de toda Italia part\u00edan hacia la mayor\u00eda de los pa\u00edses europeos, y luego hacia Am\u00e9rica, mientras que los vendedores de imprenta y de peque\u00f1as mercanc\u00edas, as\u00ed como los le\u00f1adores y los trabajadores de la tierra, abandonaban las regiones orientales de la pen\u00ednsula. Los deshollinadores de Saboya estaban especialmente presentes en Francia.<\/p>\n<p>En realidad, las \"profesiones ambulantes\" -ya fueran m\u00fasicos, acr\u00f3batas o domadores de animales, vendedores de mercanc\u00edas diversas- constitu\u00edan otras tantas variantes de la mendicidad campesina a la que se hab\u00eda recurrido durante siglos en tiempos de gran miseria.<\/p>\n<p>Con la mejora de los transportes y el comienzo de la gran emigraci\u00f3n, las rutas de los vagabundos se ampliaron, llegando primero a todos los pa\u00edses europeos y luego a Am\u00e9rica. Las autoridades policiales los ve\u00edan con malos ojos, constantemente acompa\u00f1ados de ni\u00f1os, cuyo empleo a menudo no era m\u00e1s que un medio de disimular la mendicidad a la que se ve\u00edan obligados. Su miserable destino suscitaba la compasi\u00f3n y la indignaci\u00f3n de las clases dirigentes que, divididas a favor y en contra de la emigraci\u00f3n, utilizaban el argumento en su provecho. En realidad, el fen\u00f3meno se produc\u00eda por s\u00ed solo, perseguido en vano por leyes destinadas a regular el trabajo infantil. A veces eran los propios padres quienes se llevaban a sus hijos o los entregaban a personas de confianza con la esperanza de que, por los caminos del mundo, aprendieran una actividad que pudiera alimentarlos.<\/p>\n<p>Esa mendicidad disfrazada con los s\u00edmbolos del arte' era la imagen m\u00e1s difundida y visible del nuevo reino de Italia en las calles del mundo. Ciertamente, no es posible negar la crueldad de los \"amos\" hacia los menores tra\u00eddos y empleados en el extranjero. Muchas veces la relaci\u00f3n de aprendizaje, que caracterizaba a tantos oficios ejercidos tanto en Italia como en el extranjero, degeneraba en especulaci\u00f3n, en tr\u00e1fico turbio, pero \u00e9ste era en menor medida el caso de los vendedores de figuritas.<\/p>\n<p>Por otra parte, las familias en mala situaci\u00f3n econ\u00f3mica pod\u00edan considerar con alivio confiar un ni\u00f1o a un maestro: una boca menos que alimentar, una peque\u00f1a suma recibida como compensaci\u00f3n y la esperanza de que el peque\u00f1o pudiera aprender el oficio de vendedor y, m\u00e1s tarde, de verdadero figurante e incluso de maestro. Hacer campa\u00f1a\" en el extranjero significaba marcharse durante un per\u00edodo de veinticuatro a treinta o treinta y seis meses. El maestro, propietario de los moldes, formaba su propia empresa, que inclu\u00eda varios oficios: el moldeador, que hac\u00eda las figuritas con los moldes, el desbarbador, que las uniformaba, y el colorista, que las pintaba.<\/p>\n<p>Una vez llegado al destino elegido, se montaba el taller y los chicos vend\u00edan por las calles las estatuillas producidas. Representaban a madonas y santos, al Papa (apreciado no s\u00f3lo por los italianos, sino tambi\u00e9n por los irlandeses, que eran cat\u00f3licos), a diversos h\u00e9roes -Garibaldi se vend\u00eda bien en todas partes- y a personalidades del pa\u00eds en el que trabajaban (en Estados Unidos, el presidente Abraham Lincoln era muy popular).<\/p>\n<p>Un oficio especial: el de figurinista<\/p>\n<p>El primero de los oficios especializados que se extendi\u00f3 por el mundo, sobre todo desde la regi\u00f3n de Lucchesia, fue el de figurinista. Ya entre 1870 y 1874, a\u00f1os en los que se realiz\u00f3 una encuesta industrial, el arte del figurinista figuraba entre los oficios y profesiones practicados por los italianos en el extranjero.<\/p>\n<p>En Par\u00eds, por ejemplo, hab\u00eda m\u00e1s de una docena de ellos y al menos seis practicaban su arte hasta \"un grado superior, convirti\u00e9ndose en modelistas\", mientras que hab\u00eda unos doscientos trabajadores \"figuristas\" y se desconoc\u00eda el n\u00famero de los aprendices que vend\u00edan las estatuillas por las calles.<\/p>\n\t\t\t\t\t<ul id=\"menu-il-lavoro\"><li id=\"menu-item-410\"><a href=\"https:\/\/www.museoemigrazioneitaliana.org\/es\/trabajo\/\">El trabajo<\/a>\n<ul>\n\t<li id=\"menu-item-416\"><a href=\"https:\/\/www.museoemigrazioneitaliana.org\/es\/trabajo\/en-la-calle-vendedores-ambulantes-y-ninos\/\">En la calle vendedores ambulantes y ni\u00f1os<\/a><\/li>\n\t<li id=\"menu-item-411\"><a href=\"https:\/\/www.museoemigrazioneitaliana.org\/es\/trabajo\/brazos-fuertes-y-trabajo-pesado\/\">Brazos fuertes y trabajo pesado<\/a><\/li>\n\t<li id=\"menu-item-415\"><a href=\"https:\/\/www.museoemigrazioneitaliana.org\/es\/trabajo\/grandes-obras-y-fortunas-conspicuas\/\">Grandes obras y fortunas conspicuas<\/a><\/li>\n\t<li id=\"menu-item-413\"><a href=\"https:\/\/www.museoemigrazioneitaliana.org\/es\/trabajo\/mujeres-fragiles\/\">Mujeres \"fr\u00e1giles<\/a><\/li>\n\t<li id=\"menu-item-414\"><a href=\"https:\/\/www.museoemigrazioneitaliana.org\/es\/trabajo\/tiendas-y-comercios\/\">Tiendas y comercios<\/a><\/li>\n\t<li id=\"menu-item-412\"><a href=\"https:\/\/www.museoemigrazioneitaliana.org\/es\/trabajo\/de-escultores-a-maestros\/\">De escultores a maestros<\/a><\/li>\n<\/ul>\n<\/li>\n<\/ul>","protected":false},"excerpt":{"rendered":"<p>Avanguardie dell&#8217;emigrazione vera e propria furono coloro che esercitavano mestieri ambulanti ed erano perci\u00f2 in grado di riportare notizie e informazioni utili per progetti migratori duraturi. In Toscana i contadini andavano in Corsica, per i lavori agricoli, e poi in Francia, attratti da paghe migliori, anche se il mestiere qualificato pi\u00f9 diffuso era quello di [&hellip;]<\/p>\n","protected":false},"author":1,"featured_media":0,"parent":77,"menu_order":0,"comment_status":"closed","ping_status":"open","template":"","meta":{"_acf_changed":false,"site-sidebar-layout":"default","site-content-layout":"default","ast-site-content-layout":"default","site-content-style":"default","site-sidebar-style":"default","ast-global-header-display":"","ast-banner-title-visibility":"","ast-main-header-display":"","ast-hfb-above-header-display":"","ast-hfb-below-header-display":"","ast-hfb-mobile-header-display":"","site-post-title":"","ast-breadcrumbs-content":"","ast-featured-img":"","footer-sml-layout":"","ast-disable-related-posts":"","theme-transparent-header-meta":"default","adv-header-id-meta":"","stick-header-meta":"","header-above-stick-meta":"","header-main-stick-meta":"","header-below-stick-meta":"","astra-migrate-meta-layouts":"default","ast-page-background-enabled":"default","ast-page-background-meta":{"desktop":{"background-color":"","background-image":"","background-repeat":"repeat","background-position":"center center","background-size":"auto","background-attachment":"scroll","background-type":"","background-media":"","overlay-type":"","overlay-color":"","overlay-opacity":"","overlay-gradient":""},"tablet":{"background-color":"","background-image":"","background-repeat":"repeat","background-position":"center center","background-size":"auto","background-attachment":"scroll","background-type":"","background-media":"","overlay-type":"","overlay-color":"","overlay-opacity":"","overlay-gradient":""},"mobile":{"background-color":"","background-image":"","background-repeat":"repeat","background-position":"center center","background-size":"auto","background-attachment":"scroll","background-type":"","background-media":"","overlay-type":"","overlay-color":"","overlay-opacity":"","overlay-gradient":""}},"ast-content-background-meta":{"desktop":{"background-color":"var(--ast-global-color-5)","background-image":"","background-repeat":"repeat","background-position":"center center","background-size":"auto","background-attachment":"scroll","background-type":"","background-media":"","overlay-type":"","overlay-color":"","overlay-opacity":"","overlay-gradient":""},"tablet":{"background-color":"var(--ast-global-color-5)","background-image":"","background-repeat":"repeat","background-position":"center center","background-size":"auto","background-attachment":"scroll","background-type":"","background-media":"","overlay-type":"","overlay-color":"","overlay-opacity":"","overlay-gradient":""},"mobile":{"background-color":"var(--ast-global-color-5)","background-image":"","background-repeat":"repeat","background-position":"center center","background-size":"auto","background-attachment":"scroll","background-type":"","background-media":"","overlay-type":"","overlay-color":"","overlay-opacity":"","overlay-gradient":""}},"footnotes":""},"class_list":["post-79","page","type-page","status-publish","hentry"],"acf":[],"_links":{"self":[{"href":"https:\/\/www.museoemigrazioneitaliana.org\/es\/wp-json\/wp\/v2\/pages\/79","targetHints":{"allow":["GET"]}}],"collection":[{"href":"https:\/\/www.museoemigrazioneitaliana.org\/es\/wp-json\/wp\/v2\/pages"}],"about":[{"href":"https:\/\/www.museoemigrazioneitaliana.org\/es\/wp-json\/wp\/v2\/types\/page"}],"author":[{"embeddable":true,"href":"https:\/\/www.museoemigrazioneitaliana.org\/es\/wp-json\/wp\/v2\/users\/1"}],"replies":[{"embeddable":true,"href":"https:\/\/www.museoemigrazioneitaliana.org\/es\/wp-json\/wp\/v2\/comments?post=79"}],"version-history":[{"count":2,"href":"https:\/\/www.museoemigrazioneitaliana.org\/es\/wp-json\/wp\/v2\/pages\/79\/revisions"}],"predecessor-version":[{"id":3189,"href":"https:\/\/www.museoemigrazioneitaliana.org\/es\/wp-json\/wp\/v2\/pages\/79\/revisions\/3189"}],"up":[{"embeddable":true,"href":"https:\/\/www.museoemigrazioneitaliana.org\/es\/wp-json\/wp\/v2\/pages\/77"}],"wp:attachment":[{"href":"https:\/\/www.museoemigrazioneitaliana.org\/es\/wp-json\/wp\/v2\/media?parent=79"}],"curies":[{"name":"wp","href":"https:\/\/api.w.org\/{rel}","templated":true}]}}

En la calle vendedores ambulantes y niños

<p>Los vanguardistas de la verdadera emigración eran los que ejercían oficios itinerantes y, por tanto, podían traer noticias e informaciones útiles para los proyectos migratorios duraderos. En Toscana, los campesinos iban a Córcega, a trabajar en la agricultura, y luego a Francia, atraídos por los mejores salarios, aunque el oficio más extendido era el de figurinista. Los ligures cruzaban el Mediterráneo y se dirigían a los países del norte de África para realizar trabajos estacionales. Los músicos errantes de toda Italia partían hacia la mayoría de los países europeos, y luego hacia América, mientras que los vendedores de imprenta y de pequeñas mercancías, así como los leñadores y los trabajadores de la tierra, abandonaban las regiones orientales de la península. Los deshollinadores de Saboya estaban especialmente presentes en Francia.</p>
<p>En realidad, las "profesiones ambulantes" -ya fueran músicos, acróbatas o domadores de animales, vendedores de mercancías diversas- constituían otras tantas variantes de la mendicidad campesina a la que se había recurrido durante siglos en tiempos de gran miseria.</p>
<p>Con la mejora de los transportes y el comienzo de la gran emigración, las rutas de los vagabundos se ampliaron, llegando primero a todos los países europeos y luego a América. Las autoridades policiales los veían con malos ojos, constantemente acompañados de niños, cuyo empleo a menudo no era más que un medio de disimular la mendicidad a la que se veían obligados. Su miserable destino suscitaba la compasión y la indignación de las clases dirigentes que, divididas a favor y en contra de la emigración, utilizaban el argumento en su provecho. En realidad, el fenómeno se producía por sí solo, perseguido en vano por leyes destinadas a regular el trabajo infantil. A veces eran los propios padres quienes se llevaban a sus hijos o los entregaban a personas de confianza con la esperanza de que, por los caminos del mundo, aprendieran una actividad que pudiera alimentarlos.</p>
<p>Esa mendicidad disfrazada con los símbolos del arte' era la imagen más difundida y visible del nuevo reino de Italia en las calles del mundo. Ciertamente, no es posible negar la crueldad de los "amos" hacia los menores traídos y empleados en el extranjero. Muchas veces la relación de aprendizaje, que caracterizaba a tantos oficios ejercidos tanto en Italia como en el extranjero, degeneraba en especulación, en tráfico turbio, pero éste era en menor medida el caso de los vendedores de figuritas.</p>
<p>Por otra parte, las familias en mala situación económica podían considerar con alivio confiar un niño a un maestro: una boca menos que alimentar, una pequeña suma recibida como compensación y la esperanza de que el pequeño pudiera aprender el oficio de vendedor y, más tarde, de verdadero figurante e incluso de maestro. Hacer campaña" en el extranjero significaba marcharse durante un período de veinticuatro a treinta o treinta y seis meses. El maestro, propietario de los moldes, formaba su propia empresa, que incluía varios oficios: el moldeador, que hacía las figuritas con los moldes, el desbarbador, que las uniformaba, y el colorista, que las pintaba.</p>
<p>Una vez llegado al destino elegido, se montaba el taller y los chicos vendían por las calles las estatuillas producidas. Representaban a madonas y santos, al Papa (apreciado no sólo por los italianos, sino también por los irlandeses, que eran católicos), a diversos héroes -Garibaldi se vendía bien en todas partes- y a personalidades del país en el que trabajaban (en Estados Unidos, el presidente Abraham Lincoln era muy popular).</p>
<p>Un oficio especial: el de figurinista</p>
<p>El primero de los oficios especializados que se extendió por el mundo, sobre todo desde la región de Lucchesia, fue el de figurinista. Ya entre 1870 y 1874, años en los que se realizó una encuesta industrial, el arte del figurinista figuraba entre los oficios y profesiones practicados por los italianos en el extranjero.</p>
<p>En París, por ejemplo, había más de una docena de ellos y al menos seis practicaban su arte hasta "un grado superior, convirtiéndose en modelistas", mientras que había unos doscientos trabajadores "figuristas" y se desconocía el número de los aprendices que vendían las estatuillas por las calles.</p>
					<ul id="menu-il-lavoro"><li id="menu-item-410"><a href="https://www.museoemigrazioneitaliana.org/es/trabajo/">El trabajo</a>
<ul>
	<li id="menu-item-416"><a href="https://www.museoemigrazioneitaliana.org/es/trabajo/en-la-calle-vendedores-ambulantes-y-ninos/">En la calle vendedores ambulantes y niños</a></li>
	<li id="menu-item-411"><a href="https://www.museoemigrazioneitaliana.org/es/trabajo/brazos-fuertes-y-trabajo-pesado/">Brazos fuertes y trabajo pesado</a></li>
	<li id="menu-item-415"><a href="https://www.museoemigrazioneitaliana.org/es/trabajo/grandes-obras-y-fortunas-conspicuas/">Grandes obras y fortunas conspicuas</a></li>
	<li id="menu-item-413"><a href="https://www.museoemigrazioneitaliana.org/es/trabajo/mujeres-fragiles/">Mujeres "frágiles</a></li>
	<li id="menu-item-414"><a href="https://www.museoemigrazioneitaliana.org/es/trabajo/tiendas-y-comercios/">Tiendas y comercios</a></li>
	<li id="menu-item-412"><a href="https://www.museoemigrazioneitaliana.org/es/trabajo/de-escultores-a-maestros/">De escultores a maestros</a></li>
</ul>
</li>
</ul>

<p>Avanguardie dell&#8217;emigrazione vera e propria furono coloro che esercitavano mestieri ambulanti ed erano perciò in grado di riportare notizie e informazioni utili per progetti migratori duraturi. In Toscana i contadini andavano in Corsica, per i lavori agricoli, e poi in Francia, attratti da paghe migliori, anche se il mestiere qualificato più diffuso era quello di [&hellip;]</p>
