{"id":55,"date":"2020-09-17T15:37:24","date_gmt":"2020-09-17T13:37:24","guid":{"rendered":"https:\/\/mei.ms-dev.it\/?page_id=55"},"modified":"2022-03-10T10:46:13","modified_gmt":"2022-03-10T09:46:13","slug":"a-la-espera-de-la-salida","status":"publish","type":"page","link":"https:\/\/www.museoemigrazioneitaliana.org\/es\/il-viaggio\/in-attesa-della-partenza\/","title":{"rendered":"A la espera de la salida"},"content":{"rendered":"<p>Los puertos de embarque de los emigrantes eran G\u00e9nova, N\u00e1poles y Palermo.<\/p>\n<p>Se llegaba a los pa\u00edses europeos en tren y tambi\u00e9n al puerto franc\u00e9s de Le Havre, desde donde era m\u00e1s f\u00e1cil para los emigrantes del norte embarcar hacia destinos americanos. El n\u00famero de salidas creci\u00f3 -torrencialmente- hasta la v\u00edspera de la Primera Guerra Mundial: fue \"la gran emigraci\u00f3n\".<\/p>\n<p>Al final del conflicto y debido al cierre progresivo de las salidas americanas, se reanud\u00f3 el \u00e9xodo hacia destinos europeos, pero con un n\u00famero reducido de expatriados. Trieste se sum\u00f3 a los dem\u00e1s puertos.<\/p>\n<p>Tras la Segunda Guerra Mundial, se reanudaron las salidas a todos los destinos, ya fueran continentales o intercontinentales, con un aumento considerable de las cifras.<\/p>\n\t\t\t\t\t<ul id=\"menu-il-viaggio\"><li id=\"menu-item-398\"><a href=\"https:\/\/www.museoemigrazioneitaliana.org\/es\/el-viaje\/\">El viaje<\/a>\n<ul>\n\t<li id=\"menu-item-399\"><a href=\"https:\/\/www.museoemigrazioneitaliana.org\/es\/el-viaje\/a-la-espera-de-la-salida\/\">A la espera de la salida<\/a><\/li>\n\t<li id=\"menu-item-401\"><a href=\"https:\/\/www.museoemigrazioneitaliana.org\/es\/el-viaje\/en-tren\/\">En tren<\/a><\/li>\n\t<li id=\"menu-item-400\"><a href=\"https:\/\/www.museoemigrazioneitaliana.org\/es\/el-viaje\/por-barco\/\">Por barco<\/a><\/li>\n\t<li id=\"menu-item-402\"><a href=\"https:\/\/www.museoemigrazioneitaliana.org\/es\/el-viaje\/centros-de-atencion\/\">Centros de asistencia<\/a><\/li>\n<\/ul>\n<\/li>\n<\/ul>","protected":false},"excerpt":{"rendered":"<p>I porti d&#8217;imbarco degli emigranti erano Genova, Napoli, Palermo. In treno si raggiungevano i paesi europei e anche il porto francese di Le Havre da cui era pi\u00f9 agevole, per gli emigranti del Nord, imbarcarsi per le destinazioni americane. Il numero delle partenze crebbe &#8211; torrenziale &#8211; sino alla vigilia della prima guerra mondiale: era [&hellip;]<\/p>\n","protected":false},"author":1,"featured_media":0,"parent":53,"menu_order":0,"comment_status":"closed","ping_status":"open","template":"","meta":{"_acf_changed":false,"site-sidebar-layout":"default","site-content-layout":"default","ast-site-content-layout":"default","site-content-style":"default","site-sidebar-style":"default","ast-global-header-display":"","ast-banner-title-visibility":"","ast-main-header-display":"","ast-hfb-above-header-display":"","ast-hfb-below-header-display":"","ast-hfb-mobile-header-display":"","site-post-title":"","ast-breadcrumbs-content":"","ast-featured-img":"","footer-sml-layout":"","ast-disable-related-posts":"","theme-transparent-header-meta":"default","adv-header-id-meta":"","stick-header-meta":"","header-above-stick-meta":"","header-main-stick-meta":"","header-below-stick-meta":"","astra-migrate-meta-layouts":"default","ast-page-background-enabled":"default","ast-page-background-meta":{"desktop":{"background-color":"","background-image":"","background-repeat":"repeat","background-position":"center center","background-size":"auto","background-attachment":"scroll","background-type":"","background-media":"","overlay-type":"","overlay-color":"","overlay-opacity":"","overlay-gradient":""},"tablet":{"background-color":"","background-image":"","background-repeat":"repeat","background-position":"center center","background-size":"auto","background-attachment":"scroll","background-type":"","background-media":"","overlay-type":"","overlay-color":"","overlay-opacity":"","overlay-gradient":""},"mobile":{"background-color":"","background-image":"","background-repeat":"repeat","background-position":"center center","background-size":"auto","background-attachment":"scroll","background-type":"","background-media":"","overlay-type":"","overlay-color":"","overlay-opacity":"","overlay-gradient":""}},"ast-content-background-meta":{"desktop":{"background-color":"var(--ast-global-color-5)","background-image":"","background-repeat":"repeat","background-position":"center center","background-size":"auto","background-attachment":"scroll","background-type":"","background-media":"","overlay-type":"","overlay-color":"","overlay-opacity":"","overlay-gradient":""},"tablet":{"background-color":"var(--ast-global-color-5)","background-image":"","background-repeat":"repeat","background-position":"center center","background-size":"auto","background-attachment":"scroll","background-type":"","background-media":"","overlay-type":"","overlay-color":"","overlay-opacity":"","overlay-gradient":""},"mobile":{"background-color":"var(--ast-global-color-5)","background-image":"","background-repeat":"repeat","background-position":"center center","background-size":"auto","background-attachment":"scroll","background-type":"","background-media":"","overlay-type":"","overlay-color":"","overlay-opacity":"","overlay-gradient":""}},"footnotes":""},"class_list":["post-55","page","type-page","status-publish","hentry"],"acf":[],"_links":{"self":[{"href":"https:\/\/www.museoemigrazioneitaliana.org\/es\/wp-json\/wp\/v2\/pages\/55","targetHints":{"allow":["GET"]}}],"collection":[{"href":"https:\/\/www.museoemigrazioneitaliana.org\/es\/wp-json\/wp\/v2\/pages"}],"about":[{"href":"https:\/\/www.museoemigrazioneitaliana.org\/es\/wp-json\/wp\/v2\/types\/page"}],"author":[{"embeddable":true,"href":"https:\/\/www.museoemigrazioneitaliana.org\/es\/wp-json\/wp\/v2\/users\/1"}],"replies":[{"embeddable":true,"href":"https:\/\/www.museoemigrazioneitaliana.org\/es\/wp-json\/wp\/v2\/comments?post=55"}],"version-history":[{"count":2,"href":"https:\/\/www.museoemigrazioneitaliana.org\/es\/wp-json\/wp\/v2\/pages\/55\/revisions"}],"predecessor-version":[{"id":3165,"href":"https:\/\/www.museoemigrazioneitaliana.org\/es\/wp-json\/wp\/v2\/pages\/55\/revisions\/3165"}],"up":[{"embeddable":true,"href":"https:\/\/www.museoemigrazioneitaliana.org\/es\/wp-json\/wp\/v2\/pages\/53"}],"wp:attachment":[{"href":"https:\/\/www.museoemigrazioneitaliana.org\/es\/wp-json\/wp\/v2\/media?parent=55"}],"curies":[{"name":"wp","href":"https:\/\/api.w.org\/{rel}","templated":true}]}}

<p>Los puertos de embarque de los emigrantes eran Génova, Nápoles y Palermo.</p>
<p>Se llegaba a los países europeos en tren y también al puerto francés de Le Havre, desde donde era más fácil para los emigrantes del norte embarcar hacia destinos americanos. El número de salidas creció -torrencialmente- hasta la víspera de la Primera Guerra Mundial: fue "la gran emigración".</p>
<p>Al final del conflicto y debido al cierre progresivo de las salidas americanas, se reanudó el éxodo hacia destinos europeos, pero con un número reducido de expatriados. Trieste se sumó a los demás puertos.</p>
<p>Tras la Segunda Guerra Mundial, se reanudaron las salidas a todos los destinos, ya fueran continentales o intercontinentales, con un aumento considerable de las cifras.</p>
					<ul id="menu-il-viaggio"><li id="menu-item-398"><a href="https://www.museoemigrazioneitaliana.org/es/el-viaje/">El viaje</a>
<ul>
	<li id="menu-item-399"><a href="https://www.museoemigrazioneitaliana.org/es/el-viaje/a-la-espera-de-la-salida/">A la espera de la salida</a></li>
	<li id="menu-item-401"><a href="https://www.museoemigrazioneitaliana.org/es/el-viaje/en-tren/">En tren</a></li>
	<li id="menu-item-400"><a href="https://www.museoemigrazioneitaliana.org/es/el-viaje/por-barco/">Por barco</a></li>
	<li id="menu-item-402"><a href="https://www.museoemigrazioneitaliana.org/es/el-viaje/centros-de-atencion/">Centros de asistencia</a></li>
</ul>
</li>
</ul>

<p>I porti d&#8217;imbarco degli emigranti erano Genova, Napoli, Palermo. In treno si raggiungevano i paesi europei e anche il porto francese di Le Havre da cui era più agevole, per gli emigranti del Nord, imbarcarsi per le destinazioni americane. Il numero delle partenze crebbe &#8211; torrenziale &#8211; sino alla vigilia della prima guerra mondiale: era [&hellip;]</p>
