{"id":476,"date":"2020-12-17T15:32:45","date_gmt":"2020-12-17T14:32:45","guid":{"rendered":"https:\/\/mei.ms-dev.it\/?page_id=476"},"modified":"2022-01-26T10:16:26","modified_gmt":"2022-01-26T09:16:26","slug":"los-primeros-viajes-transoceanicos","status":"publish","type":"page","link":"https:\/\/www.museoemigrazioneitaliana.org\/es\/approfondimenti\/i-primi-viaggi-transoceanici\/","title":{"rendered":"Los primeros viajes transoce\u00e1nicos"},"content":{"rendered":"Cuando se intensificaron las salidas hacia Am\u00e9rica en las \u00faltimas d\u00e9cadas del siglo XIX, el viaje en barco duraba incluso m\u00e1s de un mes y se realizaba en condiciones lamentables. De hecho, hasta la aprobaci\u00f3n de la ley de 31 de enero de 1901, no exist\u00eda ninguna regulaci\u00f3n de los aspectos sanitarios de la emigraci\u00f3n y, todav\u00eda en 1900, la situaci\u00f3n del transporte en barco de los emigrantes era resumida por un m\u00e9dico de la siguiente manera: \"La higiene y la limpieza est\u00e1n constantemente re\u00f1idas con la especulaci\u00f3n. Falta espacio, falta aire\".<br \/>\nLas literas de los emigrantes se constru\u00edan en dos o tres pasillos y recib\u00edan el aire principalmente a trav\u00e9s de las escotillas. La altura m\u00ednima de los pasillos oscilaba entre un metro y sesenta cent\u00edmetros para el primero, empezando por arriba, y un metro y noventa cent\u00edmetros para el segundo. Las enfermedades, sobre todo bronquiales y respiratorias, eran frecuentes en los dormitorios as\u00ed acondicionados. Para subrayar la falta de las normas higi\u00e9nicas m\u00e1s elementales, cabe mencionar el problema del almacenamiento del agua potable, que se guardaba en cajas de hierro revestidas de cemento. Debido al balanceo del barco, el cemento tend\u00eda a desmoronarse, enturbiando el agua que, al entrar en contacto con el hierro oxidado, adquir\u00eda un color rojizo y as\u00ed era consumida por los emigrantes al no haber destiladores a bordo.<br \/>\nLa comida, independientemente de que los emigrantes fueran analfabetos o no tuvieran pleno conocimiento de la normativa alimentaria, se preparaba siguiendo una serie de alternancias constantes entre d\u00edas de \"grasa\" y d\u00edas de \"magro\", d\u00edas de \"caf\u00e9\" y d\u00edas de \"arroz\". Adem\u00e1s, en funci\u00f3n de la prevalencia de norte\u00f1os o sure\u00f1os a bordo, se preparaban comidas a base de arroz o pasta (macarrones). Desde el punto de vista diet\u00e9tico, la raci\u00f3n alimentaria diaria era suficientemente rica en prote\u00ednas y, en cualquier caso, superior en cantidad y calidad a la dieta habitual del emigrante.\n<p><strong>El viaje transoce\u00e1nico<\/strong><\/p>\nA partir de las estad\u00edsticas sanitarias de la Comisar\u00eda General de Emigraci\u00f3n y de los informes anuales redactados por los oficiales navales encargados del servicio de emigraci\u00f3n, ambos relativos a la morbilidad y mortalidad de los emigrantes en sus viajes de ida y vuelta desde Am\u00e9rica del Norte y del Sur, es posible esbozar un cuadro de la situaci\u00f3n sanitaria de la emigraci\u00f3n transoce\u00e1nica italiana de 1903 a 1925 que, si bien adolece de los l\u00edmites de la parcialidad y discrecionalidad del sistema de encuestas, permite establecer algunos elementos b\u00e1sicos de la din\u00e1mica sanitaria del flujo a los que pueden remitirse las vastas casu\u00edsticas de los informes y cuadernos de bit\u00e1cora. El estado de desorganizaci\u00f3n de los servicios sanitarios para la emigraci\u00f3n, tanto en tierra como a bordo, hace que las tablas estad\u00edsticas adquieran el car\u00e1cter de indicadores generales de las dimensiones que asume el problema sanitario en el \u00e1mbito de la experiencia migratoria masiva, pero hace problem\u00e1tica su utilizaci\u00f3n para el estudio de patolog\u00edas espec\u00edficas. De hecho, los datos recogidos por las estad\u00edsticas se refieren a enfermedades constatadas durante el viaje por el m\u00e9dico del gobierno o el comisario de viaje, excluyendo as\u00ed de la encuesta a un cierto n\u00famero de emigrantes que, por diferentes razones, atribuibles a una desconfianza generalizada hacia la profesi\u00f3n m\u00e9dica o al miedo a ser rechazados por enfermedad en el pa\u00eds de destino u hospitalizados una vez repatriados, no necesitaron asistencia sanitaria. Una gran parte del flujo migratorio escapaba entonces por completo a cualquier forma de control sanitario, bien porque embarcaban y desembarcaban en puertos extranjeros, bien porque viajaban en barcos sin servicios sanitarios, bien porque embarcaban de forma semiclandestina tolerada por muchas compa\u00f1\u00edas navieras. Parece, por tanto, evidente que cualquier intento de estimar sistem\u00e1ticamente la \"cuesti\u00f3n sanitaria\" de la emigraci\u00f3n transoce\u00e1nica a partir de las fuentes elaboradas a nivel oficial por el servicio sanitario para la emigraci\u00f3n presenta datos ampliamente infravalorados en comparaci\u00f3n con las dimensiones reales que asume el problema de la salud y la enfermedad en los viajes transoce\u00e1nicos.<br \/>\nA pesar de las limitaciones y parcialidad del muestreo, las estad\u00edsticas sanitarias de los viajes transoce\u00e1nicos siguen siendo una de las pocas herramientas disponibles para iniciar una serie de reflexiones que vinculen el fen\u00f3meno de la emigraci\u00f3n transoce\u00e1nica con las condiciones sociosanitarias de las clases subalternas entre los siglos XIX y XX. Un an\u00e1lisis de las cifras proporcionadas por las estad\u00edsticas para el per\u00edodo 1903-1925 muestra claramente la persistencia a lo largo del per\u00edodo considerado de determinadas enfermedades tanto en los viajes de ida como en los de vuelta desde Am\u00e9rica. Aunque queda fuera del alcance de esta investigaci\u00f3n evaluar la definici\u00f3n del flujo transoce\u00e1nico en relaci\u00f3n con la propagaci\u00f3n de patolog\u00edas masivas (pelagra, paludismo, tuberculosis) en Italia, debido a la complejidad de los elementos que concurren en la determinaci\u00f3n de la elecci\u00f3n migratoria en zonas del pa\u00eds profundamente diversificadas en t\u00e9rminos de estructura econ\u00f3mica y social, no se puede, sin embargo, dejar de observar c\u00f3mo algunas de estas patolog\u00edas est\u00e1n masivamente presentes en las estad\u00edsticas sobre morbilidad durante los viajes transoce\u00e1nicos. T\u00edpico es el caso del paludismo, que arroja los \u00edndices m\u00e1s elevados en los viajes de ida tanto a Am\u00e9rica del Norte como a Am\u00e9rica del Sur, s\u00f3lo superado por el sarampi\u00f3n. En los viajes al Sur, el n\u00famero de enfermos de tracomatosis y sarna tambi\u00e9n es significativo, mientras que en el viaje de vuelta, el tracoma y la tuberculosis prevalecen sobre las dem\u00e1s enfermedades y, aunque con \u00edndices m\u00e1s bajos, la anquilostomiasis, que est\u00e1 completamente ausente de las estad\u00edsticas de ida. En las repatriaciones procedentes del Norte, las cifras m\u00e1s elevadas las dan la tuberculosis pulmonar y el tracoma. Esta \u00faltima enfermedad, aunque no presenta cifras especialmente elevadas, es m\u00e1s prevalente que en los viajes de ida. Las tasas de mortalidad y morbilidad en los viajes transoce\u00e1nicos, aunque no alcanzan picos muy elevados, son sin embargo m\u00e1s altas en los viajes hacia y desde Am\u00e9rica del Sur, hacia donde se dirigieron las corrientes migratorias con fuerte prevalencia de grupos familiares. La cifra de morbilidad elevada y constante en los viajes de regreso parece especialmente significativa en el caso de los repatriados procedentes de Am\u00e9rica del Norte. De hecho, el flujo migratorio hacia los Estados Unidos estaba compuesto predominantemente por personas en buen estado f\u00edsico y en el grupo de edad m\u00e1s apto f\u00edsicamente, tanto por un proceso de autoselecci\u00f3n de la mano de obra que optaba por emigrar, como por los estrictos controles sanitarios activados por los Estados Unidos contra la emigraci\u00f3n europea.\n\t<p>AUGUSTA MOLINARI,<em>\u00a0Los barcos de L\u00e1zaro. Aspectos sanitarios de la emigraci\u00f3n transoce\u00e1nica italiana: el viaje por mar,\u00a0<\/em>Mil\u00e1n 1988, pp.139-142.<\/p>\n\t\t\t\t\t<ul id=\"menu-approfondimenti\"><li id=\"menu-item-501\"><a href=\"https:\/\/www.museoemigrazioneitaliana.org\/es\/perspectivas\/\">Perspectivas<\/a>\n<ul>\n\t<li id=\"menu-item-499\"><a href=\"https:\/\/www.museoemigrazioneitaliana.org\/es\/perspectivas\/los-primeros-viajes-transoceanicos\/\">Los primeros viajes transoce\u00e1nicos<\/a><\/li>\n\t<li id=\"menu-item-498\"><a href=\"https:\/\/www.museoemigrazioneitaliana.org\/es\/perspectivas\/merica-y-miss-liberty\/\">Merica' es Miss Libertad<\/a><\/li>\n\t<li id=\"menu-item-497\"><a href=\"https:\/\/www.museoemigrazioneitaliana.org\/es\/perspectivas\/tontitown\/\">Tontitown<\/a><\/li>\n\t<li id=\"menu-item-496\"><a href=\"https:\/\/www.museoemigrazioneitaliana.org\/es\/perspectivas\/garantias-y-autonomia\/\">Protecci\u00f3n y autonom\u00eda<\/a><\/li>\n\t<li id=\"menu-item-495\"><a href=\"https:\/\/www.museoemigrazioneitaliana.org\/es\/perspectivas\/viajar-con-letras\/\">Viajar con cartas<\/a><\/li>\n\t<li id=\"menu-item-494\"><a href=\"https:\/\/www.museoemigrazioneitaliana.org\/es\/perspectivas\/lemigracion-entre-arte-y-literatura-en-elceano-por-edmondo-de-amicis-ilustrado-por-arnaldo-ferraguti\/\">Emigraci\u00f3n entre arte y literatura. En el oc\u00e9ano de Edmondo De Amicis ilustrado por Arnaldo Ferraguti<\/a><\/li>\n\t<li id=\"menu-item-493\"><a href=\"https:\/\/www.museoemigrazioneitaliana.org\/es\/perspectivas\/villa-regina-una-colonia-italiana-en-la-patagonia\/\">Villa Regina. Una colonia italiana en la Patagonia<\/a><\/li>\n\t<li id=\"menu-item-492\"><a href=\"https:\/\/www.museoemigrazioneitaliana.org\/es\/perspectivas\/la-estructura-desgarrada\/\">La estructura desgarrada<\/a><\/li>\n<\/ul>\n<\/li>\n<\/ul>","protected":false},"excerpt":{"rendered":"<p>Quando negli ultimi decenni dell&#8217;Ottocento si intensificarono le partenze per le Americhe il viaggio per nave durava anche pi\u00f9 di un mese e si svolgeva in condizioni pietose. Infatti, fino all&#8217;approvazione della legge 31 gennaio 1901, non esisteva una disciplina degli aspetti sanitari dell&#8217;emigrazione e, ancora nel 1900, la situazione del trasporto navale degli emigranti [&hellip;]<\/p>\n","protected":false},"author":1,"featured_media":0,"parent":129,"menu_order":0,"comment_status":"closed","ping_status":"open","template":"","meta":{"_acf_changed":false,"site-sidebar-layout":"default","site-content-layout":"default","ast-site-content-layout":"default","site-content-style":"default","site-sidebar-style":"default","ast-global-header-display":"","ast-banner-title-visibility":"","ast-main-header-display":"","ast-hfb-above-header-display":"","ast-hfb-below-header-display":"","ast-hfb-mobile-header-display":"","site-post-title":"","ast-breadcrumbs-content":"","ast-featured-img":"","footer-sml-layout":"","ast-disable-related-posts":"","theme-transparent-header-meta":"default","adv-header-id-meta":"","stick-header-meta":"","header-above-stick-meta":"","header-main-stick-meta":"","header-below-stick-meta":"","astra-migrate-meta-layouts":"default","ast-page-background-enabled":"default","ast-page-background-meta":{"desktop":{"background-color":"","background-image":"","background-repeat":"repeat","background-position":"center center","background-size":"auto","background-attachment":"scroll","background-type":"","background-media":"","overlay-type":"","overlay-color":"","overlay-opacity":"","overlay-gradient":""},"tablet":{"background-color":"","background-image":"","background-repeat":"repeat","background-position":"center center","background-size":"auto","background-attachment":"scroll","background-type":"","background-media":"","overlay-type":"","overlay-color":"","overlay-opacity":"","overlay-gradient":""},"mobile":{"background-color":"","background-image":"","background-repeat":"repeat","background-position":"center center","background-size":"auto","background-attachment":"scroll","background-type":"","background-media":"","overlay-type":"","overlay-color":"","overlay-opacity":"","overlay-gradient":""}},"ast-content-background-meta":{"desktop":{"background-color":"var(--ast-global-color-5)","background-image":"","background-repeat":"repeat","background-position":"center center","background-size":"auto","background-attachment":"scroll","background-type":"","background-media":"","overlay-type":"","overlay-color":"","overlay-opacity":"","overlay-gradient":""},"tablet":{"background-color":"var(--ast-global-color-5)","background-image":"","background-repeat":"repeat","background-position":"center center","background-size":"auto","background-attachment":"scroll","background-type":"","background-media":"","overlay-type":"","overlay-color":"","overlay-opacity":"","overlay-gradient":""},"mobile":{"background-color":"var(--ast-global-color-5)","background-image":"","background-repeat":"repeat","background-position":"center center","background-size":"auto","background-attachment":"scroll","background-type":"","background-media":"","overlay-type":"","overlay-color":"","overlay-opacity":"","overlay-gradient":""}},"footnotes":""},"class_list":["post-476","page","type-page","status-publish","hentry"],"acf":[],"_links":{"self":[{"href":"https:\/\/www.museoemigrazioneitaliana.org\/es\/wp-json\/wp\/v2\/pages\/476","targetHints":{"allow":["GET"]}}],"collection":[{"href":"https:\/\/www.museoemigrazioneitaliana.org\/es\/wp-json\/wp\/v2\/pages"}],"about":[{"href":"https:\/\/www.museoemigrazioneitaliana.org\/es\/wp-json\/wp\/v2\/types\/page"}],"author":[{"embeddable":true,"href":"https:\/\/www.museoemigrazioneitaliana.org\/es\/wp-json\/wp\/v2\/users\/1"}],"replies":[{"embeddable":true,"href":"https:\/\/www.museoemigrazioneitaliana.org\/es\/wp-json\/wp\/v2\/comments?post=476"}],"version-history":[{"count":2,"href":"https:\/\/www.museoemigrazioneitaliana.org\/es\/wp-json\/wp\/v2\/pages\/476\/revisions"}],"predecessor-version":[{"id":1497,"href":"https:\/\/www.museoemigrazioneitaliana.org\/es\/wp-json\/wp\/v2\/pages\/476\/revisions\/1497"}],"up":[{"embeddable":true,"href":"https:\/\/www.museoemigrazioneitaliana.org\/es\/wp-json\/wp\/v2\/pages\/129"}],"wp:attachment":[{"href":"https:\/\/www.museoemigrazioneitaliana.org\/es\/wp-json\/wp\/v2\/media?parent=476"}],"curies":[{"name":"wp","href":"https:\/\/api.w.org\/{rel}","templated":true}]}}

Los primeros viajes transoceánicos

Cuando se intensificaron las salidas hacia América en las últimas décadas del siglo XIX, el viaje en barco duraba incluso más de un mes y se realizaba en condiciones lamentables. De hecho, hasta la aprobación de la ley de 31 de enero de 1901, no existía ninguna regulación de los aspectos sanitarios de la emigración y, todavía en 1900, la situación del transporte en barco de los emigrantes era resumida por un médico de la siguiente manera: "La higiene y la limpieza están constantemente reñidas con la especulación. Falta espacio, falta aire".<br />
Las literas de los emigrantes se construían en dos o tres pasillos y recibían el aire principalmente a través de las escotillas. La altura mínima de los pasillos oscilaba entre un metro y sesenta centímetros para el primero, empezando por arriba, y un metro y noventa centímetros para el segundo. Las enfermedades, sobre todo bronquiales y respiratorias, eran frecuentes en los dormitorios así acondicionados. Para subrayar la falta de las normas higiénicas más elementales, cabe mencionar el problema del almacenamiento del agua potable, que se guardaba en cajas de hierro revestidas de cemento. Debido al balanceo del barco, el cemento tendía a desmoronarse, enturbiando el agua que, al entrar en contacto con el hierro oxidado, adquiría un color rojizo y así era consumida por los emigrantes al no haber destiladores a bordo.<br />
La comida, independientemente de que los emigrantes fueran analfabetos o no tuvieran pleno conocimiento de la normativa alimentaria, se preparaba siguiendo una serie de alternancias constantes entre días de "grasa" y días de "magro", días de "café" y días de "arroz". Además, en función de la prevalencia de norteños o sureños a bordo, se preparaban comidas a base de arroz o pasta (macarrones). Desde el punto de vista dietético, la ración alimentaria diaria era suficientemente rica en proteínas y, en cualquier caso, superior en cantidad y calidad a la dieta habitual del emigrante.
<p><strong>El viaje transoceánico</strong></p>
A partir de las estadísticas sanitarias de la Comisaría General de Emigración y de los informes anuales redactados por los oficiales navales encargados del servicio de emigración, ambos relativos a la morbilidad y mortalidad de los emigrantes en sus viajes de ida y vuelta desde América del Norte y del Sur, es posible esbozar un cuadro de la situación sanitaria de la emigración transoceánica italiana de 1903 a 1925 que, si bien adolece de los límites de la parcialidad y discrecionalidad del sistema de encuestas, permite establecer algunos elementos básicos de la dinámica sanitaria del flujo a los que pueden remitirse las vastas casuísticas de los informes y cuadernos de bitácora. El estado de desorganización de los servicios sanitarios para la emigración, tanto en tierra como a bordo, hace que las tablas estadísticas adquieran el carácter de indicadores generales de las dimensiones que asume el problema sanitario en el ámbito de la experiencia migratoria masiva, pero hace problemática su utilización para el estudio de patologías específicas. De hecho, los datos recogidos por las estadísticas se refieren a enfermedades constatadas durante el viaje por el médico del gobierno o el comisario de viaje, excluyendo así de la encuesta a un cierto número de emigrantes que, por diferentes razones, atribuibles a una desconfianza generalizada hacia la profesión médica o al miedo a ser rechazados por enfermedad en el país de destino u hospitalizados una vez repatriados, no necesitaron asistencia sanitaria. Una gran parte del flujo migratorio escapaba entonces por completo a cualquier forma de control sanitario, bien porque embarcaban y desembarcaban en puertos extranjeros, bien porque viajaban en barcos sin servicios sanitarios, bien porque embarcaban de forma semiclandestina tolerada por muchas compañías navieras. Parece, por tanto, evidente que cualquier intento de estimar sistemáticamente la "cuestión sanitaria" de la emigración transoceánica a partir de las fuentes elaboradas a nivel oficial por el servicio sanitario para la emigración presenta datos ampliamente infravalorados en comparación con las dimensiones reales que asume el problema de la salud y la enfermedad en los viajes transoceánicos.<br />
A pesar de las limitaciones y parcialidad del muestreo, las estadísticas sanitarias de los viajes transoceánicos siguen siendo una de las pocas herramientas disponibles para iniciar una serie de reflexiones que vinculen el fenómeno de la emigración transoceánica con las condiciones sociosanitarias de las clases subalternas entre los siglos XIX y XX. Un análisis de las cifras proporcionadas por las estadísticas para el período 1903-1925 muestra claramente la persistencia a lo largo del período considerado de determinadas enfermedades tanto en los viajes de ida como en los de vuelta desde América. Aunque queda fuera del alcance de esta investigación evaluar la definición del flujo transoceánico en relación con la propagación de patologías masivas (pelagra, paludismo, tuberculosis) en Italia, debido a la complejidad de los elementos que concurren en la determinación de la elección migratoria en zonas del país profundamente diversificadas en términos de estructura económica y social, no se puede, sin embargo, dejar de observar cómo algunas de estas patologías están masivamente presentes en las estadísticas sobre morbilidad durante los viajes transoceánicos. Típico es el caso del paludismo, que arroja los índices más elevados en los viajes de ida tanto a América del Norte como a América del Sur, sólo superado por el sarampión. En los viajes al Sur, el número de enfermos de tracomatosis y sarna también es significativo, mientras que en el viaje de vuelta, el tracoma y la tuberculosis prevalecen sobre las demás enfermedades y, aunque con índices más bajos, la anquilostomiasis, que está completamente ausente de las estadísticas de ida. En las repatriaciones procedentes del Norte, las cifras más elevadas las dan la tuberculosis pulmonar y el tracoma. Esta última enfermedad, aunque no presenta cifras especialmente elevadas, es más prevalente que en los viajes de ida. Las tasas de mortalidad y morbilidad en los viajes transoceánicos, aunque no alcanzan picos muy elevados, son sin embargo más altas en los viajes hacia y desde América del Sur, hacia donde se dirigieron las corrientes migratorias con fuerte prevalencia de grupos familiares. La cifra de morbilidad elevada y constante en los viajes de regreso parece especialmente significativa en el caso de los repatriados procedentes de América del Norte. De hecho, el flujo migratorio hacia los Estados Unidos estaba compuesto predominantemente por personas en buen estado físico y en el grupo de edad más apto físicamente, tanto por un proceso de autoselección de la mano de obra que optaba por emigrar, como por los estrictos controles sanitarios activados por los Estados Unidos contra la emigración europea.
	<p>AUGUSTA MOLINARI,<em> Los barcos de Lázaro. Aspectos sanitarios de la emigración transoceánica italiana: el viaje por mar, </em>Milán 1988, pp.139-142.</p>
					<ul id="menu-approfondimenti"><li id="menu-item-501"><a href="https://www.museoemigrazioneitaliana.org/es/perspectivas/">Perspectivas</a>
<ul>
	<li id="menu-item-499"><a href="https://www.museoemigrazioneitaliana.org/es/perspectivas/los-primeros-viajes-transoceanicos/">Los primeros viajes transoceánicos</a></li>
	<li id="menu-item-498"><a href="https://www.museoemigrazioneitaliana.org/es/perspectivas/merica-y-miss-liberty/">Merica' es Miss Libertad</a></li>
	<li id="menu-item-497"><a href="https://www.museoemigrazioneitaliana.org/es/perspectivas/tontitown/">Tontitown</a></li>
	<li id="menu-item-496"><a href="https://www.museoemigrazioneitaliana.org/es/perspectivas/garantias-y-autonomia/">Protección y autonomía</a></li>
	<li id="menu-item-495"><a href="https://www.museoemigrazioneitaliana.org/es/perspectivas/viajar-con-letras/">Viajar con cartas</a></li>
	<li id="menu-item-494"><a href="https://www.museoemigrazioneitaliana.org/es/perspectivas/lemigracion-entre-arte-y-literatura-en-elceano-por-edmondo-de-amicis-ilustrado-por-arnaldo-ferraguti/">Emigración entre arte y literatura. En el océano de Edmondo De Amicis ilustrado por Arnaldo Ferraguti</a></li>
	<li id="menu-item-493"><a href="https://www.museoemigrazioneitaliana.org/es/perspectivas/villa-regina-una-colonia-italiana-en-la-patagonia/">Villa Regina. Una colonia italiana en la Patagonia</a></li>
	<li id="menu-item-492"><a href="https://www.museoemigrazioneitaliana.org/es/perspectivas/la-estructura-desgarrada/">La estructura desgarrada</a></li>
</ul>
</li>
</ul>

<p>Quando negli ultimi decenni dell&#8217;Ottocento si intensificarono le partenze per le Americhe il viaggio per nave durava anche più di un mese e si svolgeva in condizioni pietose. Infatti, fino all&#8217;approvazione della legge 31 gennaio 1901, non esisteva una disciplina degli aspetti sanitari dell&#8217;emigrazione e, ancora nel 1900, la situazione del trasporto navale degli emigranti [&hellip;]</p>
