{"id":103,"date":"2020-09-17T15:45:59","date_gmt":"2020-09-17T13:45:59","guid":{"rendered":"https:\/\/mei.ms-dev.it\/?page_id=103"},"modified":"2022-03-10T10:51:20","modified_gmt":"2022-03-10T09:51:20","slug":"pequena-italia-y-la-dolce-casa","status":"publish","type":"page","link":"https:\/\/www.museoemigrazioneitaliana.org\/es\/la-vita-sociale\/le-piccole-italie-e-la-dolce-casa\/","title":{"rendered":"Las \"Peque\u00f1as Italias\" y la dolce casa"},"content":{"rendered":"<p>Las calles de Little Italy, como se llamaba el barrio italiano en Estados Unidos, eran estrechas, estaban abarrotadas, sucias y dominadas por conventillos ruinosos. A menudo ten\u00edan ba\u00f1os comunes (en los rellanos o en el patio) y la entrada a callejones casi inhabitables y oscuros.<\/p>\n<p>El inmigrante reci\u00e9n llegado a la nueva realidad se refugiaba en la \"Peque\u00f1a Italia\" y, oprimido por la nostalgia y una profunda soledad interior, encontraba alivio y evasi\u00f3n en integrarse en un grupo que reproduc\u00eda sustancialmente los valores y c\u00f3digos de comportamiento del de origen. En cambio, en Buenos Aires los emigrantes, no s\u00f3lo italianos, encontraron alojamiento, en la zona cercana al puerto, en edificios anta\u00f1o se\u00f1oriales que hab\u00edan sido transformados en hogares para inmigrantes, los conventillos.<\/p>\n<p>El esquema cl\u00e1sico de los conventillos ten\u00eda forma de paralelep\u00edpedo, planta baja y primer piso, con un patio interior en el que se compart\u00edan los servicios esenciales. Fotos animadas de conventillos de Buenos Aires y de la calle Mulberry de Nueva York nos ayudan a comprender c\u00f3mo estos lugares se convirtieron en centros comunitarios de reproducci\u00f3n y distribuci\u00f3n de la cultura.<\/p>\n<p>Este fue el origen de los barrios italianos de las grandes ciudades americanas, con nombres variados, pero en los que las calles ten\u00edan la funci\u00f3n de plazas de pueblo, de lugares donde se reestructuraba y condensaba un patrimonio cultural com\u00fan, suspendido entre antiguas ra\u00edces y nuevas \"fronteras\".<\/p>\n<p>M\u00e1s adelante, la consecuci\u00f3n de un hogar propio se convirti\u00f3 en uno de los \"signos\" m\u00e1s tranquilizadores del camino recorrido y del \"progreso\" realizado: el hogar es el lugar donde cada uno puede ser simplemente \u00e9l mismo.<\/p>\n<p>La casa es a la vez nido y fortaleza; refugio de quienes tienen \"dentro de Italia, fuera de Am\u00e9rica\", a\u00fan mucho por conquistar. Y las fotos son casi biograf\u00edas escritas por los propios emigrantes.<\/p>\n<p>Del Archivo Cresci, dos testimonios diferentes: Augustin Storace es comerciante y bombero en Lima. Bien educado, utiliza el objetivo para captar escenas de la vida familiar. Benny Moscardini, trasplantado a Boston, hace un uso menos privado de la fotograf\u00eda: retrata a j\u00f3venes y chicas del barrio, las calles bordeadas de banderas en honor del general D\u00edaz y, en un viaje a Italia, incluso un muelle del puerto de Nueva York. El mundo de Storace gira en torno al hogar y al taller; el de Moscardini se proyecta hacia el exterior.<\/p>\n\t\t\t\t\t<ul id=\"menu-la-vita-sociale\"><li id=\"menu-item-424\"><a href=\"https:\/\/www.museoemigrazioneitaliana.org\/es\/vida-social\/\">Vida social<\/a>\n<ul>\n\t<li id=\"menu-item-428\"><a href=\"https:\/\/www.museoemigrazioneitaliana.org\/es\/vida-social\/pequena-italia-y-la-dolce-casa\/\">Las \"Peque\u00f1as Italias\" y la dolce casa<\/a><\/li>\n\t<li id=\"menu-item-426\"><a href=\"https:\/\/www.museoemigrazioneitaliana.org\/es\/vida-social\/fundadores-y-colonizadores-de-ciudades\/\">Fundadores y colonizadores de ciudades<\/a><\/li>\n\t<li id=\"menu-item-425\"><a href=\"https:\/\/www.museoemigrazioneitaliana.org\/es\/vida-social\/trabajo-en-equipo\/\">Agrupaci\u00f3n<\/a><\/li>\n\t<li id=\"menu-item-427\"><a href=\"https:\/\/www.museoemigrazioneitaliana.org\/es\/vida-social\/la-escuela-entre-dos-mundos\/\">La escuela entre dos mundos<\/a><\/li>\n\t<li id=\"menu-item-429\"><a href=\"https:\/\/www.museoemigrazioneitaliana.org\/es\/vida-social\/historias-de-intolerancia\/\">Historias de intolerancia<\/a><\/li>\n\t<li id=\"menu-item-430\"><a href=\"https:\/\/www.museoemigrazioneitaliana.org\/es\/vida-social\/hacia-una-identidad-compleja\/\">Hacia una identidad compleja<\/a><\/li>\n<\/ul>\n<\/li>\n<\/ul>","protected":false},"excerpt":{"rendered":"<p>Le strade della Little Italy, come veniva chiamato il quartiere italiano negli Stati Uniti, erano strette, affollate, sporche, sovrastate da tenements fatiscenti. Il tenement era un grande caseggiato: spesso, aveva i servizi in comune (sui pianerottoli o nel cortile) e l&#8217;ingresso in vicoli quasi inagibili e bui. L&#8217;immigrato appena arrivato nella nuova realt\u00e0 trovava rifugio [&hellip;]<\/p>\n","protected":false},"author":1,"featured_media":0,"parent":101,"menu_order":0,"comment_status":"closed","ping_status":"open","template":"","meta":{"_acf_changed":false,"site-sidebar-layout":"default","site-content-layout":"default","ast-site-content-layout":"default","site-content-style":"default","site-sidebar-style":"default","ast-global-header-display":"","ast-banner-title-visibility":"","ast-main-header-display":"","ast-hfb-above-header-display":"","ast-hfb-below-header-display":"","ast-hfb-mobile-header-display":"","site-post-title":"","ast-breadcrumbs-content":"","ast-featured-img":"","footer-sml-layout":"","ast-disable-related-posts":"","theme-transparent-header-meta":"default","adv-header-id-meta":"","stick-header-meta":"","header-above-stick-meta":"","header-main-stick-meta":"","header-below-stick-meta":"","astra-migrate-meta-layouts":"default","ast-page-background-enabled":"default","ast-page-background-meta":{"desktop":{"background-color":"","background-image":"","background-repeat":"repeat","background-position":"center center","background-size":"auto","background-attachment":"scroll","background-type":"","background-media":"","overlay-type":"","overlay-color":"","overlay-opacity":"","overlay-gradient":""},"tablet":{"background-color":"","background-image":"","background-repeat":"repeat","background-position":"center center","background-size":"auto","background-attachment":"scroll","background-type":"","background-media":"","overlay-type":"","overlay-color":"","overlay-opacity":"","overlay-gradient":""},"mobile":{"background-color":"","background-image":"","background-repeat":"repeat","background-position":"center center","background-size":"auto","background-attachment":"scroll","background-type":"","background-media":"","overlay-type":"","overlay-color":"","overlay-opacity":"","overlay-gradient":""}},"ast-content-background-meta":{"desktop":{"background-color":"var(--ast-global-color-5)","background-image":"","background-repeat":"repeat","background-position":"center center","background-size":"auto","background-attachment":"scroll","background-type":"","background-media":"","overlay-type":"","overlay-color":"","overlay-opacity":"","overlay-gradient":""},"tablet":{"background-color":"var(--ast-global-color-5)","background-image":"","background-repeat":"repeat","background-position":"center center","background-size":"auto","background-attachment":"scroll","background-type":"","background-media":"","overlay-type":"","overlay-color":"","overlay-opacity":"","overlay-gradient":""},"mobile":{"background-color":"var(--ast-global-color-5)","background-image":"","background-repeat":"repeat","background-position":"center center","background-size":"auto","background-attachment":"scroll","background-type":"","background-media":"","overlay-type":"","overlay-color":"","overlay-opacity":"","overlay-gradient":""}},"footnotes":""},"class_list":["post-103","page","type-page","status-publish","hentry"],"acf":[],"_links":{"self":[{"href":"https:\/\/www.museoemigrazioneitaliana.org\/es\/wp-json\/wp\/v2\/pages\/103","targetHints":{"allow":["GET"]}}],"collection":[{"href":"https:\/\/www.museoemigrazioneitaliana.org\/es\/wp-json\/wp\/v2\/pages"}],"about":[{"href":"https:\/\/www.museoemigrazioneitaliana.org\/es\/wp-json\/wp\/v2\/types\/page"}],"author":[{"embeddable":true,"href":"https:\/\/www.museoemigrazioneitaliana.org\/es\/wp-json\/wp\/v2\/users\/1"}],"replies":[{"embeddable":true,"href":"https:\/\/www.museoemigrazioneitaliana.org\/es\/wp-json\/wp\/v2\/comments?post=103"}],"version-history":[{"count":2,"href":"https:\/\/www.museoemigrazioneitaliana.org\/es\/wp-json\/wp\/v2\/pages\/103\/revisions"}],"predecessor-version":[{"id":3173,"href":"https:\/\/www.museoemigrazioneitaliana.org\/es\/wp-json\/wp\/v2\/pages\/103\/revisions\/3173"}],"up":[{"embeddable":true,"href":"https:\/\/www.museoemigrazioneitaliana.org\/es\/wp-json\/wp\/v2\/pages\/101"}],"wp:attachment":[{"href":"https:\/\/www.museoemigrazioneitaliana.org\/es\/wp-json\/wp\/v2\/media?parent=103"}],"curies":[{"name":"wp","href":"https:\/\/api.w.org\/{rel}","templated":true}]}}

Las "Pequeñas Italias" y la dolce casa

<p>Las calles de Little Italy, como se llamaba el barrio italiano en Estados Unidos, eran estrechas, estaban abarrotadas, sucias y dominadas por conventillos ruinosos. A menudo tenían baños comunes (en los rellanos o en el patio) y la entrada a callejones casi inhabitables y oscuros.</p>
<p>El inmigrante recién llegado a la nueva realidad se refugiaba en la "Pequeña Italia" y, oprimido por la nostalgia y una profunda soledad interior, encontraba alivio y evasión en integrarse en un grupo que reproducía sustancialmente los valores y códigos de comportamiento del de origen. En cambio, en Buenos Aires los emigrantes, no sólo italianos, encontraron alojamiento, en la zona cercana al puerto, en edificios antaño señoriales que habían sido transformados en hogares para inmigrantes, los conventillos.</p>
<p>El esquema clásico de los conventillos tenía forma de paralelepípedo, planta baja y primer piso, con un patio interior en el que se compartían los servicios esenciales. Fotos animadas de conventillos de Buenos Aires y de la calle Mulberry de Nueva York nos ayudan a comprender cómo estos lugares se convirtieron en centros comunitarios de reproducción y distribución de la cultura.</p>
<p>Este fue el origen de los barrios italianos de las grandes ciudades americanas, con nombres variados, pero en los que las calles tenían la función de plazas de pueblo, de lugares donde se reestructuraba y condensaba un patrimonio cultural común, suspendido entre antiguas raíces y nuevas "fronteras".</p>
<p>Más adelante, la consecución de un hogar propio se convirtió en uno de los "signos" más tranquilizadores del camino recorrido y del "progreso" realizado: el hogar es el lugar donde cada uno puede ser simplemente él mismo.</p>
<p>La casa es a la vez nido y fortaleza; refugio de quienes tienen "dentro de Italia, fuera de América", aún mucho por conquistar. Y las fotos son casi biografías escritas por los propios emigrantes.</p>
<p>Del Archivo Cresci, dos testimonios diferentes: Augustin Storace es comerciante y bombero en Lima. Bien educado, utiliza el objetivo para captar escenas de la vida familiar. Benny Moscardini, trasplantado a Boston, hace un uso menos privado de la fotografía: retrata a jóvenes y chicas del barrio, las calles bordeadas de banderas en honor del general Díaz y, en un viaje a Italia, incluso un muelle del puerto de Nueva York. El mundo de Storace gira en torno al hogar y al taller; el de Moscardini se proyecta hacia el exterior.</p>
					<ul id="menu-la-vita-sociale"><li id="menu-item-424"><a href="https://www.museoemigrazioneitaliana.org/es/vida-social/">Vida social</a>
<ul>
	<li id="menu-item-428"><a href="https://www.museoemigrazioneitaliana.org/es/vida-social/pequena-italia-y-la-dolce-casa/">Las "Pequeñas Italias" y la dolce casa</a></li>
	<li id="menu-item-426"><a href="https://www.museoemigrazioneitaliana.org/es/vida-social/fundadores-y-colonizadores-de-ciudades/">Fundadores y colonizadores de ciudades</a></li>
	<li id="menu-item-425"><a href="https://www.museoemigrazioneitaliana.org/es/vida-social/trabajo-en-equipo/">Agrupación</a></li>
	<li id="menu-item-427"><a href="https://www.museoemigrazioneitaliana.org/es/vida-social/la-escuela-entre-dos-mundos/">La escuela entre dos mundos</a></li>
	<li id="menu-item-429"><a href="https://www.museoemigrazioneitaliana.org/es/vida-social/historias-de-intolerancia/">Historias de intolerancia</a></li>
	<li id="menu-item-430"><a href="https://www.museoemigrazioneitaliana.org/es/vida-social/hacia-una-identidad-compleja/">Hacia una identidad compleja</a></li>
</ul>
</li>
</ul>

<p>Le strade della Little Italy, come veniva chiamato il quartiere italiano negli Stati Uniti, erano strette, affollate, sporche, sovrastate da tenements fatiscenti. Il tenement era un grande caseggiato: spesso, aveva i servizi in comune (sui pianerottoli o nel cortile) e l&#8217;ingresso in vicoli quasi inagibili e bui. L&#8217;immigrato appena arrivato nella nuova realtà trovava rifugio [&hellip;]</p>
