{"id":59,"date":"2020-09-17T15:38:25","date_gmt":"2020-09-17T13:38:25","guid":{"rendered":"https:\/\/mei.ms-dev.it\/?page_id=59"},"modified":"2022-03-10T10:47:19","modified_gmt":"2022-03-10T09:47:19","slug":"mit-dem-zug","status":"publish","type":"page","link":"https:\/\/www.museoemigrazioneitaliana.org\/de\/il-viaggio\/in-treno\/","title":{"rendered":"Mit dem Zug"},"content":{"rendered":"<p>Die Reise - d. h. die Zeit, die man braucht, um das Zielland zu erreichen - ist das symbolische Element des gesamten Migrationsprozesses, der Losl\u00f6sung von einem \"Vorher\" - bekannt und geliebt, wenn auch unbefriedigend -, um ein \"Nachher\" zu erreichen - sicherlich attraktiv, aber fast v\u00f6llig unbekannt. Es ist eine Zeit, die genauso schwer zu durchleben ist wie die Wendepunkte im Leben eines jeden Menschen.<\/p>\n<p>F\u00fcr viele italienische Auswanderer war der Zug das wichtigste Mittel, um die gro\u00dfen nationalen und europ\u00e4ischen Auswanderungsh\u00e4fen zu erreichen: Genua, Neapel, Palermo, Le Havre... Wie die Schiffe wurden auch die Z\u00fcge und Bahnh\u00f6fe ab Mitte des 19. Jahrhunderts zum Symbol f\u00fcr die Trennung, die die Familien erlitten, indem sie ihre Lieben zum Bahnhof begleiteten, wenn sie zu ihren Einschiffungsh\u00e4fen aufbrachen. Der Emigrant Pascal D'Angelo schreibt: \"Ich h\u00f6rte das Dr\u00f6hnen des Zuges - es gab weder Maultiere noch Pferde, die ihn ziehen konnten - dann das Dr\u00e4ngen meines Vaters, in den Waggon zu steigen.<\/p>\n<p>Infolge der von den \u00dcberseel\u00e4ndern verh\u00e4ngten Einwanderungsbeschr\u00e4nkungen kamen nach dem Zweiten Weltkrieg neue Ziele zu den italienischen Migrationsstr\u00f6men hinzu, die sich nun auf die mittel- und nordeurop\u00e4ischen L\u00e4nder richteten. So begannen die mit Emigranten beladenen Z\u00fcge Europa zu durchqueren und brachten Millionen von Italienern nach Paris, Br\u00fcssel, Stuttgart, Z\u00fcrich...<\/p>\n<p>Ab den 1970er Jahren wurden die Z\u00fcge auch zum Symbol f\u00fcr die Binnenmigration aus dem S\u00fcden in den industrialisierten Norden Italiens, wo die wichtigsten Ziele das Industriedreieck Genua-Mailand-Turin wurden.<\/p>\n\t\t\t\t\t<ul id=\"menu-il-viaggio\"><li id=\"menu-item-398\"><a href=\"https:\/\/www.museoemigrazioneitaliana.org\/de\/die-reise\/\">Die Reise<\/a>\n<ul>\n\t<li id=\"menu-item-399\"><a href=\"https:\/\/www.museoemigrazioneitaliana.org\/de\/die-reise\/in-erwartung-der-abreise\/\">Warten auf die Abfahrt<\/a><\/li>\n\t<li id=\"menu-item-401\"><a href=\"https:\/\/www.museoemigrazioneitaliana.org\/de\/die-reise\/mit-dem-zug\/\">Mit dem Zug<\/a><\/li>\n\t<li id=\"menu-item-400\"><a href=\"https:\/\/www.museoemigrazioneitaliana.org\/de\/die-reise\/per-schiff\/\">Per Schiff<\/a><\/li>\n\t<li id=\"menu-item-402\"><a href=\"https:\/\/www.museoemigrazioneitaliana.org\/de\/die-reise\/pflegeeinrichtungen\/\">Pflegeeinrichtungen<\/a><\/li>\n<\/ul>\n<\/li>\n<\/ul>","protected":false},"excerpt":{"rendered":"<p>Il viaggio &#8211; il tempo cio\u00e8 che si impiega per raggiungere il paese di destinazione &#8211; \u00e8 l&#8217;elemento simbolo di tutto il processo migratorio, del distacco da un &#8220;prima&#8221; &#8211; conosciuto e amato, bench\u00e9 insoddisfacente &#8211; per raggiungere un &#8220;dopo&#8221; &#8211; sicuramente attraente ma quasi del tutto ignoto. E&#8217; un tempo difficile da vivere come [&hellip;]<\/p>\n","protected":false},"author":1,"featured_media":0,"parent":53,"menu_order":0,"comment_status":"closed","ping_status":"open","template":"","meta":{"_acf_changed":false,"site-sidebar-layout":"default","site-content-layout":"default","ast-site-content-layout":"default","site-content-style":"default","site-sidebar-style":"default","ast-global-header-display":"","ast-banner-title-visibility":"","ast-main-header-display":"","ast-hfb-above-header-display":"","ast-hfb-below-header-display":"","ast-hfb-mobile-header-display":"","site-post-title":"","ast-breadcrumbs-content":"","ast-featured-img":"","footer-sml-layout":"","ast-disable-related-posts":"","theme-transparent-header-meta":"default","adv-header-id-meta":"","stick-header-meta":"","header-above-stick-meta":"","header-main-stick-meta":"","header-below-stick-meta":"","astra-migrate-meta-layouts":"default","ast-page-background-enabled":"default","ast-page-background-meta":{"desktop":{"background-color":"","background-image":"","background-repeat":"repeat","background-position":"center center","background-size":"auto","background-attachment":"scroll","background-type":"","background-media":"","overlay-type":"","overlay-color":"","overlay-opacity":"","overlay-gradient":""},"tablet":{"background-color":"","background-image":"","background-repeat":"repeat","background-position":"center center","background-size":"auto","background-attachment":"scroll","background-type":"","background-media":"","overlay-type":"","overlay-color":"","overlay-opacity":"","overlay-gradient":""},"mobile":{"background-color":"","background-image":"","background-repeat":"repeat","background-position":"center center","background-size":"auto","background-attachment":"scroll","background-type":"","background-media":"","overlay-type":"","overlay-color":"","overlay-opacity":"","overlay-gradient":""}},"ast-content-background-meta":{"desktop":{"background-color":"var(--ast-global-color-5)","background-image":"","background-repeat":"repeat","background-position":"center center","background-size":"auto","background-attachment":"scroll","background-type":"","background-media":"","overlay-type":"","overlay-color":"","overlay-opacity":"","overlay-gradient":""},"tablet":{"background-color":"var(--ast-global-color-5)","background-image":"","background-repeat":"repeat","background-position":"center center","background-size":"auto","background-attachment":"scroll","background-type":"","background-media":"","overlay-type":"","overlay-color":"","overlay-opacity":"","overlay-gradient":""},"mobile":{"background-color":"var(--ast-global-color-5)","background-image":"","background-repeat":"repeat","background-position":"center center","background-size":"auto","background-attachment":"scroll","background-type":"","background-media":"","overlay-type":"","overlay-color":"","overlay-opacity":"","overlay-gradient":""}},"footnotes":""},"class_list":["post-59","page","type-page","status-publish","hentry"],"acf":[],"_links":{"self":[{"href":"https:\/\/www.museoemigrazioneitaliana.org\/de\/wp-json\/wp\/v2\/pages\/59","targetHints":{"allow":["GET"]}}],"collection":[{"href":"https:\/\/www.museoemigrazioneitaliana.org\/de\/wp-json\/wp\/v2\/pages"}],"about":[{"href":"https:\/\/www.museoemigrazioneitaliana.org\/de\/wp-json\/wp\/v2\/types\/page"}],"author":[{"embeddable":true,"href":"https:\/\/www.museoemigrazioneitaliana.org\/de\/wp-json\/wp\/v2\/users\/1"}],"replies":[{"embeddable":true,"href":"https:\/\/www.museoemigrazioneitaliana.org\/de\/wp-json\/wp\/v2\/comments?post=59"}],"version-history":[{"count":2,"href":"https:\/\/www.museoemigrazioneitaliana.org\/de\/wp-json\/wp\/v2\/pages\/59\/revisions"}],"predecessor-version":[{"id":3167,"href":"https:\/\/www.museoemigrazioneitaliana.org\/de\/wp-json\/wp\/v2\/pages\/59\/revisions\/3167"}],"up":[{"embeddable":true,"href":"https:\/\/www.museoemigrazioneitaliana.org\/de\/wp-json\/wp\/v2\/pages\/53"}],"wp:attachment":[{"href":"https:\/\/www.museoemigrazioneitaliana.org\/de\/wp-json\/wp\/v2\/media?parent=59"}],"curies":[{"name":"wp","href":"https:\/\/api.w.org\/{rel}","templated":true}]}}

<p>Die Reise - d. h. die Zeit, die man braucht, um das Zielland zu erreichen - ist das symbolische Element des gesamten Migrationsprozesses, der Loslösung von einem "Vorher" - bekannt und geliebt, wenn auch unbefriedigend -, um ein "Nachher" zu erreichen - sicherlich attraktiv, aber fast völlig unbekannt. Es ist eine Zeit, die genauso schwer zu durchleben ist wie die Wendepunkte im Leben eines jeden Menschen.</p>
<p>Für viele italienische Auswanderer war der Zug das wichtigste Mittel, um die großen nationalen und europäischen Auswanderungshäfen zu erreichen: Genua, Neapel, Palermo, Le Havre... Wie die Schiffe wurden auch die Züge und Bahnhöfe ab Mitte des 19. Jahrhunderts zum Symbol für die Trennung, die die Familien erlitten, indem sie ihre Lieben zum Bahnhof begleiteten, wenn sie zu ihren Einschiffungshäfen aufbrachen. Der Emigrant Pascal D'Angelo schreibt: "Ich hörte das Dröhnen des Zuges - es gab weder Maultiere noch Pferde, die ihn ziehen konnten - dann das Drängen meines Vaters, in den Waggon zu steigen.</p>
<p>Infolge der von den Überseeländern verhängten Einwanderungsbeschränkungen kamen nach dem Zweiten Weltkrieg neue Ziele zu den italienischen Migrationsströmen hinzu, die sich nun auf die mittel- und nordeuropäischen Länder richteten. So begannen die mit Emigranten beladenen Züge Europa zu durchqueren und brachten Millionen von Italienern nach Paris, Brüssel, Stuttgart, Zürich...</p>
<p>Ab den 1970er Jahren wurden die Züge auch zum Symbol für die Binnenmigration aus dem Süden in den industrialisierten Norden Italiens, wo die wichtigsten Ziele das Industriedreieck Genua-Mailand-Turin wurden.</p>
					<ul id="menu-il-viaggio"><li id="menu-item-398"><a href="https://www.museoemigrazioneitaliana.org/de/die-reise/">Die Reise</a>
<ul>
	<li id="menu-item-399"><a href="https://www.museoemigrazioneitaliana.org/de/die-reise/in-erwartung-der-abreise/">Warten auf die Abfahrt</a></li>
	<li id="menu-item-401"><a href="https://www.museoemigrazioneitaliana.org/de/die-reise/mit-dem-zug/">Mit dem Zug</a></li>
	<li id="menu-item-400"><a href="https://www.museoemigrazioneitaliana.org/de/die-reise/per-schiff/">Per Schiff</a></li>
	<li id="menu-item-402"><a href="https://www.museoemigrazioneitaliana.org/de/die-reise/pflegeeinrichtungen/">Pflegeeinrichtungen</a></li>
</ul>
</li>
</ul>

<p>Il viaggio &#8211; il tempo cioè che si impiega per raggiungere il paese di destinazione &#8211; è l&#8217;elemento simbolo di tutto il processo migratorio, del distacco da un &#8220;prima&#8221; &#8211; conosciuto e amato, benché insoddisfacente &#8211; per raggiungere un &#8220;dopo&#8221; &#8211; sicuramente attraente ma quasi del tutto ignoto. E&#8217; un tempo difficile da vivere come [&hellip;]</p>
