{"id":55,"date":"2020-09-17T15:37:24","date_gmt":"2020-09-17T13:37:24","guid":{"rendered":"https:\/\/mei.ms-dev.it\/?page_id=55"},"modified":"2022-03-10T10:46:13","modified_gmt":"2022-03-10T09:46:13","slug":"in-erwartung-der-abreise","status":"publish","type":"page","link":"https:\/\/www.museoemigrazioneitaliana.org\/de\/il-viaggio\/in-attesa-della-partenza\/","title":{"rendered":"Warten auf die Abfahrt"},"content":{"rendered":"<p>Die Einschiffungsh\u00e4fen der Auswanderer waren Genua, Neapel und Palermo.<\/p>\n<p>Die europ\u00e4ischen L\u00e4nder wurden mit dem Zug erreicht, ebenso wie der franz\u00f6sische Hafen Le Havre, von dem aus sich die Auswanderer aus dem Norden leichter nach Amerika einschiffen konnten. Die Zahl der Ausreisen stieg bis zum Vorabend des Ersten Weltkriegs sprunghaft an: Es war die \"gro\u00dfe Auswanderung\".<\/p>\n<p>Nach dem Ende des Konflikts und aufgrund der allm\u00e4hlichen Schlie\u00dfung der amerikanischen Niederlassungen setzte die Abwanderung nach Europa erneut ein, allerdings mit einer geringeren Zahl von Auswanderern. Zu den anderen H\u00e4fen wurde Triest hinzugef\u00fcgt.<\/p>\n<p>Nach dem Zweiten Weltkrieg wurden die Abfl\u00fcge zu allen Zielen, ob kontinental oder interkontinental, wieder aufgenommen, wobei die Zahl der Abfl\u00fcge erheblich zunahm.<\/p>\n\t\t\t\t\t<ul id=\"menu-il-viaggio\"><li id=\"menu-item-398\"><a href=\"https:\/\/www.museoemigrazioneitaliana.org\/de\/die-reise\/\">Die Reise<\/a>\n<ul>\n\t<li id=\"menu-item-399\"><a href=\"https:\/\/www.museoemigrazioneitaliana.org\/de\/die-reise\/in-erwartung-der-abreise\/\">Warten auf die Abfahrt<\/a><\/li>\n\t<li id=\"menu-item-401\"><a href=\"https:\/\/www.museoemigrazioneitaliana.org\/de\/die-reise\/mit-dem-zug\/\">Mit dem Zug<\/a><\/li>\n\t<li id=\"menu-item-400\"><a href=\"https:\/\/www.museoemigrazioneitaliana.org\/de\/die-reise\/per-schiff\/\">Per Schiff<\/a><\/li>\n\t<li id=\"menu-item-402\"><a href=\"https:\/\/www.museoemigrazioneitaliana.org\/de\/die-reise\/pflegeeinrichtungen\/\">Pflegeeinrichtungen<\/a><\/li>\n<\/ul>\n<\/li>\n<\/ul>","protected":false},"excerpt":{"rendered":"<p>I porti d&#8217;imbarco degli emigranti erano Genova, Napoli, Palermo. In treno si raggiungevano i paesi europei e anche il porto francese di Le Havre da cui era pi\u00f9 agevole, per gli emigranti del Nord, imbarcarsi per le destinazioni americane. Il numero delle partenze crebbe &#8211; torrenziale &#8211; sino alla vigilia della prima guerra mondiale: era [&hellip;]<\/p>\n","protected":false},"author":1,"featured_media":0,"parent":53,"menu_order":0,"comment_status":"closed","ping_status":"open","template":"","meta":{"_acf_changed":false,"site-sidebar-layout":"default","site-content-layout":"default","ast-site-content-layout":"default","site-content-style":"default","site-sidebar-style":"default","ast-global-header-display":"","ast-banner-title-visibility":"","ast-main-header-display":"","ast-hfb-above-header-display":"","ast-hfb-below-header-display":"","ast-hfb-mobile-header-display":"","site-post-title":"","ast-breadcrumbs-content":"","ast-featured-img":"","footer-sml-layout":"","ast-disable-related-posts":"","theme-transparent-header-meta":"default","adv-header-id-meta":"","stick-header-meta":"","header-above-stick-meta":"","header-main-stick-meta":"","header-below-stick-meta":"","astra-migrate-meta-layouts":"default","ast-page-background-enabled":"default","ast-page-background-meta":{"desktop":{"background-color":"","background-image":"","background-repeat":"repeat","background-position":"center center","background-size":"auto","background-attachment":"scroll","background-type":"","background-media":"","overlay-type":"","overlay-color":"","overlay-opacity":"","overlay-gradient":""},"tablet":{"background-color":"","background-image":"","background-repeat":"repeat","background-position":"center center","background-size":"auto","background-attachment":"scroll","background-type":"","background-media":"","overlay-type":"","overlay-color":"","overlay-opacity":"","overlay-gradient":""},"mobile":{"background-color":"","background-image":"","background-repeat":"repeat","background-position":"center center","background-size":"auto","background-attachment":"scroll","background-type":"","background-media":"","overlay-type":"","overlay-color":"","overlay-opacity":"","overlay-gradient":""}},"ast-content-background-meta":{"desktop":{"background-color":"var(--ast-global-color-5)","background-image":"","background-repeat":"repeat","background-position":"center center","background-size":"auto","background-attachment":"scroll","background-type":"","background-media":"","overlay-type":"","overlay-color":"","overlay-opacity":"","overlay-gradient":""},"tablet":{"background-color":"var(--ast-global-color-5)","background-image":"","background-repeat":"repeat","background-position":"center center","background-size":"auto","background-attachment":"scroll","background-type":"","background-media":"","overlay-type":"","overlay-color":"","overlay-opacity":"","overlay-gradient":""},"mobile":{"background-color":"var(--ast-global-color-5)","background-image":"","background-repeat":"repeat","background-position":"center center","background-size":"auto","background-attachment":"scroll","background-type":"","background-media":"","overlay-type":"","overlay-color":"","overlay-opacity":"","overlay-gradient":""}},"footnotes":""},"class_list":["post-55","page","type-page","status-publish","hentry"],"acf":[],"_links":{"self":[{"href":"https:\/\/www.museoemigrazioneitaliana.org\/de\/wp-json\/wp\/v2\/pages\/55","targetHints":{"allow":["GET"]}}],"collection":[{"href":"https:\/\/www.museoemigrazioneitaliana.org\/de\/wp-json\/wp\/v2\/pages"}],"about":[{"href":"https:\/\/www.museoemigrazioneitaliana.org\/de\/wp-json\/wp\/v2\/types\/page"}],"author":[{"embeddable":true,"href":"https:\/\/www.museoemigrazioneitaliana.org\/de\/wp-json\/wp\/v2\/users\/1"}],"replies":[{"embeddable":true,"href":"https:\/\/www.museoemigrazioneitaliana.org\/de\/wp-json\/wp\/v2\/comments?post=55"}],"version-history":[{"count":2,"href":"https:\/\/www.museoemigrazioneitaliana.org\/de\/wp-json\/wp\/v2\/pages\/55\/revisions"}],"predecessor-version":[{"id":3165,"href":"https:\/\/www.museoemigrazioneitaliana.org\/de\/wp-json\/wp\/v2\/pages\/55\/revisions\/3165"}],"up":[{"embeddable":true,"href":"https:\/\/www.museoemigrazioneitaliana.org\/de\/wp-json\/wp\/v2\/pages\/53"}],"wp:attachment":[{"href":"https:\/\/www.museoemigrazioneitaliana.org\/de\/wp-json\/wp\/v2\/media?parent=55"}],"curies":[{"name":"wp","href":"https:\/\/api.w.org\/{rel}","templated":true}]}}

<p>Die Einschiffungshäfen der Auswanderer waren Genua, Neapel und Palermo.</p>
<p>Die europäischen Länder wurden mit dem Zug erreicht, ebenso wie der französische Hafen Le Havre, von dem aus sich die Auswanderer aus dem Norden leichter nach Amerika einschiffen konnten. Die Zahl der Ausreisen stieg bis zum Vorabend des Ersten Weltkriegs sprunghaft an: Es war die "große Auswanderung".</p>
<p>Nach dem Ende des Konflikts und aufgrund der allmählichen Schließung der amerikanischen Niederlassungen setzte die Abwanderung nach Europa erneut ein, allerdings mit einer geringeren Zahl von Auswanderern. Zu den anderen Häfen wurde Triest hinzugefügt.</p>
<p>Nach dem Zweiten Weltkrieg wurden die Abflüge zu allen Zielen, ob kontinental oder interkontinental, wieder aufgenommen, wobei die Zahl der Abflüge erheblich zunahm.</p>
					<ul id="menu-il-viaggio"><li id="menu-item-398"><a href="https://www.museoemigrazioneitaliana.org/de/die-reise/">Die Reise</a>
<ul>
	<li id="menu-item-399"><a href="https://www.museoemigrazioneitaliana.org/de/die-reise/in-erwartung-der-abreise/">Warten auf die Abfahrt</a></li>
	<li id="menu-item-401"><a href="https://www.museoemigrazioneitaliana.org/de/die-reise/mit-dem-zug/">Mit dem Zug</a></li>
	<li id="menu-item-400"><a href="https://www.museoemigrazioneitaliana.org/de/die-reise/per-schiff/">Per Schiff</a></li>
	<li id="menu-item-402"><a href="https://www.museoemigrazioneitaliana.org/de/die-reise/pflegeeinrichtungen/">Pflegeeinrichtungen</a></li>
</ul>
</li>
</ul>

<p>I porti d&#8217;imbarco degli emigranti erano Genova, Napoli, Palermo. In treno si raggiungevano i paesi europei e anche il porto francese di Le Havre da cui era più agevole, per gli emigranti del Nord, imbarcarsi per le destinazioni americane. Il numero delle partenze crebbe &#8211; torrenziale &#8211; sino alla vigilia della prima guerra mondiale: era [&hellip;]</p>
