{"id":438,"date":"2020-12-17T15:20:08","date_gmt":"2020-12-17T14:20:08","guid":{"rendered":"https:\/\/mei.ms-dev.it\/?page_id=438"},"modified":"2022-01-26T16:37:35","modified_gmt":"2022-01-26T15:37:35","slug":"didaktik","status":"publish","type":"page","link":"https:\/\/www.museoemigrazioneitaliana.org\/de\/didattica\/","title":{"rendered":"Didaktik"},"content":{"rendered":"<p>Die Bedeutung des Geschichtsunterrichts \u00e4ndert sich \u00fcberall auf der Welt, insbesondere aber in Europa. Der Ansatz\u00a0<em>naziozentrisch<\/em>\u00a0in mehreren L\u00e4ndern immer noch hartn\u00e4ckig im Zentrum des Bildungswesens verankert ist, muss dieser Ansatz ersetzt werden\u00a0<em>multiperspektivisch<\/em>\u00a0e\u00a0<em>pluralistisch<\/em>\u00a0o\u00a0<em>multidimensional<\/em>Dies ist von grundlegender Bedeutung f\u00fcr den Aufbau eines sinnvollen Lernens in Schulklassen, in denen die Anwesenheit von nicht italienischsprachigen Sch\u00fclern - die Italienisch als Zweitsprache sprechen - eine neue p\u00e4dagogische und kognitive Herausforderung darstellt. Eine Herausforderung, die gleichzeitig eine gro\u00dfe Chance ist, einen neuen Ansatz zu entwickeln, bei dem kulturelle Identit\u00e4ten als Prozesse im Entstehen dargestellt werden und nicht als unbewegliche Gebilde, die sich selbst immer gleich sind und sich jeder Form des Dialogs verschlie\u00dfen, d.h. sich jeder wirklichen\u00a0<em>Interkulturalit\u00e4t<\/em>.<\/p>\n<p>Die Vergleiche und Zusammenst\u00f6\u00dfe zwischen den Kulturen, der Austausch zwischen den Zivilisationen, die Mobilit\u00e4t der Menschen und der Ideen sind wesentliche Themen, um die Vergangenheit im Lichte der Gegenwart und der Erfordernisse der Zukunft neu zu lesen, sie sind die Chiffre, in deren Licht - das ist heute klar - das 21. Jahrhundert seine eigene Geschichte neu lesen und die gelehrten Geschichten neu gestalten muss.<\/p>\n<p>Die Mobilit\u00e4t der Menschen (die sich nicht auf die blo\u00dfe Bewegung von Arbeitskr\u00e4ften reduzieren l\u00e4sst) ist ein wesentliches Thema, um diese neue Herangehensweise an die Vergangenheit zu f\u00f6rdern: Die Paradoxien des Andersseins, die - oft ignorierte - Realit\u00e4t kultureller Interaktionen, die Art und Weise, wie kulturelle Identit\u00e4ten konstruiert werden, k\u00f6nnen durch eine historische Neuinterpretation gelesen werden, die darauf abzielt, zu einer starken Idee von Toleranz, Gegenseitigkeit, Dialog und Verantwortung zu erziehen, indem in der interkulturellen Perspektive das genutzt wird, was ein Element der Trennung und des Konflikts war.<\/p>\n<p>Die Umgestaltung des Geschichtsunterrichts in unserer Schule bedeutet im Wesentlichen, das Lernen der Kinder neu zu motivieren. Und Lernen neu zu motivieren, bedeutet im Wesentlichen, radikal zu innovieren, d.h. Kanons, Erz\u00e4hlparadigmen, Methoden, Arbeitsmittel anzupassen. Und damit in erster Linie eine Aufwertung der Humanressourcen, des einzigen Mittels, das den Lehrern (nicht nur denen der historischen Disziplinen) zur Verf\u00fcgung steht, um ihre berufliche W\u00fcrde wiederherzustellen.<\/p>\n<p>In diesem Sinne bieten wir in diesem Bereich der Website Materialien an, die als Quelle f\u00fcr Studium und Reflexion genutzt werden k\u00f6nnen, aber auch Vorschl\u00e4ge f\u00fcr strukturierte Unterrichtsworkshops<\/p>\n<p>Umberto Baldocchi - Bildungskoordinator<\/p>\n\t\t\t\t\t<ul id=\"menu-didattica\"><li id=\"menu-item-462\"><a href=\"https:\/\/www.museoemigrazioneitaliana.org\/de\/didaktik\/\">Didaktik<\/a>\n<ul>\n\t<li id=\"menu-item-471\"><a href=\"https:\/\/www.museoemigrazioneitaliana.org\/de\/didaktik\/bildungspakete-fur-migranten\/\">Migranten. Informationsbrosch\u00fcre<\/a><\/li>\n\t<li id=\"menu-item-470\"><a href=\"https:\/\/www.museoemigrazioneitaliana.org\/de\/didaktik\/migrantenreportage\/\">Migranten. Reportage<\/a><\/li>\n\t<li id=\"menu-item-469\"><a href=\"https:\/\/www.museoemigrazioneitaliana.org\/de\/didaktik\/migrationsgeschichte\/\">Migranten. Geschichte<\/a><\/li>\n\t<li id=\"menu-item-467\"><a href=\"https:\/\/www.museoemigrazioneitaliana.org\/de\/didaktik\/unterrichtseinheiten-in-der-sekundarstufe-i-und-in-der-primarstufe\/\">Unterrichtseinheiten. Sekundarstufe I und Primarstufe<\/a><\/li>\n\t<li id=\"menu-item-466\"><a href=\"https:\/\/www.museoemigrazioneitaliana.org\/de\/didaktik\/unterrichtseinheiten-fur-die-sekundarstufe-i\/\">Unterrichtseinheiten. Sekundarschulen<\/a><\/li>\n\t<li id=\"menu-item-463\"><a href=\"https:\/\/www.museoemigrazioneitaliana.org\/de\/didaktik\/geschichten-der-auswanderung\/\">Geschichten der Auswanderung<\/a><\/li>\n<\/ul>\n<\/li>\n<\/ul>","protected":false},"excerpt":{"rendered":"<p>L&#8217;insegnamento della storia sta mutando di senso in tutto il mondo, e particolarmente in Europa. All&#8217;approccio\u00a0naziocentrico\u00a0ancora tenacemente insediato nel cuore delle didattiche prevalenti in parecchi paesi, \u00e8 necessario sostituire quell&#8217;approccio\u00a0multiprospettico\u00a0e\u00a0pluralista\u00a0o\u00a0pluridimensionale, fondamentale per costruire un apprendimento che sia significativo per classi scolastiche in cui la presenza di alunni non italofoni &#8211; che parlano l&#8217;italiano come seconda [&hellip;]<\/p>\n","protected":false},"author":1,"featured_media":0,"parent":0,"menu_order":0,"comment_status":"closed","ping_status":"open","template":"","meta":{"_acf_changed":false,"site-sidebar-layout":"default","site-content-layout":"default","ast-site-content-layout":"default","site-content-style":"default","site-sidebar-style":"default","ast-global-header-display":"","ast-banner-title-visibility":"","ast-main-header-display":"","ast-hfb-above-header-display":"","ast-hfb-below-header-display":"","ast-hfb-mobile-header-display":"","site-post-title":"","ast-breadcrumbs-content":"","ast-featured-img":"","footer-sml-layout":"","ast-disable-related-posts":"","theme-transparent-header-meta":"default","adv-header-id-meta":"","stick-header-meta":"","header-above-stick-meta":"","header-main-stick-meta":"","header-below-stick-meta":"","astra-migrate-meta-layouts":"default","ast-page-background-enabled":"default","ast-page-background-meta":{"desktop":{"background-color":"","background-image":"","background-repeat":"repeat","background-position":"center center","background-size":"auto","background-attachment":"scroll","background-type":"","background-media":"","overlay-type":"","overlay-color":"","overlay-opacity":"","overlay-gradient":""},"tablet":{"background-color":"","background-image":"","background-repeat":"repeat","background-position":"center center","background-size":"auto","background-attachment":"scroll","background-type":"","background-media":"","overlay-type":"","overlay-color":"","overlay-opacity":"","overlay-gradient":""},"mobile":{"background-color":"","background-image":"","background-repeat":"repeat","background-position":"center center","background-size":"auto","background-attachment":"scroll","background-type":"","background-media":"","overlay-type":"","overlay-color":"","overlay-opacity":"","overlay-gradient":""}},"ast-content-background-meta":{"desktop":{"background-color":"var(--ast-global-color-5)","background-image":"","background-repeat":"repeat","background-position":"center center","background-size":"auto","background-attachment":"scroll","background-type":"","background-media":"","overlay-type":"","overlay-color":"","overlay-opacity":"","overlay-gradient":""},"tablet":{"background-color":"var(--ast-global-color-5)","background-image":"","background-repeat":"repeat","background-position":"center center","background-size":"auto","background-attachment":"scroll","background-type":"","background-media":"","overlay-type":"","overlay-color":"","overlay-opacity":"","overlay-gradient":""},"mobile":{"background-color":"var(--ast-global-color-5)","background-image":"","background-repeat":"repeat","background-position":"center center","background-size":"auto","background-attachment":"scroll","background-type":"","background-media":"","overlay-type":"","overlay-color":"","overlay-opacity":"","overlay-gradient":""}},"footnotes":""},"class_list":["post-438","page","type-page","status-publish","hentry"],"acf":[],"_links":{"self":[{"href":"https:\/\/www.museoemigrazioneitaliana.org\/de\/wp-json\/wp\/v2\/pages\/438","targetHints":{"allow":["GET"]}}],"collection":[{"href":"https:\/\/www.museoemigrazioneitaliana.org\/de\/wp-json\/wp\/v2\/pages"}],"about":[{"href":"https:\/\/www.museoemigrazioneitaliana.org\/de\/wp-json\/wp\/v2\/types\/page"}],"author":[{"embeddable":true,"href":"https:\/\/www.museoemigrazioneitaliana.org\/de\/wp-json\/wp\/v2\/users\/1"}],"replies":[{"embeddable":true,"href":"https:\/\/www.museoemigrazioneitaliana.org\/de\/wp-json\/wp\/v2\/comments?post=438"}],"version-history":[{"count":2,"href":"https:\/\/www.museoemigrazioneitaliana.org\/de\/wp-json\/wp\/v2\/pages\/438\/revisions"}],"predecessor-version":[{"id":1602,"href":"https:\/\/www.museoemigrazioneitaliana.org\/de\/wp-json\/wp\/v2\/pages\/438\/revisions\/1602"}],"wp:attachment":[{"href":"https:\/\/www.museoemigrazioneitaliana.org\/de\/wp-json\/wp\/v2\/media?parent=438"}],"curies":[{"name":"wp","href":"https:\/\/api.w.org\/{rel}","templated":true}]}}

<p>Die Bedeutung des Geschichtsunterrichts ändert sich überall auf der Welt, insbesondere aber in Europa. Der Ansatz <em>naziozentrisch</em> in mehreren Ländern immer noch hartnäckig im Zentrum des Bildungswesens verankert ist, muss dieser Ansatz ersetzt werden <em>multiperspektivisch</em> e <em>pluralistisch</em> o <em>multidimensional</em>Dies ist von grundlegender Bedeutung für den Aufbau eines sinnvollen Lernens in Schulklassen, in denen die Anwesenheit von nicht italienischsprachigen Schülern - die Italienisch als Zweitsprache sprechen - eine neue pädagogische und kognitive Herausforderung darstellt. Eine Herausforderung, die gleichzeitig eine große Chance ist, einen neuen Ansatz zu entwickeln, bei dem kulturelle Identitäten als Prozesse im Entstehen dargestellt werden und nicht als unbewegliche Gebilde, die sich selbst immer gleich sind und sich jeder Form des Dialogs verschließen, d.h. sich jeder wirklichen <em>Interkulturalität</em>.</p>
<p>Die Vergleiche und Zusammenstöße zwischen den Kulturen, der Austausch zwischen den Zivilisationen, die Mobilität der Menschen und der Ideen sind wesentliche Themen, um die Vergangenheit im Lichte der Gegenwart und der Erfordernisse der Zukunft neu zu lesen, sie sind die Chiffre, in deren Licht - das ist heute klar - das 21. Jahrhundert seine eigene Geschichte neu lesen und die gelehrten Geschichten neu gestalten muss.</p>
<p>Die Mobilität der Menschen (die sich nicht auf die bloße Bewegung von Arbeitskräften reduzieren lässt) ist ein wesentliches Thema, um diese neue Herangehensweise an die Vergangenheit zu fördern: Die Paradoxien des Andersseins, die - oft ignorierte - Realität kultureller Interaktionen, die Art und Weise, wie kulturelle Identitäten konstruiert werden, können durch eine historische Neuinterpretation gelesen werden, die darauf abzielt, zu einer starken Idee von Toleranz, Gegenseitigkeit, Dialog und Verantwortung zu erziehen, indem in der interkulturellen Perspektive das genutzt wird, was ein Element der Trennung und des Konflikts war.</p>
<p>Die Umgestaltung des Geschichtsunterrichts in unserer Schule bedeutet im Wesentlichen, das Lernen der Kinder neu zu motivieren. Und Lernen neu zu motivieren, bedeutet im Wesentlichen, radikal zu innovieren, d.h. Kanons, Erzählparadigmen, Methoden, Arbeitsmittel anzupassen. Und damit in erster Linie eine Aufwertung der Humanressourcen, des einzigen Mittels, das den Lehrern (nicht nur denen der historischen Disziplinen) zur Verfügung steht, um ihre berufliche Würde wiederherzustellen.</p>
<p>In diesem Sinne bieten wir in diesem Bereich der Website Materialien an, die als Quelle für Studium und Reflexion genutzt werden können, aber auch Vorschläge für strukturierte Unterrichtsworkshops</p>
<p>Umberto Baldocchi - Bildungskoordinator</p>
					<ul id="menu-didattica"><li id="menu-item-462"><a href="https://www.museoemigrazioneitaliana.org/de/didaktik/">Didaktik</a>
<ul>
	<li id="menu-item-471"><a href="https://www.museoemigrazioneitaliana.org/de/didaktik/bildungspakete-fur-migranten/">Migranten. Informationsbroschüre</a></li>
	<li id="menu-item-470"><a href="https://www.museoemigrazioneitaliana.org/de/didaktik/migrantenreportage/">Migranten. Reportage</a></li>
	<li id="menu-item-469"><a href="https://www.museoemigrazioneitaliana.org/de/didaktik/migrationsgeschichte/">Migranten. Geschichte</a></li>
	<li id="menu-item-467"><a href="https://www.museoemigrazioneitaliana.org/de/didaktik/unterrichtseinheiten-in-der-sekundarstufe-i-und-in-der-primarstufe/">Unterrichtseinheiten. Sekundarstufe I und Primarstufe</a></li>
	<li id="menu-item-466"><a href="https://www.museoemigrazioneitaliana.org/de/didaktik/unterrichtseinheiten-fur-die-sekundarstufe-i/">Unterrichtseinheiten. Sekundarschulen</a></li>
	<li id="menu-item-463"><a href="https://www.museoemigrazioneitaliana.org/de/didaktik/geschichten-der-auswanderung/">Geschichten der Auswanderung</a></li>
</ul>
</li>
</ul>

<p>L&#8217;insegnamento della storia sta mutando di senso in tutto il mondo, e particolarmente in Europa. All&#8217;approccio naziocentrico ancora tenacemente insediato nel cuore delle didattiche prevalenti in parecchi paesi, è necessario sostituire quell&#8217;approccio multiprospettico e pluralista o pluridimensionale, fondamentale per costruire un apprendimento che sia significativo per classi scolastiche in cui la presenza di alunni non italofoni &#8211; che parlano l&#8217;italiano come seconda [&hellip;]</p>
