{"id":119,"date":"2020-09-17T15:49:03","date_gmt":"2020-09-17T13:49:03","guid":{"rendered":"https:\/\/mei.ms-dev.it\/?page_id=119"},"modified":"2022-02-28T20:35:21","modified_gmt":"2022-02-28T19:35:21","slug":"heute-die-anderen","status":"publish","type":"page","link":"https:\/\/www.museoemigrazioneitaliana.org\/de\/migranti-oggi\/oggi-gli-altri\/","title":{"rendered":"Heute: \"Die Anderen"},"content":{"rendered":"<p>In der Geschichte der Menschheit haben Migrationen immer einen Platz gehabt: Sie wiederholen und erneuern sich im Laufe der Zeit, und so ist Italien, einst ein Land der Auswanderung, heute ein beliebtes Ziel f\u00fcr Einwanderer aus armen oder Entwicklungsl\u00e4ndern geworden.<\/p>\n<p>Die Einwanderung, die heute im Alltag eines jeden von uns pr\u00e4sent ist, wird jedoch auch nach mehreren Jahren immer noch als ein vor\u00fcbergehendes und fl\u00fcchtiges Ph\u00e4nomen wahrgenommen und ruft Gef\u00fchle der Ablehnung hervor: Wir vergessen, wie sehr die Geschichte unseres Landes durch das Ph\u00e4nomen der Migration gepr\u00e4gt wurde.<\/p>\n<p>Die Geschichte gleicht manchmal einem Spiegel: Durch die Einwanderer von heute wirft sie uns unser Bild hundert Jahre sp\u00e4ter zur\u00fcck. Geht eine \"Betreuerin\", die ihre Kinder verl\u00e4sst und nach Italien kommt, nicht denselben Weg zur\u00fcck wie unsere Kinderm\u00e4dchen und leidet sie nicht genauso unter der Entfernung?<\/p>\n<p>Erinnert ein \"vu\" cumpr\u00e0 nicht an alle Italiener, die im 19. Jahrhundert als Wanderarbeiter t\u00e4tig waren? \u00c4hnelt die Ausbeutung von Einwanderern durch \"caporali\" nicht dem Padrone-System, dem die Italiener in den Vereinigten Staaten zum Opfer fielen?<\/p>\n<p>Erinnern die armen und gleichzeitig teuren Wohnungen nicht an die Baracken, die in einigen europ\u00e4ischen L\u00e4ndern von s\u00fcdlichen Emigranten bewohnt werden? Wir m\u00fcssen uns den Tatsachen beugen: Die meisten Einwanderer sind legal in Italien, sie sind gut in die Arbeitswelt integriert, sie haben Kinder, die oft im Land geboren sind und in der nationalen Schule unterrichtet werden. Wir m\u00fcssen zur Kenntnis nehmen, dass wir heute trotz vieler Schwierigkeiten eine multiethnische und multikulturelle Gesellschaft sind: eine bunte, wenn auch immer noch sehr komplizierte Gesellschaft.<\/p>","protected":false},"excerpt":{"rendered":"<p>Nella storia dell&#8217;umanit\u00e0 le migrazioni hanno sempre avuto posto: esse si ripetono e si rinnovano nel tempo ed \u00e8 cos\u00ec che l&#8217;Italia, una volta terra di emigrazione, oggi \u00e8 diventata meta ambita per immigranti provenienti da paesi poveri o in via di sviluppo. Per\u00f2 l&#8217;immigrazione, che \u00e8 ormai presente nella vita quotidiana di ognuno di [&hellip;]<\/p>\n","protected":false},"author":1,"featured_media":0,"parent":115,"menu_order":0,"comment_status":"closed","ping_status":"open","template":"","meta":{"_acf_changed":false,"site-sidebar-layout":"default","site-content-layout":"default","ast-site-content-layout":"default","site-content-style":"default","site-sidebar-style":"default","ast-global-header-display":"","ast-banner-title-visibility":"","ast-main-header-display":"","ast-hfb-above-header-display":"","ast-hfb-below-header-display":"","ast-hfb-mobile-header-display":"","site-post-title":"","ast-breadcrumbs-content":"","ast-featured-img":"","footer-sml-layout":"","ast-disable-related-posts":"","theme-transparent-header-meta":"default","adv-header-id-meta":"","stick-header-meta":"","header-above-stick-meta":"","header-main-stick-meta":"","header-below-stick-meta":"","astra-migrate-meta-layouts":"default","ast-page-background-enabled":"default","ast-page-background-meta":{"desktop":{"background-color":"","background-image":"","background-repeat":"repeat","background-position":"center center","background-size":"auto","background-attachment":"scroll","background-type":"","background-media":"","overlay-type":"","overlay-color":"","overlay-opacity":"","overlay-gradient":""},"tablet":{"background-color":"","background-image":"","background-repeat":"repeat","background-position":"center center","background-size":"auto","background-attachment":"scroll","background-type":"","background-media":"","overlay-type":"","overlay-color":"","overlay-opacity":"","overlay-gradient":""},"mobile":{"background-color":"","background-image":"","background-repeat":"repeat","background-position":"center center","background-size":"auto","background-attachment":"scroll","background-type":"","background-media":"","overlay-type":"","overlay-color":"","overlay-opacity":"","overlay-gradient":""}},"ast-content-background-meta":{"desktop":{"background-color":"var(--ast-global-color-5)","background-image":"","background-repeat":"repeat","background-position":"center center","background-size":"auto","background-attachment":"scroll","background-type":"","background-media":"","overlay-type":"","overlay-color":"","overlay-opacity":"","overlay-gradient":""},"tablet":{"background-color":"var(--ast-global-color-5)","background-image":"","background-repeat":"repeat","background-position":"center center","background-size":"auto","background-attachment":"scroll","background-type":"","background-media":"","overlay-type":"","overlay-color":"","overlay-opacity":"","overlay-gradient":""},"mobile":{"background-color":"var(--ast-global-color-5)","background-image":"","background-repeat":"repeat","background-position":"center center","background-size":"auto","background-attachment":"scroll","background-type":"","background-media":"","overlay-type":"","overlay-color":"","overlay-opacity":"","overlay-gradient":""}},"footnotes":""},"class_list":["post-119","page","type-page","status-publish","hentry"],"acf":[],"_links":{"self":[{"href":"https:\/\/www.museoemigrazioneitaliana.org\/de\/wp-json\/wp\/v2\/pages\/119","targetHints":{"allow":["GET"]}}],"collection":[{"href":"https:\/\/www.museoemigrazioneitaliana.org\/de\/wp-json\/wp\/v2\/pages"}],"about":[{"href":"https:\/\/www.museoemigrazioneitaliana.org\/de\/wp-json\/wp\/v2\/types\/page"}],"author":[{"embeddable":true,"href":"https:\/\/www.museoemigrazioneitaliana.org\/de\/wp-json\/wp\/v2\/users\/1"}],"replies":[{"embeddable":true,"href":"https:\/\/www.museoemigrazioneitaliana.org\/de\/wp-json\/wp\/v2\/comments?post=119"}],"version-history":[{"count":2,"href":"https:\/\/www.museoemigrazioneitaliana.org\/de\/wp-json\/wp\/v2\/pages\/119\/revisions"}],"predecessor-version":[{"id":2154,"href":"https:\/\/www.museoemigrazioneitaliana.org\/de\/wp-json\/wp\/v2\/pages\/119\/revisions\/2154"}],"up":[{"embeddable":true,"href":"https:\/\/www.museoemigrazioneitaliana.org\/de\/wp-json\/wp\/v2\/pages\/115"}],"wp:attachment":[{"href":"https:\/\/www.museoemigrazioneitaliana.org\/de\/wp-json\/wp\/v2\/media?parent=119"}],"curies":[{"name":"wp","href":"https:\/\/api.w.org\/{rel}","templated":true}]}}

<p>In der Geschichte der Menschheit haben Migrationen immer einen Platz gehabt: Sie wiederholen und erneuern sich im Laufe der Zeit, und so ist Italien, einst ein Land der Auswanderung, heute ein beliebtes Ziel für Einwanderer aus armen oder Entwicklungsländern geworden.</p>
<p>Die Einwanderung, die heute im Alltag eines jeden von uns präsent ist, wird jedoch auch nach mehreren Jahren immer noch als ein vorübergehendes und flüchtiges Phänomen wahrgenommen und ruft Gefühle der Ablehnung hervor: Wir vergessen, wie sehr die Geschichte unseres Landes durch das Phänomen der Migration geprägt wurde.</p>
<p>Die Geschichte gleicht manchmal einem Spiegel: Durch die Einwanderer von heute wirft sie uns unser Bild hundert Jahre später zurück. Geht eine "Betreuerin", die ihre Kinder verlässt und nach Italien kommt, nicht denselben Weg zurück wie unsere Kindermädchen und leidet sie nicht genauso unter der Entfernung?</p>
<p>Erinnert ein "vu" cumprà nicht an alle Italiener, die im 19. Jahrhundert als Wanderarbeiter tätig waren? Ähnelt die Ausbeutung von Einwanderern durch "caporali" nicht dem Padrone-System, dem die Italiener in den Vereinigten Staaten zum Opfer fielen?</p>
<p>Erinnern die armen und gleichzeitig teuren Wohnungen nicht an die Baracken, die in einigen europäischen Ländern von südlichen Emigranten bewohnt werden? Wir müssen uns den Tatsachen beugen: Die meisten Einwanderer sind legal in Italien, sie sind gut in die Arbeitswelt integriert, sie haben Kinder, die oft im Land geboren sind und in der nationalen Schule unterrichtet werden. Wir müssen zur Kenntnis nehmen, dass wir heute trotz vieler Schwierigkeiten eine multiethnische und multikulturelle Gesellschaft sind: eine bunte, wenn auch immer noch sehr komplizierte Gesellschaft.</p>

<p>Nella storia dell&#8217;umanità le migrazioni hanno sempre avuto posto: esse si ripetono e si rinnovano nel tempo ed è così che l&#8217;Italia, una volta terra di emigrazione, oggi è diventata meta ambita per immigranti provenienti da paesi poveri o in via di sviluppo. Però l&#8217;immigrazione, che è ormai presente nella vita quotidiana di ognuno di [&hellip;]</p>
