{"id":109,"date":"2020-09-17T15:47:04","date_gmt":"2020-09-17T13:47:04","guid":{"rendered":"https:\/\/mei.ms-dev.it\/?page_id=109"},"modified":"2022-03-10T10:54:00","modified_gmt":"2022-03-10T09:54:00","slug":"die-schule-zwischen-zwei-welten","status":"publish","type":"page","link":"https:\/\/www.museoemigrazioneitaliana.org\/de\/la-vita-sociale\/la-scuola-tra-due-mondi\/","title":{"rendered":"Die Schule zwischen zwei Welten"},"content":{"rendered":"<p>Alle Regierungen der Einwanderungsl\u00e4nder haben auf unterschiedliche Weise und mit unterschiedlichen Methoden Integrationsarbeit mit Ausl\u00e4ndern geleistet. Der Mann, der allein auswanderte, dachte daran, Geld zu verdienen, um seine Familie in der Heimat zu unterst\u00fctzen und seine R\u00fcckkehr zu beschleunigen, und lehnte deshalb hartn\u00e4ckig jeden Kontakt mit der unbekannten Sprache, mit anderen Sitten und Gebr\u00e4uchen ab, selbst mit den angenehmen, die mit der Freizeit verbunden sind. Andererseits beschleunigte die Anwesenheit der Familie die Eingew\u00f6hnung, und die Frauen \u00fcbten auch einen Einfluss auf die M\u00e4nner ohne Frau und Kinder aus, die in ihrem Haus verkehrten oder dort als G\u00e4ste untergebracht waren.<\/p>\n<p>Die wirksamste Integrationspolitik der Aufnahmel\u00e4nder wurde durch schulische Ma\u00dfnahmen (von der Schulpflicht f\u00fcr Kinder bis hin zu Sprach- und allgemeinen Kulturkursen f\u00fcr Erwachsene) und sozialpolitische Ma\u00dfnahmen erreicht, die darauf abzielten, sich die lokalen Sitten und Gebr\u00e4uche schnell anzueignen.<\/p>\n<p>Im Gegenzug erkannten auch die italienischen Regierungen, wie wichtig es war, alte und neue Generationen von Emigranten an ihr Heimatland zu binden. Crispi war der erste, der 1889 ein organisches Gesetz \u00fcber italienische Schulen im Ausland verabschiedete, aber es wurden nicht gen\u00fcgend Mittel bereitgestellt, um die Zahl der Schulen erheblich zu erh\u00f6hen, zumindest in den L\u00e4ndern, in die die Emigranten in gro\u00dfer Zahl str\u00f6mten.<\/p>\n<p>Ebenfalls 1889 wurde die \"Dante-Alighieri-Gesellschaft\" gegr\u00fcndet, zu deren Aufgaben die Verbreitung der italienischen Sprache und Kultur im Ausland geh\u00f6rte. Die Schwachpunkte der Schulen waren, kurz gesagt, die Gegens\u00e4tze zwischen weltlichen und konfessionellen Schulen - die auch durch das Konkordat zwischen dem italienischen Staat und dem Vatikan von 1929 nicht beseitigt wurden - und ihre Finanzierung, die chronisch unzureichend blieb.<\/p>\n\t\t\t\t\t<ul id=\"menu-la-vita-sociale\"><li id=\"menu-item-424\"><a href=\"https:\/\/www.museoemigrazioneitaliana.org\/de\/gesellschaftliches-leben\/\">Soziales Leben<\/a>\n<ul>\n\t<li id=\"menu-item-428\"><a href=\"https:\/\/www.museoemigrazioneitaliana.org\/de\/gesellschaftliches-leben\/klein-italien-und-la-dolce-casa\/\">Die \"kleinen Italiener\" und la dolce casa<\/a><\/li>\n\t<li id=\"menu-item-426\"><a href=\"https:\/\/www.museoemigrazioneitaliana.org\/de\/gesellschaftliches-leben\/stadtgrunder-und-kolonisatoren\/\">Stadtgr\u00fcnder und Kolonisatoren<\/a><\/li>\n\t<li id=\"menu-item-425\"><a href=\"https:\/\/www.museoemigrazioneitaliana.org\/de\/gesellschaftliches-leben\/teambildende-masnahmen\/\">Gruppierung<\/a><\/li>\n\t<li id=\"menu-item-427\"><a href=\"https:\/\/www.museoemigrazioneitaliana.org\/de\/gesellschaftliches-leben\/die-schule-zwischen-zwei-welten\/\">Die Schule zwischen zwei Welten<\/a><\/li>\n\t<li id=\"menu-item-429\"><a href=\"https:\/\/www.museoemigrazioneitaliana.org\/de\/gesellschaftliches-leben\/geschichten-von-intoleranz\/\">Geschichten von Intoleranz<\/a><\/li>\n\t<li id=\"menu-item-430\"><a href=\"https:\/\/www.museoemigrazioneitaliana.org\/de\/gesellschaftliches-leben\/auf-dem-weg-zu-einer-komplexen-identitat\/\">Auf dem Weg zu einer komplexen Identit\u00e4t<\/a><\/li>\n<\/ul>\n<\/li>\n<\/ul>","protected":false},"excerpt":{"rendered":"<p>Tutti i governi dei paesi d&#8217;immigrazione hanno svolto, in modi e con metodi diversi, opera di integrazione nei confronti degli stranieri. L&#8217;uomo emigrato da solo pensava a guadagnare per il sostentamento dei suoi in patria e per affrettare i tempi del ritorno e, in quest&#8217;ottica, rifiutava con tenacia ogni contatto con la lingua sconosciuta, con [&hellip;]<\/p>\n","protected":false},"author":1,"featured_media":0,"parent":101,"menu_order":0,"comment_status":"closed","ping_status":"open","template":"","meta":{"_acf_changed":false,"site-sidebar-layout":"default","site-content-layout":"default","ast-site-content-layout":"default","site-content-style":"default","site-sidebar-style":"default","ast-global-header-display":"","ast-banner-title-visibility":"","ast-main-header-display":"","ast-hfb-above-header-display":"","ast-hfb-below-header-display":"","ast-hfb-mobile-header-display":"","site-post-title":"","ast-breadcrumbs-content":"","ast-featured-img":"","footer-sml-layout":"","ast-disable-related-posts":"","theme-transparent-header-meta":"default","adv-header-id-meta":"","stick-header-meta":"","header-above-stick-meta":"","header-main-stick-meta":"","header-below-stick-meta":"","astra-migrate-meta-layouts":"default","ast-page-background-enabled":"default","ast-page-background-meta":{"desktop":{"background-color":"","background-image":"","background-repeat":"repeat","background-position":"center center","background-size":"auto","background-attachment":"scroll","background-type":"","background-media":"","overlay-type":"","overlay-color":"","overlay-opacity":"","overlay-gradient":""},"tablet":{"background-color":"","background-image":"","background-repeat":"repeat","background-position":"center center","background-size":"auto","background-attachment":"scroll","background-type":"","background-media":"","overlay-type":"","overlay-color":"","overlay-opacity":"","overlay-gradient":""},"mobile":{"background-color":"","background-image":"","background-repeat":"repeat","background-position":"center center","background-size":"auto","background-attachment":"scroll","background-type":"","background-media":"","overlay-type":"","overlay-color":"","overlay-opacity":"","overlay-gradient":""}},"ast-content-background-meta":{"desktop":{"background-color":"var(--ast-global-color-5)","background-image":"","background-repeat":"repeat","background-position":"center center","background-size":"auto","background-attachment":"scroll","background-type":"","background-media":"","overlay-type":"","overlay-color":"","overlay-opacity":"","overlay-gradient":""},"tablet":{"background-color":"var(--ast-global-color-5)","background-image":"","background-repeat":"repeat","background-position":"center center","background-size":"auto","background-attachment":"scroll","background-type":"","background-media":"","overlay-type":"","overlay-color":"","overlay-opacity":"","overlay-gradient":""},"mobile":{"background-color":"var(--ast-global-color-5)","background-image":"","background-repeat":"repeat","background-position":"center center","background-size":"auto","background-attachment":"scroll","background-type":"","background-media":"","overlay-type":"","overlay-color":"","overlay-opacity":"","overlay-gradient":""}},"footnotes":""},"class_list":["post-109","page","type-page","status-publish","hentry"],"acf":[],"_links":{"self":[{"href":"https:\/\/www.museoemigrazioneitaliana.org\/de\/wp-json\/wp\/v2\/pages\/109","targetHints":{"allow":["GET"]}}],"collection":[{"href":"https:\/\/www.museoemigrazioneitaliana.org\/de\/wp-json\/wp\/v2\/pages"}],"about":[{"href":"https:\/\/www.museoemigrazioneitaliana.org\/de\/wp-json\/wp\/v2\/types\/page"}],"author":[{"embeddable":true,"href":"https:\/\/www.museoemigrazioneitaliana.org\/de\/wp-json\/wp\/v2\/users\/1"}],"replies":[{"embeddable":true,"href":"https:\/\/www.museoemigrazioneitaliana.org\/de\/wp-json\/wp\/v2\/comments?post=109"}],"version-history":[{"count":2,"href":"https:\/\/www.museoemigrazioneitaliana.org\/de\/wp-json\/wp\/v2\/pages\/109\/revisions"}],"predecessor-version":[{"id":3176,"href":"https:\/\/www.museoemigrazioneitaliana.org\/de\/wp-json\/wp\/v2\/pages\/109\/revisions\/3176"}],"up":[{"embeddable":true,"href":"https:\/\/www.museoemigrazioneitaliana.org\/de\/wp-json\/wp\/v2\/pages\/101"}],"wp:attachment":[{"href":"https:\/\/www.museoemigrazioneitaliana.org\/de\/wp-json\/wp\/v2\/media?parent=109"}],"curies":[{"name":"wp","href":"https:\/\/api.w.org\/{rel}","templated":true}]}}

<p>Alle Regierungen der Einwanderungsländer haben auf unterschiedliche Weise und mit unterschiedlichen Methoden Integrationsarbeit mit Ausländern geleistet. Der Mann, der allein auswanderte, dachte daran, Geld zu verdienen, um seine Familie in der Heimat zu unterstützen und seine Rückkehr zu beschleunigen, und lehnte deshalb hartnäckig jeden Kontakt mit der unbekannten Sprache, mit anderen Sitten und Gebräuchen ab, selbst mit den angenehmen, die mit der Freizeit verbunden sind. Andererseits beschleunigte die Anwesenheit der Familie die Eingewöhnung, und die Frauen übten auch einen Einfluss auf die Männer ohne Frau und Kinder aus, die in ihrem Haus verkehrten oder dort als Gäste untergebracht waren.</p>
<p>Die wirksamste Integrationspolitik der Aufnahmeländer wurde durch schulische Maßnahmen (von der Schulpflicht für Kinder bis hin zu Sprach- und allgemeinen Kulturkursen für Erwachsene) und sozialpolitische Maßnahmen erreicht, die darauf abzielten, sich die lokalen Sitten und Gebräuche schnell anzueignen.</p>
<p>Im Gegenzug erkannten auch die italienischen Regierungen, wie wichtig es war, alte und neue Generationen von Emigranten an ihr Heimatland zu binden. Crispi war der erste, der 1889 ein organisches Gesetz über italienische Schulen im Ausland verabschiedete, aber es wurden nicht genügend Mittel bereitgestellt, um die Zahl der Schulen erheblich zu erhöhen, zumindest in den Ländern, in die die Emigranten in großer Zahl strömten.</p>
<p>Ebenfalls 1889 wurde die "Dante-Alighieri-Gesellschaft" gegründet, zu deren Aufgaben die Verbreitung der italienischen Sprache und Kultur im Ausland gehörte. Die Schwachpunkte der Schulen waren, kurz gesagt, die Gegensätze zwischen weltlichen und konfessionellen Schulen - die auch durch das Konkordat zwischen dem italienischen Staat und dem Vatikan von 1929 nicht beseitigt wurden - und ihre Finanzierung, die chronisch unzureichend blieb.</p>
					<ul id="menu-la-vita-sociale"><li id="menu-item-424"><a href="https://www.museoemigrazioneitaliana.org/de/gesellschaftliches-leben/">Soziales Leben</a>
<ul>
	<li id="menu-item-428"><a href="https://www.museoemigrazioneitaliana.org/de/gesellschaftliches-leben/klein-italien-und-la-dolce-casa/">Die "kleinen Italiener" und la dolce casa</a></li>
	<li id="menu-item-426"><a href="https://www.museoemigrazioneitaliana.org/de/gesellschaftliches-leben/stadtgrunder-und-kolonisatoren/">Stadtgründer und Kolonisatoren</a></li>
	<li id="menu-item-425"><a href="https://www.museoemigrazioneitaliana.org/de/gesellschaftliches-leben/teambildende-masnahmen/">Gruppierung</a></li>
	<li id="menu-item-427"><a href="https://www.museoemigrazioneitaliana.org/de/gesellschaftliches-leben/die-schule-zwischen-zwei-welten/">Die Schule zwischen zwei Welten</a></li>
	<li id="menu-item-429"><a href="https://www.museoemigrazioneitaliana.org/de/gesellschaftliches-leben/geschichten-von-intoleranz/">Geschichten von Intoleranz</a></li>
	<li id="menu-item-430"><a href="https://www.museoemigrazioneitaliana.org/de/gesellschaftliches-leben/auf-dem-weg-zu-einer-komplexen-identitat/">Auf dem Weg zu einer komplexen Identität</a></li>
</ul>
</li>
</ul>
